{"id":14445,"date":"2019-12-13T14:27:50","date_gmt":"2019-12-13T13:27:50","guid":{"rendered":"https:\/\/www.heddata.se\/webbutik\/?post_type=product&#038;p=14445"},"modified":"2026-05-15T18:40:49","modified_gmt":"2026-05-15T16:40:49","slug":"samsung-galaxy-s10-128gb-6-1-4g-svart","status":"publish","type":"product","link":"https:\/\/www.heddata.se\/webbutik\/produkt\/samsung-galaxy-s10-128gb-6-1-4g-svart\/","title":{"rendered":"Samsung Galaxy S10 128GB 6.1&#8243; 4G Svart"},"content":{"rendered":"<p>Samsung Galaxy S10 128GB.<\/p>\n<p>Intelligent prestanda k\u00e4nner igen m\u00f6nster i ditt mobila beteende och optimerar anv\u00e4ndningen baserat p\u00e5 dem. Kan \u00e4ven f\u00f6ruts\u00e4ga framtida beteende och laddar ofta anv\u00e4nda appar i f\u00f6rv\u00e4g. Bixby Routines l\u00e4r dig fr\u00e5n ditt s\u00e4tt och st\u00e4nger bakgrundsappar f\u00f6r att optimera kraften och inbjuder dig att automatisera dagliga ritualer som att l\u00e4mna huset, arbeta och sova.<\/p>\n<p>Den smarta kameran hj\u00e4lper dig till makal\u00f6sa foton genom att f\u00f6resl\u00e5 bildkompositioner och automatiskt anpassa inst\u00e4llningarna efter milj\u00f6n du befinner dig i.<\/p>\n<p>Med tr\u00e5dl\u00f6s <a href=\"https:\/\/www.heddata.se\/webbutik\/batterier\/\">batteri<\/a>delning kan du dela med dig av din laddning till andra enheter. Och tack vare Fast Wireless Charging 2.0 kan ditt batteri nu komma upp i 100 % \u00e4nnu snabbare.<\/p>\n<ul class=\"productcard-summary-attributes\">\n<li class=\"productcard-summary-attributes-item\">Android 9.0 Pie<\/li>\n<li class=\"productcard-summary-attributes-item\">4G<\/li>\n<li class=\"productcard-summary-attributes-item\">6.1 tum<\/li>\n<li class=\"productcard-summary-attributes-item\">128 GB<\/li>\n<li class=\"productcard-summary-attributes-item\">Prismasvart<\/li>\n<li><a href=\"https:\/\/www.samsung.com\/se\/\" target=\"_blank\" rel=\"noopener noreferrer\">Samsung<\/a> Galaxy S10 128GB.<\/li>\n<\/ul>\n","protected":false},"excerpt":{"rendered":"<p>Samsung Galaxy S10 128GB<\/p>\n","protected":false},"featured_media":16339,"template":"","meta":[],"product_brand":[],"product_cat":[106,6009,103,63],"product_tag":[6007,191,6008],"class_list":{"0":"post-14445","1":"product","2":"type-product","3":"status-publish","4":"has-post-thumbnail","6":"product_cat-mobiltelefoner","7":"product_cat-mobiltelefoner-touch","8":"product_cat-telefoner","9":"product_cat-telefoner-surfplattor","10":"product_tag-mobiltelefon-touch","11":"product_tag-samsung-galaxy","12":"product_tag-samsung-mobiltelefon","14":"first","15":"outofstock","16":"taxable","17":"shipping-taxable","18":"product-type-simple"},"yoast_head":"<!-- This site is optimized with the Yoast SEO Premium plugin v26.7 (Yoast SEO v26.7) - https:\/\/yoast.com\/wordpress\/plugins\/seo\/ -->\n<title>Samsung Galaxy S10 128GB 6.1&quot; 4G Svart | SM-G973FZKDNEE<\/title>\n<meta name=\"description\" content=\"Samsung Galaxy S10 128GB.Intelligent prestanda k\u00e4nner igen m\u00f6nster i ditt mobila beteende och optimerar anv\u00e4ndningen baserat p\u00e5 dem\" \/>\n<meta name=\"robots\" content=\"index, follow, max-snippet:-1, max-image-preview:large, max-video-preview:-1\" \/>\n<link rel=\"canonical\" href=\"https:\/\/www.heddata.se\/webbutik\/produkt\/samsung-galaxy-s10-128gb-6-1-4g-svart\/\" \/>\n<meta property=\"og:locale\" content=\"sv_SE\" \/>\n<meta property=\"og:type\" content=\"article\" \/>\n<meta property=\"og:title\" content=\"Samsung Galaxy S10 128GB 6.1&quot; 4G Svart\" \/>\n<meta property=\"og:description\" content=\"Samsung Galaxy S10 128GB.Intelligent prestanda k\u00e4nner igen m\u00f6nster i ditt mobila beteende och optimerar anv\u00e4ndningen baserat p\u00e5 dem\" \/>\n<meta property=\"og:url\" content=\"https:\/\/www.heddata.se\/webbutik\/produkt\/samsung-galaxy-s10-128gb-6-1-4g-svart\/\" \/>\n<meta property=\"og:site_name\" content=\"Datorer, Skrivare, F\u00e4rgpatroner, Mobiltelefoner\" \/>\n<meta property=\"article:modified_time\" content=\"2026-05-15T16:40:49+00:00\" \/>\n<meta property=\"og:image\" content=\"https:\/\/www.heddata.se\/webbutik\/wp-content\/uploads\/webbutik\/kategorier\/mobiltelefoner-surfplattor\/samsung_s10_SM-G973FZKDNEE_002.jpg\" \/>\n\t<meta property=\"og:image:width\" content=\"1200\" \/>\n\t<meta property=\"og:image:height\" content=\"1200\" \/>\n\t<meta property=\"og:image:type\" content=\"image\/jpeg\" \/>\n<meta name=\"twitter:card\" content=\"summary_large_image\" \/>\n<meta name=\"twitter:label1\" content=\"Ber\u00e4knad l\u00e4stid\" \/>\n\t<meta name=\"twitter:data1\" content=\"1 minut\" \/>\n<script type=\"application\/ld+json\" class=\"yoast-schema-graph\">{\"@context\":\"https:\/\/schema.org\",\"@graph\":[{\"@type\":\"WebPage\",\"@id\":\"https:\/\/www.heddata.se\/webbutik\/produkt\/samsung-galaxy-s10-128gb-6-1-4g-svart\/\",\"url\":\"https:\/\/www.heddata.se\/webbutik\/produkt\/samsung-galaxy-s10-128gb-6-1-4g-svart\/\",\"name\":\"Samsung Galaxy S10 128GB 6.1\\\" 4G Svart | SM-G973FZKDNEE\",\"isPartOf\":{\"@id\":\"https:\/\/www.heddata.se\/webbutik\/#website\"},\"primaryImageOfPage\":{\"@id\":\"https:\/\/www.heddata.se\/webbutik\/produkt\/samsung-galaxy-s10-128gb-6-1-4g-svart\/#primaryimage\"},\"image\":{\"@id\":\"https:\/\/www.heddata.se\/webbutik\/produkt\/samsung-galaxy-s10-128gb-6-1-4g-svart\/#primaryimage\"},\"thumbnailUrl\":\"https:\/\/www.heddata.se\/webbutik\/wp-content\/uploads\/webbutik\/kategorier\/mobiltelefoner-surfplattor\/samsung_s10_SM-G973FZKDNEE_002.jpg\",\"datePublished\":\"2019-12-13T13:27:50+00:00\",\"dateModified\":\"2026-05-15T16:40:49+00:00\",\"description\":\"Samsung Galaxy S10 128GB.Intelligent prestanda k\u00e4nner igen m\u00f6nster i ditt mobila beteende och optimerar anv\u00e4ndningen baserat p\u00e5 dem\",\"breadcrumb\":{\"@id\":\"https:\/\/www.heddata.se\/webbutik\/produkt\/samsung-galaxy-s10-128gb-6-1-4g-svart\/#breadcrumb\"},\"inLanguage\":\"sv-SE\",\"potentialAction\":[{\"@type\":\"ReadAction\",\"target\":[\"https:\/\/www.heddata.se\/webbutik\/produkt\/samsung-galaxy-s10-128gb-6-1-4g-svart\/\"]}]},{\"@type\":\"ImageObject\",\"inLanguage\":\"sv-SE\",\"@id\":\"https:\/\/www.heddata.se\/webbutik\/produkt\/samsung-galaxy-s10-128gb-6-1-4g-svart\/#primaryimage\",\"url\":\"https:\/\/www.heddata.se\/webbutik\/wp-content\/uploads\/webbutik\/kategorier\/mobiltelefoner-surfplattor\/samsung_s10_SM-G973FZKDNEE_002.jpg\",\"contentUrl\":\"https:\/\/www.heddata.se\/webbutik\/wp-content\/uploads\/webbutik\/kategorier\/mobiltelefoner-surfplattor\/samsung_s10_SM-G973FZKDNEE_002.jpg\",\"width\":1200,\"height\":1200,\"caption\":\"Samsung Galaxy S10 128GB 6.1\\\" 4G Svart\"},{\"@type\":\"BreadcrumbList\",\"@id\":\"https:\/\/www.heddata.se\/webbutik\/produkt\/samsung-galaxy-s10-128gb-6-1-4g-svart\/#breadcrumb\",\"itemListElement\":[{\"@type\":\"ListItem\",\"position\":1,\"name\":\"Hem\",\"item\":\"https:\/\/www.heddata.se\/webbutik\/\"},{\"@type\":\"ListItem\",\"position\":2,\"name\":\"Produkter\",\"item\":\"https:\/\/www.heddata.se\/webbutik\/shop\/\"},{\"@type\":\"ListItem\",\"position\":3,\"name\":\"Samsung Galaxy S10 128GB 6.1&#8243; 4G Svart\"}]},{\"@type\":\"WebSite\",\"@id\":\"https:\/\/www.heddata.se\/webbutik\/#website\",\"url\":\"https:\/\/www.heddata.se\/webbutik\/\",\"name\":\"Datorer, Skrivare, F\u00e4rgpatroner, Mobiltelefoner\",\"description\":\"Kablar\",\"publisher\":{\"@id\":\"https:\/\/www.heddata.se\/webbutik\/#organization\"},\"potentialAction\":[{\"@type\":\"SearchAction\",\"target\":{\"@type\":\"EntryPoint\",\"urlTemplate\":\"https:\/\/www.heddata.se\/webbutik\/?s={search_term_string}\"},\"query-input\":{\"@type\":\"PropertyValueSpecification\",\"valueRequired\":true,\"valueName\":\"search_term_string\"}}],\"inLanguage\":\"sv-SE\"},{\"@type\":\"Organization\",\"@id\":\"https:\/\/www.heddata.se\/webbutik\/#organization\",\"name\":\"Heddata AB\",\"url\":\"https:\/\/www.heddata.se\/webbutik\/\",\"logo\":{\"@type\":\"ImageObject\",\"inLanguage\":\"sv-SE\",\"@id\":\"https:\/\/www.heddata.se\/webbutik\/#\/schema\/logo\/image\/\",\"url\":\"https:\/\/www.heddata.se\/webbutik\/wp-content\/uploads\/logga\/heddata-ab-logga.png\",\"contentUrl\":\"https:\/\/www.heddata.se\/webbutik\/wp-content\/uploads\/logga\/heddata-ab-logga.png\",\"width\":200,\"height\":64,\"caption\":\"Heddata AB\"},\"image\":{\"@id\":\"https:\/\/www.heddata.se\/webbutik\/#\/schema\/logo\/image\/\"}}]}<\/script>\n<!-- \/ Yoast SEO Premium plugin. -->","yoast_head_json":{"title":"Samsung Galaxy S10 128GB 6.1\" 4G Svart | SM-G973FZKDNEE","description":"Samsung Galaxy S10 128GB.Intelligent prestanda k\u00e4nner igen m\u00f6nster i ditt mobila beteende och optimerar anv\u00e4ndningen baserat p\u00e5 dem","robots":{"index":"index","follow":"follow","max-snippet":"max-snippet:-1","max-image-preview":"max-image-preview:large","max-video-preview":"max-video-preview:-1"},"canonical":"https:\/\/www.heddata.se\/webbutik\/produkt\/samsung-galaxy-s10-128gb-6-1-4g-svart\/","og_locale":"sv_SE","og_type":"article","og_title":"Samsung Galaxy S10 128GB 6.1\" 4G Svart","og_description":"Samsung Galaxy S10 128GB.Intelligent prestanda k\u00e4nner igen m\u00f6nster i ditt mobila beteende och optimerar anv\u00e4ndningen baserat p\u00e5 dem","og_url":"https:\/\/www.heddata.se\/webbutik\/produkt\/samsung-galaxy-s10-128gb-6-1-4g-svart\/","og_site_name":"Datorer, Skrivare, F\u00e4rgpatroner, Mobiltelefoner","article_modified_time":"2026-05-15T16:40:49+00:00","og_image":[{"width":1200,"height":1200,"url":"https:\/\/www.heddata.se\/webbutik\/wp-content\/uploads\/webbutik\/kategorier\/mobiltelefoner-surfplattor\/samsung_s10_SM-G973FZKDNEE_002.jpg","type":"image\/jpeg"}],"twitter_card":"summary_large_image","twitter_misc":{"Ber\u00e4knad l\u00e4stid":"1 minut"},"schema":{"@context":"https:\/\/schema.org","@graph":[{"@type":"WebPage","@id":"https:\/\/www.heddata.se\/webbutik\/produkt\/samsung-galaxy-s10-128gb-6-1-4g-svart\/","url":"https:\/\/www.heddata.se\/webbutik\/produkt\/samsung-galaxy-s10-128gb-6-1-4g-svart\/","name":"Samsung Galaxy S10 128GB 6.1\" 4G Svart | SM-G973FZKDNEE","isPartOf":{"@id":"https:\/\/www.heddata.se\/webbutik\/#website"},"primaryImageOfPage":{"@id":"https:\/\/www.heddata.se\/webbutik\/produkt\/samsung-galaxy-s10-128gb-6-1-4g-svart\/#primaryimage"},"image":{"@id":"https:\/\/www.heddata.se\/webbutik\/produkt\/samsung-galaxy-s10-128gb-6-1-4g-svart\/#primaryimage"},"thumbnailUrl":"https:\/\/www.heddata.se\/webbutik\/wp-content\/uploads\/webbutik\/kategorier\/mobiltelefoner-surfplattor\/samsung_s10_SM-G973FZKDNEE_002.jpg","datePublished":"2019-12-13T13:27:50+00:00","dateModified":"2026-05-15T16:40:49+00:00","description":"Samsung Galaxy S10 128GB.Intelligent prestanda k\u00e4nner igen m\u00f6nster i ditt mobila beteende och optimerar anv\u00e4ndningen baserat p\u00e5 dem","breadcrumb":{"@id":"https:\/\/www.heddata.se\/webbutik\/produkt\/samsung-galaxy-s10-128gb-6-1-4g-svart\/#breadcrumb"},"inLanguage":"sv-SE","potentialAction":[{"@type":"ReadAction","target":["https:\/\/www.heddata.se\/webbutik\/produkt\/samsung-galaxy-s10-128gb-6-1-4g-svart\/"]}]},{"@type":"ImageObject","inLanguage":"sv-SE","@id":"https:\/\/www.heddata.se\/webbutik\/produkt\/samsung-galaxy-s10-128gb-6-1-4g-svart\/#primaryimage","url":"https:\/\/www.heddata.se\/webbutik\/wp-content\/uploads\/webbutik\/kategorier\/mobiltelefoner-surfplattor\/samsung_s10_SM-G973FZKDNEE_002.jpg","contentUrl":"https:\/\/www.heddata.se\/webbutik\/wp-content\/uploads\/webbutik\/kategorier\/mobiltelefoner-surfplattor\/samsung_s10_SM-G973FZKDNEE_002.jpg","width":1200,"height":1200,"caption":"Samsung Galaxy S10 128GB 6.1\" 4G Svart"},{"@type":"BreadcrumbList","@id":"https:\/\/www.heddata.se\/webbutik\/produkt\/samsung-galaxy-s10-128gb-6-1-4g-svart\/#breadcrumb","itemListElement":[{"@type":"ListItem","position":1,"name":"Hem","item":"https:\/\/www.heddata.se\/webbutik\/"},{"@type":"ListItem","position":2,"name":"Produkter","item":"https:\/\/www.heddata.se\/webbutik\/shop\/"},{"@type":"ListItem","position":3,"name":"Samsung Galaxy S10 128GB 6.1&#8243; 4G Svart"}]},{"@type":"WebSite","@id":"https:\/\/www.heddata.se\/webbutik\/#website","url":"https:\/\/www.heddata.se\/webbutik\/","name":"Datorer, Skrivare, F\u00e4rgpatroner, Mobiltelefoner","description":"Kablar","publisher":{"@id":"https:\/\/www.heddata.se\/webbutik\/#organization"},"potentialAction":[{"@type":"SearchAction","target":{"@type":"EntryPoint","urlTemplate":"https:\/\/www.heddata.se\/webbutik\/?s={search_term_string}"},"query-input":{"@type":"PropertyValueSpecification","valueRequired":true,"valueName":"search_term_string"}}],"inLanguage":"sv-SE"},{"@type":"Organization","@id":"https:\/\/www.heddata.se\/webbutik\/#organization","name":"Heddata AB","url":"https:\/\/www.heddata.se\/webbutik\/","logo":{"@type":"ImageObject","inLanguage":"sv-SE","@id":"https:\/\/www.heddata.se\/webbutik\/#\/schema\/logo\/image\/","url":"https:\/\/www.heddata.se\/webbutik\/wp-content\/uploads\/logga\/heddata-ab-logga.png","contentUrl":"https:\/\/www.heddata.se\/webbutik\/wp-content\/uploads\/logga\/heddata-ab-logga.png","width":200,"height":64,"caption":"Heddata AB"},"image":{"@id":"https:\/\/www.heddata.se\/webbutik\/#\/schema\/logo\/image\/"}}]}},"_links":{"self":[{"href":"https:\/\/www.heddata.se\/webbutik\/wp-json\/wp\/v2\/product\/14445","targetHints":{"allow":["GET"]}}],"collection":[{"href":"https:\/\/www.heddata.se\/webbutik\/wp-json\/wp\/v2\/product"}],"about":[{"href":"https:\/\/www.heddata.se\/webbutik\/wp-json\/wp\/v2\/types\/product"}],"wp:featuredmedia":[{"embeddable":true,"href":"https:\/\/www.heddata.se\/webbutik\/wp-json\/wp\/v2\/media\/16339"}],"wp:attachment":[{"href":"https:\/\/www.heddata.se\/webbutik\/wp-json\/wp\/v2\/media?parent=14445"}],"wp:term":[{"taxonomy":"product_brand","embeddable":true,"href":"https:\/\/www.heddata.se\/webbutik\/wp-json\/wp\/v2\/product_brand?post=14445"},{"taxonomy":"product_cat","embeddable":true,"href":"https:\/\/www.heddata.se\/webbutik\/wp-json\/wp\/v2\/product_cat?post=14445"},{"taxonomy":"product_tag","embeddable":true,"href":"https:\/\/www.heddata.se\/webbutik\/wp-json\/wp\/v2\/product_tag?post=14445"}],"curies":[{"name":"wp","href":"https:\/\/api.w.org\/{rel}","templated":true}]}}