{"id":10916,"date":"2019-12-03T13:46:18","date_gmt":"2019-12-03T12:46:18","guid":{"rendered":"https:\/\/www.heddata.se\/webbutik\/?post_type=product&#038;p=10916"},"modified":"2026-04-21T10:08:01","modified_gmt":"2026-04-21T08:08:01","slug":"orange-3-5mm-stereo-ljudkabel-1-00-m","status":"publish","type":"product","link":"https:\/\/www.heddata.se\/webbutik\/produkt\/orange-3-5mm-stereo-ljudkabel-1-00-m\/","title":{"rendered":"Orange 3.5mm stereo ljudkabel 1.00 m"},"content":{"rendered":"<p>Orange 3.5mm stereo ljudkabel. Denna 3.5 mm hane till 3.5 mm hane stereoljudkabel \u00e4r utrustad med med en CCA-k\u00e4rna. <a href=\"https:\/\/www.heddata.se\/webbutik\/telefontillbehor\/telefonladdare\/kablar\/\">Kabeln<\/a> \u00e4r 1m l\u00e5ng.<\/p>\n<p><a href=\"https:\/\/nedis.se\/sv-se\" target=\"_blank\" rel=\"noopener noreferrer\">Nedis<\/a><\/p>\n","protected":false},"excerpt":{"rendered":"<p>Orange 3.5mm stereo ljudkabel<\/p>\n","protected":false},"featured_media":16428,"template":"","meta":[],"product_brand":[],"product_cat":[59,73],"product_tag":[],"class_list":{"0":"post-10916","1":"product","2":"type-product","3":"status-publish","4":"has-post-thumbnail","6":"product_cat-kablar","7":"product_cat-ljudkablar","9":"first","10":"outofstock","11":"taxable","12":"shipping-taxable","13":"product-type-simple"},"yoast_head":"<!-- This site is optimized with the Yoast SEO Premium plugin v26.7 (Yoast SEO v26.7) - https:\/\/yoast.com\/wordpress\/plugins\/seo\/ -->\n<title>Orange 3.5mm stereo ljudkabel 1.00 m | 3.5mm Ljudkabel<\/title>\n<meta name=\"description\" content=\"Orange 3.5mm stereo ljudkabel. Denna 3.5 mm hane till 3.5 mm hane stereoljudkabel \u00e4r utrustad med med en CCA-k\u00e4rna. Kabeln \u00e4r 1m l\u00e5ng.\" \/>\n<meta name=\"robots\" content=\"index, follow, max-snippet:-1, max-image-preview:large, max-video-preview:-1\" \/>\n<link rel=\"canonical\" href=\"https:\/\/www.heddata.se\/webbutik\/produkt\/orange-3-5mm-stereo-ljudkabel-1-00-m\/\" \/>\n<meta property=\"og:locale\" content=\"sv_SE\" \/>\n<meta property=\"og:type\" content=\"article\" \/>\n<meta property=\"og:title\" content=\"Orange 3.5mm stereo ljudkabel 1.00 m\" \/>\n<meta property=\"og:description\" content=\"Orange 3.5mm stereo ljudkabel. Denna 3.5 mm hane till 3.5 mm hane stereoljudkabel \u00e4r utrustad med med en CCA-k\u00e4rna. Kabeln \u00e4r 1m l\u00e5ng.\" \/>\n<meta property=\"og:url\" content=\"https:\/\/www.heddata.se\/webbutik\/produkt\/orange-3-5mm-stereo-ljudkabel-1-00-m\/\" \/>\n<meta property=\"og:site_name\" content=\"Datorer, Skrivare, F\u00e4rgpatroner, Mobiltelefoner\" \/>\n<meta property=\"article:modified_time\" content=\"2026-04-21T08:08:01+00:00\" \/>\n<meta property=\"og:image\" content=\"https:\/\/www.heddata.se\/webbutik\/wp-content\/uploads\/Kablar\/Orange-3.5mm-stereo-ljudkabel-1.00-m-scaled.jpg\" \/>\n\t<meta property=\"og:image:width\" content=\"2560\" \/>\n\t<meta property=\"og:image:height\" content=\"2074\" \/>\n\t<meta property=\"og:image:type\" content=\"image\/jpeg\" \/>\n<meta name=\"twitter:card\" content=\"summary_large_image\" \/>\n<script type=\"application\/ld+json\" class=\"yoast-schema-graph\">{\"@context\":\"https:\/\/schema.org\",\"@graph\":[{\"@type\":\"WebPage\",\"@id\":\"https:\/\/www.heddata.se\/webbutik\/produkt\/orange-3-5mm-stereo-ljudkabel-1-00-m\/\",\"url\":\"https:\/\/www.heddata.se\/webbutik\/produkt\/orange-3-5mm-stereo-ljudkabel-1-00-m\/\",\"name\":\"Orange 3.5mm stereo ljudkabel 1.00 m | 3.5mm Ljudkabel\",\"isPartOf\":{\"@id\":\"https:\/\/www.heddata.se\/webbutik\/#website\"},\"primaryImageOfPage\":{\"@id\":\"https:\/\/www.heddata.se\/webbutik\/produkt\/orange-3-5mm-stereo-ljudkabel-1-00-m\/#primaryimage\"},\"image\":{\"@id\":\"https:\/\/www.heddata.se\/webbutik\/produkt\/orange-3-5mm-stereo-ljudkabel-1-00-m\/#primaryimage\"},\"thumbnailUrl\":\"https:\/\/www.heddata.se\/webbutik\/wp-content\/uploads\/Kablar\/Orange-3.5mm-stereo-ljudkabel-1.00-m-scaled.jpg\",\"datePublished\":\"2019-12-03T12:46:18+00:00\",\"dateModified\":\"2026-04-21T08:08:01+00:00\",\"description\":\"Orange 3.5mm stereo ljudkabel. Denna 3.5 mm hane till 3.5 mm hane stereoljudkabel \u00e4r utrustad med med en CCA-k\u00e4rna. Kabeln \u00e4r 1m l\u00e5ng.\",\"breadcrumb\":{\"@id\":\"https:\/\/www.heddata.se\/webbutik\/produkt\/orange-3-5mm-stereo-ljudkabel-1-00-m\/#breadcrumb\"},\"inLanguage\":\"sv-SE\",\"potentialAction\":[{\"@type\":\"ReadAction\",\"target\":[\"https:\/\/www.heddata.se\/webbutik\/produkt\/orange-3-5mm-stereo-ljudkabel-1-00-m\/\"]}]},{\"@type\":\"ImageObject\",\"inLanguage\":\"sv-SE\",\"@id\":\"https:\/\/www.heddata.se\/webbutik\/produkt\/orange-3-5mm-stereo-ljudkabel-1-00-m\/#primaryimage\",\"url\":\"https:\/\/www.heddata.se\/webbutik\/wp-content\/uploads\/Kablar\/Orange-3.5mm-stereo-ljudkabel-1.00-m-scaled.jpg\",\"contentUrl\":\"https:\/\/www.heddata.se\/webbutik\/wp-content\/uploads\/Kablar\/Orange-3.5mm-stereo-ljudkabel-1.00-m-scaled.jpg\",\"width\":2560,\"height\":2074,\"caption\":\"Orange 3.5mm stereo ljudkabel 1.00 m\"},{\"@type\":\"BreadcrumbList\",\"@id\":\"https:\/\/www.heddata.se\/webbutik\/produkt\/orange-3-5mm-stereo-ljudkabel-1-00-m\/#breadcrumb\",\"itemListElement\":[{\"@type\":\"ListItem\",\"position\":1,\"name\":\"Hem\",\"item\":\"https:\/\/www.heddata.se\/webbutik\/\"},{\"@type\":\"ListItem\",\"position\":2,\"name\":\"Produkter\",\"item\":\"https:\/\/www.heddata.se\/webbutik\/shop\/\"},{\"@type\":\"ListItem\",\"position\":3,\"name\":\"Orange 3.5mm stereo ljudkabel 1.00 m\"}]},{\"@type\":\"WebSite\",\"@id\":\"https:\/\/www.heddata.se\/webbutik\/#website\",\"url\":\"https:\/\/www.heddata.se\/webbutik\/\",\"name\":\"Datorer, Skrivare, F\u00e4rgpatroner, Mobiltelefoner\",\"description\":\"Kablar\",\"publisher\":{\"@id\":\"https:\/\/www.heddata.se\/webbutik\/#organization\"},\"potentialAction\":[{\"@type\":\"SearchAction\",\"target\":{\"@type\":\"EntryPoint\",\"urlTemplate\":\"https:\/\/www.heddata.se\/webbutik\/?s={search_term_string}\"},\"query-input\":{\"@type\":\"PropertyValueSpecification\",\"valueRequired\":true,\"valueName\":\"search_term_string\"}}],\"inLanguage\":\"sv-SE\"},{\"@type\":\"Organization\",\"@id\":\"https:\/\/www.heddata.se\/webbutik\/#organization\",\"name\":\"Heddata AB\",\"url\":\"https:\/\/www.heddata.se\/webbutik\/\",\"logo\":{\"@type\":\"ImageObject\",\"inLanguage\":\"sv-SE\",\"@id\":\"https:\/\/www.heddata.se\/webbutik\/#\/schema\/logo\/image\/\",\"url\":\"https:\/\/www.heddata.se\/webbutik\/wp-content\/uploads\/logga\/heddata-ab-logga.png\",\"contentUrl\":\"https:\/\/www.heddata.se\/webbutik\/wp-content\/uploads\/logga\/heddata-ab-logga.png\",\"width\":200,\"height\":64,\"caption\":\"Heddata AB\"},\"image\":{\"@id\":\"https:\/\/www.heddata.se\/webbutik\/#\/schema\/logo\/image\/\"}}]}<\/script>\n<!-- \/ Yoast SEO Premium plugin. -->","yoast_head_json":{"title":"Orange 3.5mm stereo ljudkabel 1.00 m | 3.5mm Ljudkabel","description":"Orange 3.5mm stereo ljudkabel. Denna 3.5 mm hane till 3.5 mm hane stereoljudkabel \u00e4r utrustad med med en CCA-k\u00e4rna. Kabeln \u00e4r 1m l\u00e5ng.","robots":{"index":"index","follow":"follow","max-snippet":"max-snippet:-1","max-image-preview":"max-image-preview:large","max-video-preview":"max-video-preview:-1"},"canonical":"https:\/\/www.heddata.se\/webbutik\/produkt\/orange-3-5mm-stereo-ljudkabel-1-00-m\/","og_locale":"sv_SE","og_type":"article","og_title":"Orange 3.5mm stereo ljudkabel 1.00 m","og_description":"Orange 3.5mm stereo ljudkabel. Denna 3.5 mm hane till 3.5 mm hane stereoljudkabel \u00e4r utrustad med med en CCA-k\u00e4rna. Kabeln \u00e4r 1m l\u00e5ng.","og_url":"https:\/\/www.heddata.se\/webbutik\/produkt\/orange-3-5mm-stereo-ljudkabel-1-00-m\/","og_site_name":"Datorer, Skrivare, F\u00e4rgpatroner, Mobiltelefoner","article_modified_time":"2026-04-21T08:08:01+00:00","og_image":[{"width":2560,"height":2074,"url":"https:\/\/www.heddata.se\/webbutik\/wp-content\/uploads\/Kablar\/Orange-3.5mm-stereo-ljudkabel-1.00-m-scaled.jpg","type":"image\/jpeg"}],"twitter_card":"summary_large_image","schema":{"@context":"https:\/\/schema.org","@graph":[{"@type":"WebPage","@id":"https:\/\/www.heddata.se\/webbutik\/produkt\/orange-3-5mm-stereo-ljudkabel-1-00-m\/","url":"https:\/\/www.heddata.se\/webbutik\/produkt\/orange-3-5mm-stereo-ljudkabel-1-00-m\/","name":"Orange 3.5mm stereo ljudkabel 1.00 m | 3.5mm Ljudkabel","isPartOf":{"@id":"https:\/\/www.heddata.se\/webbutik\/#website"},"primaryImageOfPage":{"@id":"https:\/\/www.heddata.se\/webbutik\/produkt\/orange-3-5mm-stereo-ljudkabel-1-00-m\/#primaryimage"},"image":{"@id":"https:\/\/www.heddata.se\/webbutik\/produkt\/orange-3-5mm-stereo-ljudkabel-1-00-m\/#primaryimage"},"thumbnailUrl":"https:\/\/www.heddata.se\/webbutik\/wp-content\/uploads\/Kablar\/Orange-3.5mm-stereo-ljudkabel-1.00-m-scaled.jpg","datePublished":"2019-12-03T12:46:18+00:00","dateModified":"2026-04-21T08:08:01+00:00","description":"Orange 3.5mm stereo ljudkabel. Denna 3.5 mm hane till 3.5 mm hane stereoljudkabel \u00e4r utrustad med med en CCA-k\u00e4rna. Kabeln \u00e4r 1m l\u00e5ng.","breadcrumb":{"@id":"https:\/\/www.heddata.se\/webbutik\/produkt\/orange-3-5mm-stereo-ljudkabel-1-00-m\/#breadcrumb"},"inLanguage":"sv-SE","potentialAction":[{"@type":"ReadAction","target":["https:\/\/www.heddata.se\/webbutik\/produkt\/orange-3-5mm-stereo-ljudkabel-1-00-m\/"]}]},{"@type":"ImageObject","inLanguage":"sv-SE","@id":"https:\/\/www.heddata.se\/webbutik\/produkt\/orange-3-5mm-stereo-ljudkabel-1-00-m\/#primaryimage","url":"https:\/\/www.heddata.se\/webbutik\/wp-content\/uploads\/Kablar\/Orange-3.5mm-stereo-ljudkabel-1.00-m-scaled.jpg","contentUrl":"https:\/\/www.heddata.se\/webbutik\/wp-content\/uploads\/Kablar\/Orange-3.5mm-stereo-ljudkabel-1.00-m-scaled.jpg","width":2560,"height":2074,"caption":"Orange 3.5mm stereo ljudkabel 1.00 m"},{"@type":"BreadcrumbList","@id":"https:\/\/www.heddata.se\/webbutik\/produkt\/orange-3-5mm-stereo-ljudkabel-1-00-m\/#breadcrumb","itemListElement":[{"@type":"ListItem","position":1,"name":"Hem","item":"https:\/\/www.heddata.se\/webbutik\/"},{"@type":"ListItem","position":2,"name":"Produkter","item":"https:\/\/www.heddata.se\/webbutik\/shop\/"},{"@type":"ListItem","position":3,"name":"Orange 3.5mm stereo ljudkabel 1.00 m"}]},{"@type":"WebSite","@id":"https:\/\/www.heddata.se\/webbutik\/#website","url":"https:\/\/www.heddata.se\/webbutik\/","name":"Datorer, Skrivare, F\u00e4rgpatroner, Mobiltelefoner","description":"Kablar","publisher":{"@id":"https:\/\/www.heddata.se\/webbutik\/#organization"},"potentialAction":[{"@type":"SearchAction","target":{"@type":"EntryPoint","urlTemplate":"https:\/\/www.heddata.se\/webbutik\/?s={search_term_string}"},"query-input":{"@type":"PropertyValueSpecification","valueRequired":true,"valueName":"search_term_string"}}],"inLanguage":"sv-SE"},{"@type":"Organization","@id":"https:\/\/www.heddata.se\/webbutik\/#organization","name":"Heddata AB","url":"https:\/\/www.heddata.se\/webbutik\/","logo":{"@type":"ImageObject","inLanguage":"sv-SE","@id":"https:\/\/www.heddata.se\/webbutik\/#\/schema\/logo\/image\/","url":"https:\/\/www.heddata.se\/webbutik\/wp-content\/uploads\/logga\/heddata-ab-logga.png","contentUrl":"https:\/\/www.heddata.se\/webbutik\/wp-content\/uploads\/logga\/heddata-ab-logga.png","width":200,"height":64,"caption":"Heddata AB"},"image":{"@id":"https:\/\/www.heddata.se\/webbutik\/#\/schema\/logo\/image\/"}}]}},"_links":{"self":[{"href":"https:\/\/www.heddata.se\/webbutik\/wp-json\/wp\/v2\/product\/10916","targetHints":{"allow":["GET"]}}],"collection":[{"href":"https:\/\/www.heddata.se\/webbutik\/wp-json\/wp\/v2\/product"}],"about":[{"href":"https:\/\/www.heddata.se\/webbutik\/wp-json\/wp\/v2\/types\/product"}],"wp:featuredmedia":[{"embeddable":true,"href":"https:\/\/www.heddata.se\/webbutik\/wp-json\/wp\/v2\/media\/16428"}],"wp:attachment":[{"href":"https:\/\/www.heddata.se\/webbutik\/wp-json\/wp\/v2\/media?parent=10916"}],"wp:term":[{"taxonomy":"product_brand","embeddable":true,"href":"https:\/\/www.heddata.se\/webbutik\/wp-json\/wp\/v2\/product_brand?post=10916"},{"taxonomy":"product_cat","embeddable":true,"href":"https:\/\/www.heddata.se\/webbutik\/wp-json\/wp\/v2\/product_cat?post=10916"},{"taxonomy":"product_tag","embeddable":true,"href":"https:\/\/www.heddata.se\/webbutik\/wp-json\/wp\/v2\/product_tag?post=10916"}],"curies":[{"name":"wp","href":"https:\/\/api.w.org\/{rel}","templated":true}]}}