{"id":10884,"date":"2019-12-03T13:46:07","date_gmt":"2019-12-03T12:46:07","guid":{"rendered":"https:\/\/www.heddata.se\/webbutik\/?post_type=product&#038;p=10884"},"modified":"2026-04-28T17:42:28","modified_gmt":"2026-04-28T15:42:28","slug":"usb-forlangningskabel-2m-usb-a-hane-usb-a-hona","status":"publish","type":"product","link":"https:\/\/www.heddata.se\/webbutik\/produkt\/usb-forlangningskabel-2m-usb-a-hane-usb-a-hona\/","title":{"rendered":"USB 2.0 F\u00f6rl\u00e4ngningskabel 2m | USB A hane &#8211; USB A hona"},"content":{"rendered":"<p>USB F\u00f6rl\u00e4ngningskabel 2m. Den h\u00e4r <a href=\"https:\/\/www.heddata.se\/webbutik\/telefontillbehor\/telefonladdare\/kablar\/\">kabeln<\/a> \u00e4r l\u00e4mplig f\u00f6r att f\u00f6rl\u00e4nga en USB-kabel. Tillverkare: <a href=\"https:\/\/nedis.se\/sv-se\" target=\"_blank\" rel=\"noopener noreferrer\">Nedis<\/a><\/p>\n","protected":false},"excerpt":{"rendered":"<p>USB 2.0 F\u00f6rl\u00e4ngningskabel 2m<\/p>\n","protected":false},"featured_media":21988,"template":"","meta":[],"product_brand":[],"product_cat":[59,72],"product_tag":[],"class_list":{"0":"post-10884","1":"product","2":"type-product","3":"status-publish","4":"has-post-thumbnail","6":"product_cat-kablar","7":"product_cat-usb-kablar","9":"first","10":"outofstock","11":"taxable","12":"shipping-taxable","13":"product-type-simple"},"yoast_head":"<!-- This site is optimized with the Yoast SEO Premium plugin v26.7 (Yoast SEO v26.7) - https:\/\/yoast.com\/wordpress\/plugins\/seo\/ -->\n<title>USB F\u00f6rl\u00e4ngningskabel 2m | USB A hane - USB A hona<\/title>\n<meta name=\"description\" content=\"USB F\u00f6rl\u00e4ngningskabel 2m. Den h\u00e4r kabeln \u00e4r l\u00e4mplig f\u00f6r att f\u00f6rl\u00e4nga en USB-kabel. Tillverkare: Nedis\" \/>\n<meta name=\"robots\" content=\"index, follow, max-snippet:-1, max-image-preview:large, max-video-preview:-1\" \/>\n<link rel=\"canonical\" href=\"https:\/\/www.heddata.se\/webbutik\/produkt\/usb-forlangningskabel-2m-usb-a-hane-usb-a-hona\/\" \/>\n<meta property=\"og:locale\" content=\"sv_SE\" \/>\n<meta property=\"og:type\" content=\"article\" \/>\n<meta property=\"og:title\" content=\"USB 2.0 F\u00f6rl\u00e4ngningskabel 2m | USB A hane - USB A hona\" \/>\n<meta property=\"og:description\" content=\"USB F\u00f6rl\u00e4ngningskabel 2m. Den h\u00e4r kabeln \u00e4r l\u00e4mplig f\u00f6r att f\u00f6rl\u00e4nga en USB-kabel. Tillverkare: Nedis\" \/>\n<meta property=\"og:url\" content=\"https:\/\/www.heddata.se\/webbutik\/produkt\/usb-forlangningskabel-2m-usb-a-hane-usb-a-hona\/\" \/>\n<meta property=\"og:site_name\" content=\"Datorer, Skrivare, F\u00e4rgpatroner, Mobiltelefoner\" \/>\n<meta property=\"article:modified_time\" content=\"2026-04-28T15:42:28+00:00\" \/>\n<meta property=\"og:image\" content=\"https:\/\/www.heddata.se\/webbutik\/wp-content\/uploads\/webbutik\/kategorier\/kablar-adaptrar\/USB-2.0-Forlangningskabel-2m-VLCP60010B.jpg\" \/>\n\t<meta property=\"og:image:width\" content=\"1905\" \/>\n\t<meta property=\"og:image:height\" content=\"1301\" \/>\n\t<meta property=\"og:image:type\" content=\"image\/jpeg\" \/>\n<meta name=\"twitter:card\" content=\"summary_large_image\" \/>\n<script type=\"application\/ld+json\" class=\"yoast-schema-graph\">{\"@context\":\"https:\/\/schema.org\",\"@graph\":[{\"@type\":\"WebPage\",\"@id\":\"https:\/\/www.heddata.se\/webbutik\/produkt\/usb-forlangningskabel-2m-usb-a-hane-usb-a-hona\/\",\"url\":\"https:\/\/www.heddata.se\/webbutik\/produkt\/usb-forlangningskabel-2m-usb-a-hane-usb-a-hona\/\",\"name\":\"USB F\u00f6rl\u00e4ngningskabel 2m | USB A hane - USB A hona\",\"isPartOf\":{\"@id\":\"https:\/\/www.heddata.se\/webbutik\/#website\"},\"primaryImageOfPage\":{\"@id\":\"https:\/\/www.heddata.se\/webbutik\/produkt\/usb-forlangningskabel-2m-usb-a-hane-usb-a-hona\/#primaryimage\"},\"image\":{\"@id\":\"https:\/\/www.heddata.se\/webbutik\/produkt\/usb-forlangningskabel-2m-usb-a-hane-usb-a-hona\/#primaryimage\"},\"thumbnailUrl\":\"https:\/\/www.heddata.se\/webbutik\/wp-content\/uploads\/webbutik\/kategorier\/kablar-adaptrar\/USB-2.0-Forlangningskabel-2m-VLCP60010B.jpg\",\"datePublished\":\"2019-12-03T12:46:07+00:00\",\"dateModified\":\"2026-04-28T15:42:28+00:00\",\"description\":\"USB F\u00f6rl\u00e4ngningskabel 2m. Den h\u00e4r kabeln \u00e4r l\u00e4mplig f\u00f6r att f\u00f6rl\u00e4nga en USB-kabel. Tillverkare: Nedis\",\"breadcrumb\":{\"@id\":\"https:\/\/www.heddata.se\/webbutik\/produkt\/usb-forlangningskabel-2m-usb-a-hane-usb-a-hona\/#breadcrumb\"},\"inLanguage\":\"sv-SE\",\"potentialAction\":[{\"@type\":\"ReadAction\",\"target\":[\"https:\/\/www.heddata.se\/webbutik\/produkt\/usb-forlangningskabel-2m-usb-a-hane-usb-a-hona\/\"]}]},{\"@type\":\"ImageObject\",\"inLanguage\":\"sv-SE\",\"@id\":\"https:\/\/www.heddata.se\/webbutik\/produkt\/usb-forlangningskabel-2m-usb-a-hane-usb-a-hona\/#primaryimage\",\"url\":\"https:\/\/www.heddata.se\/webbutik\/wp-content\/uploads\/webbutik\/kategorier\/kablar-adaptrar\/USB-2.0-Forlangningskabel-2m-VLCP60010B.jpg\",\"contentUrl\":\"https:\/\/www.heddata.se\/webbutik\/wp-content\/uploads\/webbutik\/kategorier\/kablar-adaptrar\/USB-2.0-Forlangningskabel-2m-VLCP60010B.jpg\",\"width\":1905,\"height\":1301,\"caption\":\"USB 2.0 F\u00f6rl\u00e4ngningskabel 2m | USB A hane - USB A hona\"},{\"@type\":\"BreadcrumbList\",\"@id\":\"https:\/\/www.heddata.se\/webbutik\/produkt\/usb-forlangningskabel-2m-usb-a-hane-usb-a-hona\/#breadcrumb\",\"itemListElement\":[{\"@type\":\"ListItem\",\"position\":1,\"name\":\"Hem\",\"item\":\"https:\/\/www.heddata.se\/webbutik\/\"},{\"@type\":\"ListItem\",\"position\":2,\"name\":\"Produkter\",\"item\":\"https:\/\/www.heddata.se\/webbutik\/shop\/\"},{\"@type\":\"ListItem\",\"position\":3,\"name\":\"USB 2.0 F\u00f6rl\u00e4ngningskabel 2m | USB A hane &#8211; USB A hona\"}]},{\"@type\":\"WebSite\",\"@id\":\"https:\/\/www.heddata.se\/webbutik\/#website\",\"url\":\"https:\/\/www.heddata.se\/webbutik\/\",\"name\":\"Datorer, Skrivare, F\u00e4rgpatroner, Mobiltelefoner\",\"description\":\"Kablar\",\"publisher\":{\"@id\":\"https:\/\/www.heddata.se\/webbutik\/#organization\"},\"potentialAction\":[{\"@type\":\"SearchAction\",\"target\":{\"@type\":\"EntryPoint\",\"urlTemplate\":\"https:\/\/www.heddata.se\/webbutik\/?s={search_term_string}\"},\"query-input\":{\"@type\":\"PropertyValueSpecification\",\"valueRequired\":true,\"valueName\":\"search_term_string\"}}],\"inLanguage\":\"sv-SE\"},{\"@type\":\"Organization\",\"@id\":\"https:\/\/www.heddata.se\/webbutik\/#organization\",\"name\":\"Heddata AB\",\"url\":\"https:\/\/www.heddata.se\/webbutik\/\",\"logo\":{\"@type\":\"ImageObject\",\"inLanguage\":\"sv-SE\",\"@id\":\"https:\/\/www.heddata.se\/webbutik\/#\/schema\/logo\/image\/\",\"url\":\"https:\/\/www.heddata.se\/webbutik\/wp-content\/uploads\/logga\/heddata-ab-logga.png\",\"contentUrl\":\"https:\/\/www.heddata.se\/webbutik\/wp-content\/uploads\/logga\/heddata-ab-logga.png\",\"width\":200,\"height\":64,\"caption\":\"Heddata AB\"},\"image\":{\"@id\":\"https:\/\/www.heddata.se\/webbutik\/#\/schema\/logo\/image\/\"}}]}<\/script>\n<!-- \/ Yoast SEO Premium plugin. -->","yoast_head_json":{"title":"USB F\u00f6rl\u00e4ngningskabel 2m | USB A hane - USB A hona","description":"USB F\u00f6rl\u00e4ngningskabel 2m. Den h\u00e4r kabeln \u00e4r l\u00e4mplig f\u00f6r att f\u00f6rl\u00e4nga en USB-kabel. Tillverkare: Nedis","robots":{"index":"index","follow":"follow","max-snippet":"max-snippet:-1","max-image-preview":"max-image-preview:large","max-video-preview":"max-video-preview:-1"},"canonical":"https:\/\/www.heddata.se\/webbutik\/produkt\/usb-forlangningskabel-2m-usb-a-hane-usb-a-hona\/","og_locale":"sv_SE","og_type":"article","og_title":"USB 2.0 F\u00f6rl\u00e4ngningskabel 2m | USB A hane - USB A hona","og_description":"USB F\u00f6rl\u00e4ngningskabel 2m. Den h\u00e4r kabeln \u00e4r l\u00e4mplig f\u00f6r att f\u00f6rl\u00e4nga en USB-kabel. Tillverkare: Nedis","og_url":"https:\/\/www.heddata.se\/webbutik\/produkt\/usb-forlangningskabel-2m-usb-a-hane-usb-a-hona\/","og_site_name":"Datorer, Skrivare, F\u00e4rgpatroner, Mobiltelefoner","article_modified_time":"2026-04-28T15:42:28+00:00","og_image":[{"width":1905,"height":1301,"url":"https:\/\/www.heddata.se\/webbutik\/wp-content\/uploads\/webbutik\/kategorier\/kablar-adaptrar\/USB-2.0-Forlangningskabel-2m-VLCP60010B.jpg","type":"image\/jpeg"}],"twitter_card":"summary_large_image","schema":{"@context":"https:\/\/schema.org","@graph":[{"@type":"WebPage","@id":"https:\/\/www.heddata.se\/webbutik\/produkt\/usb-forlangningskabel-2m-usb-a-hane-usb-a-hona\/","url":"https:\/\/www.heddata.se\/webbutik\/produkt\/usb-forlangningskabel-2m-usb-a-hane-usb-a-hona\/","name":"USB F\u00f6rl\u00e4ngningskabel 2m | USB A hane - USB A hona","isPartOf":{"@id":"https:\/\/www.heddata.se\/webbutik\/#website"},"primaryImageOfPage":{"@id":"https:\/\/www.heddata.se\/webbutik\/produkt\/usb-forlangningskabel-2m-usb-a-hane-usb-a-hona\/#primaryimage"},"image":{"@id":"https:\/\/www.heddata.se\/webbutik\/produkt\/usb-forlangningskabel-2m-usb-a-hane-usb-a-hona\/#primaryimage"},"thumbnailUrl":"https:\/\/www.heddata.se\/webbutik\/wp-content\/uploads\/webbutik\/kategorier\/kablar-adaptrar\/USB-2.0-Forlangningskabel-2m-VLCP60010B.jpg","datePublished":"2019-12-03T12:46:07+00:00","dateModified":"2026-04-28T15:42:28+00:00","description":"USB F\u00f6rl\u00e4ngningskabel 2m. Den h\u00e4r kabeln \u00e4r l\u00e4mplig f\u00f6r att f\u00f6rl\u00e4nga en USB-kabel. Tillverkare: Nedis","breadcrumb":{"@id":"https:\/\/www.heddata.se\/webbutik\/produkt\/usb-forlangningskabel-2m-usb-a-hane-usb-a-hona\/#breadcrumb"},"inLanguage":"sv-SE","potentialAction":[{"@type":"ReadAction","target":["https:\/\/www.heddata.se\/webbutik\/produkt\/usb-forlangningskabel-2m-usb-a-hane-usb-a-hona\/"]}]},{"@type":"ImageObject","inLanguage":"sv-SE","@id":"https:\/\/www.heddata.se\/webbutik\/produkt\/usb-forlangningskabel-2m-usb-a-hane-usb-a-hona\/#primaryimage","url":"https:\/\/www.heddata.se\/webbutik\/wp-content\/uploads\/webbutik\/kategorier\/kablar-adaptrar\/USB-2.0-Forlangningskabel-2m-VLCP60010B.jpg","contentUrl":"https:\/\/www.heddata.se\/webbutik\/wp-content\/uploads\/webbutik\/kategorier\/kablar-adaptrar\/USB-2.0-Forlangningskabel-2m-VLCP60010B.jpg","width":1905,"height":1301,"caption":"USB 2.0 F\u00f6rl\u00e4ngningskabel 2m | USB A hane - USB A hona"},{"@type":"BreadcrumbList","@id":"https:\/\/www.heddata.se\/webbutik\/produkt\/usb-forlangningskabel-2m-usb-a-hane-usb-a-hona\/#breadcrumb","itemListElement":[{"@type":"ListItem","position":1,"name":"Hem","item":"https:\/\/www.heddata.se\/webbutik\/"},{"@type":"ListItem","position":2,"name":"Produkter","item":"https:\/\/www.heddata.se\/webbutik\/shop\/"},{"@type":"ListItem","position":3,"name":"USB 2.0 F\u00f6rl\u00e4ngningskabel 2m | USB A hane &#8211; USB A hona"}]},{"@type":"WebSite","@id":"https:\/\/www.heddata.se\/webbutik\/#website","url":"https:\/\/www.heddata.se\/webbutik\/","name":"Datorer, Skrivare, F\u00e4rgpatroner, Mobiltelefoner","description":"Kablar","publisher":{"@id":"https:\/\/www.heddata.se\/webbutik\/#organization"},"potentialAction":[{"@type":"SearchAction","target":{"@type":"EntryPoint","urlTemplate":"https:\/\/www.heddata.se\/webbutik\/?s={search_term_string}"},"query-input":{"@type":"PropertyValueSpecification","valueRequired":true,"valueName":"search_term_string"}}],"inLanguage":"sv-SE"},{"@type":"Organization","@id":"https:\/\/www.heddata.se\/webbutik\/#organization","name":"Heddata AB","url":"https:\/\/www.heddata.se\/webbutik\/","logo":{"@type":"ImageObject","inLanguage":"sv-SE","@id":"https:\/\/www.heddata.se\/webbutik\/#\/schema\/logo\/image\/","url":"https:\/\/www.heddata.se\/webbutik\/wp-content\/uploads\/logga\/heddata-ab-logga.png","contentUrl":"https:\/\/www.heddata.se\/webbutik\/wp-content\/uploads\/logga\/heddata-ab-logga.png","width":200,"height":64,"caption":"Heddata AB"},"image":{"@id":"https:\/\/www.heddata.se\/webbutik\/#\/schema\/logo\/image\/"}}]}},"_links":{"self":[{"href":"https:\/\/www.heddata.se\/webbutik\/wp-json\/wp\/v2\/product\/10884","targetHints":{"allow":["GET"]}}],"collection":[{"href":"https:\/\/www.heddata.se\/webbutik\/wp-json\/wp\/v2\/product"}],"about":[{"href":"https:\/\/www.heddata.se\/webbutik\/wp-json\/wp\/v2\/types\/product"}],"wp:featuredmedia":[{"embeddable":true,"href":"https:\/\/www.heddata.se\/webbutik\/wp-json\/wp\/v2\/media\/21988"}],"wp:attachment":[{"href":"https:\/\/www.heddata.se\/webbutik\/wp-json\/wp\/v2\/media?parent=10884"}],"wp:term":[{"taxonomy":"product_brand","embeddable":true,"href":"https:\/\/www.heddata.se\/webbutik\/wp-json\/wp\/v2\/product_brand?post=10884"},{"taxonomy":"product_cat","embeddable":true,"href":"https:\/\/www.heddata.se\/webbutik\/wp-json\/wp\/v2\/product_cat?post=10884"},{"taxonomy":"product_tag","embeddable":true,"href":"https:\/\/www.heddata.se\/webbutik\/wp-json\/wp\/v2\/product_tag?post=10884"}],"curies":[{"name":"wp","href":"https:\/\/api.w.org\/{rel}","templated":true}]}}