{"id":10745,"date":"2019-12-03T13:45:21","date_gmt":"2019-12-03T12:45:21","guid":{"rendered":"https:\/\/www.heddata.se\/webbutik\/?post_type=product&#038;p=10745"},"modified":"2026-05-06T18:09:42","modified_gmt":"2026-05-06T16:09:42","slug":"universalnatadapter-dcpa004-1-5-3-4-5-6-7-5-9-12-vdc-2-0-a","status":"publish","type":"product","link":"https:\/\/www.heddata.se\/webbutik\/produkt\/universalnatadapter-dcpa004-1-5-3-4-5-6-7-5-9-12-vdc-2-0-a\/","title":{"rendered":"Universaln\u00e4tadapter DCPA004 | 1.5\/3\/4.5\/6\/7.5\/9\/12 VDC | 2.0 A"},"content":{"rendered":"<p>Universaln\u00e4tadapter DCPA004. Universal, reglerad DC-DC str\u00f6mf\u00f6rs\u00f6rjning speciellt framtagen f\u00f6r anv\u00e4ndning i bil. Kompakt design och l\u00e4mplig f\u00f6r insp\u00e4nning mellan 12 &#8211; 24V DC. Justerbar utsp\u00e4nning och utbytbara kontakter.<\/p>\n<p>Insp\u00e4nning:12-24V DC<br \/>\nUtsp\u00e4nning:1.5 \/ 3.0 \/ 4.5 \/ 6.0 \/ 7.5 \/ 9.0V DC<br \/>\n24V in endast: 12.0V DC<br \/>\nUtstr\u00f6m:2000 mA<br \/>\nM\u00e5tt:100 x 70 x 32 mm<br \/>\nF\u00e4rg:Svart<\/p>\n<p>M\u00e4rke: <a href=\"https:\/\/nedis.se\/sv-se\" target=\"_blank\" rel=\"noopener noreferrer\">Nedis<\/a><\/p>\n","protected":false},"excerpt":{"rendered":"<p>Universaln\u00e4tadapter DCPA004<\/p>\n","protected":false},"featured_media":24141,"template":"","meta":[],"product_brand":[],"product_cat":[65,1473,1475],"product_tag":[],"class_list":{"0":"post-10745","1":"product","2":"type-product","3":"status-publish","4":"has-post-thumbnail","6":"product_cat-datorer-tillbehor","7":"product_cat-el","8":"product_cat-stromkablar","10":"first","11":"instock","12":"taxable","13":"shipping-taxable","14":"purchasable","15":"product-type-simple"},"yoast_head":"<!-- This site is optimized with the Yoast SEO Premium plugin v26.7 (Yoast SEO v26.7) - https:\/\/yoast.com\/wordpress\/plugins\/seo\/ -->\n<title>Universaln\u00e4tadapter DCPA004 | 1.5\/3\/4.5\/6\/7.5\/9\/12 VDC | 2.0 A<\/title>\n<meta name=\"description\" content=\"Universaln\u00e4tadapter DCPA004. Universal, reglerad DC-DC str\u00f6mf\u00f6rs\u00f6rjning speciellt framtagen f\u00f6r anv\u00e4ndning i bil. Kompakt design\" \/>\n<meta name=\"robots\" content=\"index, follow, max-snippet:-1, max-image-preview:large, max-video-preview:-1\" \/>\n<link rel=\"canonical\" href=\"https:\/\/www.heddata.se\/webbutik\/produkt\/universalnatadapter-dcpa004-1-5-3-4-5-6-7-5-9-12-vdc-2-0-a\/\" \/>\n<meta property=\"og:locale\" content=\"sv_SE\" \/>\n<meta property=\"og:type\" content=\"article\" \/>\n<meta property=\"og:title\" content=\"Universaln\u00e4tadapter DCPA004 | 1.5\/3\/4.5\/6\/7.5\/9\/12 VDC | 2.0 A\" \/>\n<meta property=\"og:description\" content=\"Universaln\u00e4tadapter DCPA004. Universal, reglerad DC-DC str\u00f6mf\u00f6rs\u00f6rjning speciellt framtagen f\u00f6r anv\u00e4ndning i bil. Kompakt design\" \/>\n<meta property=\"og:url\" content=\"https:\/\/www.heddata.se\/webbutik\/produkt\/universalnatadapter-dcpa004-1-5-3-4-5-6-7-5-9-12-vdc-2-0-a\/\" \/>\n<meta property=\"og:site_name\" content=\"Datorer, Skrivare, F\u00e4rgpatroner, Mobiltelefoner\" \/>\n<meta property=\"article:modified_time\" content=\"2026-05-06T16:09:42+00:00\" \/>\n<meta property=\"og:image\" content=\"https:\/\/www.heddata.se\/webbutik\/wp-content\/uploads\/webbutik\/kategorier\/EL\/Universalnatadapter-DCPA004.jpg\" \/>\n\t<meta property=\"og:image:width\" content=\"1200\" \/>\n\t<meta property=\"og:image:height\" content=\"1200\" \/>\n\t<meta property=\"og:image:type\" content=\"image\/jpeg\" \/>\n<meta name=\"twitter:card\" content=\"summary_large_image\" \/>\n<script type=\"application\/ld+json\" class=\"yoast-schema-graph\">{\"@context\":\"https:\/\/schema.org\",\"@graph\":[{\"@type\":\"WebPage\",\"@id\":\"https:\/\/www.heddata.se\/webbutik\/produkt\/universalnatadapter-dcpa004-1-5-3-4-5-6-7-5-9-12-vdc-2-0-a\/\",\"url\":\"https:\/\/www.heddata.se\/webbutik\/produkt\/universalnatadapter-dcpa004-1-5-3-4-5-6-7-5-9-12-vdc-2-0-a\/\",\"name\":\"Universaln\u00e4tadapter DCPA004 | 1.5\/3\/4.5\/6\/7.5\/9\/12 VDC | 2.0 A\",\"isPartOf\":{\"@id\":\"https:\/\/www.heddata.se\/webbutik\/#website\"},\"primaryImageOfPage\":{\"@id\":\"https:\/\/www.heddata.se\/webbutik\/produkt\/universalnatadapter-dcpa004-1-5-3-4-5-6-7-5-9-12-vdc-2-0-a\/#primaryimage\"},\"image\":{\"@id\":\"https:\/\/www.heddata.se\/webbutik\/produkt\/universalnatadapter-dcpa004-1-5-3-4-5-6-7-5-9-12-vdc-2-0-a\/#primaryimage\"},\"thumbnailUrl\":\"https:\/\/www.heddata.se\/webbutik\/wp-content\/uploads\/webbutik\/kategorier\/EL\/Universalnatadapter-DCPA004.jpg\",\"datePublished\":\"2019-12-03T12:45:21+00:00\",\"dateModified\":\"2026-05-06T16:09:42+00:00\",\"description\":\"Universaln\u00e4tadapter DCPA004. Universal, reglerad DC-DC str\u00f6mf\u00f6rs\u00f6rjning speciellt framtagen f\u00f6r anv\u00e4ndning i bil. Kompakt design\",\"breadcrumb\":{\"@id\":\"https:\/\/www.heddata.se\/webbutik\/produkt\/universalnatadapter-dcpa004-1-5-3-4-5-6-7-5-9-12-vdc-2-0-a\/#breadcrumb\"},\"inLanguage\":\"sv-SE\",\"potentialAction\":[{\"@type\":\"ReadAction\",\"target\":[\"https:\/\/www.heddata.se\/webbutik\/produkt\/universalnatadapter-dcpa004-1-5-3-4-5-6-7-5-9-12-vdc-2-0-a\/\"]}]},{\"@type\":\"ImageObject\",\"inLanguage\":\"sv-SE\",\"@id\":\"https:\/\/www.heddata.se\/webbutik\/produkt\/universalnatadapter-dcpa004-1-5-3-4-5-6-7-5-9-12-vdc-2-0-a\/#primaryimage\",\"url\":\"https:\/\/www.heddata.se\/webbutik\/wp-content\/uploads\/webbutik\/kategorier\/EL\/Universalnatadapter-DCPA004.jpg\",\"contentUrl\":\"https:\/\/www.heddata.se\/webbutik\/wp-content\/uploads\/webbutik\/kategorier\/EL\/Universalnatadapter-DCPA004.jpg\",\"width\":1200,\"height\":1200,\"caption\":\"Universaln\u00e4tadapter DCPA004 | 1.5\/3\/4.5\/6\/7.5\/9\/12 VDC | 2.0 A\"},{\"@type\":\"BreadcrumbList\",\"@id\":\"https:\/\/www.heddata.se\/webbutik\/produkt\/universalnatadapter-dcpa004-1-5-3-4-5-6-7-5-9-12-vdc-2-0-a\/#breadcrumb\",\"itemListElement\":[{\"@type\":\"ListItem\",\"position\":1,\"name\":\"Hem\",\"item\":\"https:\/\/www.heddata.se\/webbutik\/\"},{\"@type\":\"ListItem\",\"position\":2,\"name\":\"Produkter\",\"item\":\"https:\/\/www.heddata.se\/webbutik\/shop\/\"},{\"@type\":\"ListItem\",\"position\":3,\"name\":\"Universaln\u00e4tadapter DCPA004 | 1.5\/3\/4.5\/6\/7.5\/9\/12 VDC | 2.0 A\"}]},{\"@type\":\"WebSite\",\"@id\":\"https:\/\/www.heddata.se\/webbutik\/#website\",\"url\":\"https:\/\/www.heddata.se\/webbutik\/\",\"name\":\"Datorer, Skrivare, F\u00e4rgpatroner, Mobiltelefoner\",\"description\":\"Kablar\",\"publisher\":{\"@id\":\"https:\/\/www.heddata.se\/webbutik\/#organization\"},\"potentialAction\":[{\"@type\":\"SearchAction\",\"target\":{\"@type\":\"EntryPoint\",\"urlTemplate\":\"https:\/\/www.heddata.se\/webbutik\/?s={search_term_string}\"},\"query-input\":{\"@type\":\"PropertyValueSpecification\",\"valueRequired\":true,\"valueName\":\"search_term_string\"}}],\"inLanguage\":\"sv-SE\"},{\"@type\":\"Organization\",\"@id\":\"https:\/\/www.heddata.se\/webbutik\/#organization\",\"name\":\"Heddata AB\",\"url\":\"https:\/\/www.heddata.se\/webbutik\/\",\"logo\":{\"@type\":\"ImageObject\",\"inLanguage\":\"sv-SE\",\"@id\":\"https:\/\/www.heddata.se\/webbutik\/#\/schema\/logo\/image\/\",\"url\":\"https:\/\/www.heddata.se\/webbutik\/wp-content\/uploads\/logga\/heddata-ab-logga.png\",\"contentUrl\":\"https:\/\/www.heddata.se\/webbutik\/wp-content\/uploads\/logga\/heddata-ab-logga.png\",\"width\":200,\"height\":64,\"caption\":\"Heddata AB\"},\"image\":{\"@id\":\"https:\/\/www.heddata.se\/webbutik\/#\/schema\/logo\/image\/\"}}]}<\/script>\n<!-- \/ Yoast SEO Premium plugin. -->","yoast_head_json":{"title":"Universaln\u00e4tadapter DCPA004 | 1.5\/3\/4.5\/6\/7.5\/9\/12 VDC | 2.0 A","description":"Universaln\u00e4tadapter DCPA004. Universal, reglerad DC-DC str\u00f6mf\u00f6rs\u00f6rjning speciellt framtagen f\u00f6r anv\u00e4ndning i bil. Kompakt design","robots":{"index":"index","follow":"follow","max-snippet":"max-snippet:-1","max-image-preview":"max-image-preview:large","max-video-preview":"max-video-preview:-1"},"canonical":"https:\/\/www.heddata.se\/webbutik\/produkt\/universalnatadapter-dcpa004-1-5-3-4-5-6-7-5-9-12-vdc-2-0-a\/","og_locale":"sv_SE","og_type":"article","og_title":"Universaln\u00e4tadapter DCPA004 | 1.5\/3\/4.5\/6\/7.5\/9\/12 VDC | 2.0 A","og_description":"Universaln\u00e4tadapter DCPA004. Universal, reglerad DC-DC str\u00f6mf\u00f6rs\u00f6rjning speciellt framtagen f\u00f6r anv\u00e4ndning i bil. Kompakt design","og_url":"https:\/\/www.heddata.se\/webbutik\/produkt\/universalnatadapter-dcpa004-1-5-3-4-5-6-7-5-9-12-vdc-2-0-a\/","og_site_name":"Datorer, Skrivare, F\u00e4rgpatroner, Mobiltelefoner","article_modified_time":"2026-05-06T16:09:42+00:00","og_image":[{"width":1200,"height":1200,"url":"https:\/\/www.heddata.se\/webbutik\/wp-content\/uploads\/webbutik\/kategorier\/EL\/Universalnatadapter-DCPA004.jpg","type":"image\/jpeg"}],"twitter_card":"summary_large_image","schema":{"@context":"https:\/\/schema.org","@graph":[{"@type":"WebPage","@id":"https:\/\/www.heddata.se\/webbutik\/produkt\/universalnatadapter-dcpa004-1-5-3-4-5-6-7-5-9-12-vdc-2-0-a\/","url":"https:\/\/www.heddata.se\/webbutik\/produkt\/universalnatadapter-dcpa004-1-5-3-4-5-6-7-5-9-12-vdc-2-0-a\/","name":"Universaln\u00e4tadapter DCPA004 | 1.5\/3\/4.5\/6\/7.5\/9\/12 VDC | 2.0 A","isPartOf":{"@id":"https:\/\/www.heddata.se\/webbutik\/#website"},"primaryImageOfPage":{"@id":"https:\/\/www.heddata.se\/webbutik\/produkt\/universalnatadapter-dcpa004-1-5-3-4-5-6-7-5-9-12-vdc-2-0-a\/#primaryimage"},"image":{"@id":"https:\/\/www.heddata.se\/webbutik\/produkt\/universalnatadapter-dcpa004-1-5-3-4-5-6-7-5-9-12-vdc-2-0-a\/#primaryimage"},"thumbnailUrl":"https:\/\/www.heddata.se\/webbutik\/wp-content\/uploads\/webbutik\/kategorier\/EL\/Universalnatadapter-DCPA004.jpg","datePublished":"2019-12-03T12:45:21+00:00","dateModified":"2026-05-06T16:09:42+00:00","description":"Universaln\u00e4tadapter DCPA004. Universal, reglerad DC-DC str\u00f6mf\u00f6rs\u00f6rjning speciellt framtagen f\u00f6r anv\u00e4ndning i bil. Kompakt design","breadcrumb":{"@id":"https:\/\/www.heddata.se\/webbutik\/produkt\/universalnatadapter-dcpa004-1-5-3-4-5-6-7-5-9-12-vdc-2-0-a\/#breadcrumb"},"inLanguage":"sv-SE","potentialAction":[{"@type":"ReadAction","target":["https:\/\/www.heddata.se\/webbutik\/produkt\/universalnatadapter-dcpa004-1-5-3-4-5-6-7-5-9-12-vdc-2-0-a\/"]}]},{"@type":"ImageObject","inLanguage":"sv-SE","@id":"https:\/\/www.heddata.se\/webbutik\/produkt\/universalnatadapter-dcpa004-1-5-3-4-5-6-7-5-9-12-vdc-2-0-a\/#primaryimage","url":"https:\/\/www.heddata.se\/webbutik\/wp-content\/uploads\/webbutik\/kategorier\/EL\/Universalnatadapter-DCPA004.jpg","contentUrl":"https:\/\/www.heddata.se\/webbutik\/wp-content\/uploads\/webbutik\/kategorier\/EL\/Universalnatadapter-DCPA004.jpg","width":1200,"height":1200,"caption":"Universaln\u00e4tadapter DCPA004 | 1.5\/3\/4.5\/6\/7.5\/9\/12 VDC | 2.0 A"},{"@type":"BreadcrumbList","@id":"https:\/\/www.heddata.se\/webbutik\/produkt\/universalnatadapter-dcpa004-1-5-3-4-5-6-7-5-9-12-vdc-2-0-a\/#breadcrumb","itemListElement":[{"@type":"ListItem","position":1,"name":"Hem","item":"https:\/\/www.heddata.se\/webbutik\/"},{"@type":"ListItem","position":2,"name":"Produkter","item":"https:\/\/www.heddata.se\/webbutik\/shop\/"},{"@type":"ListItem","position":3,"name":"Universaln\u00e4tadapter DCPA004 | 1.5\/3\/4.5\/6\/7.5\/9\/12 VDC | 2.0 A"}]},{"@type":"WebSite","@id":"https:\/\/www.heddata.se\/webbutik\/#website","url":"https:\/\/www.heddata.se\/webbutik\/","name":"Datorer, Skrivare, F\u00e4rgpatroner, Mobiltelefoner","description":"Kablar","publisher":{"@id":"https:\/\/www.heddata.se\/webbutik\/#organization"},"potentialAction":[{"@type":"SearchAction","target":{"@type":"EntryPoint","urlTemplate":"https:\/\/www.heddata.se\/webbutik\/?s={search_term_string}"},"query-input":{"@type":"PropertyValueSpecification","valueRequired":true,"valueName":"search_term_string"}}],"inLanguage":"sv-SE"},{"@type":"Organization","@id":"https:\/\/www.heddata.se\/webbutik\/#organization","name":"Heddata AB","url":"https:\/\/www.heddata.se\/webbutik\/","logo":{"@type":"ImageObject","inLanguage":"sv-SE","@id":"https:\/\/www.heddata.se\/webbutik\/#\/schema\/logo\/image\/","url":"https:\/\/www.heddata.se\/webbutik\/wp-content\/uploads\/logga\/heddata-ab-logga.png","contentUrl":"https:\/\/www.heddata.se\/webbutik\/wp-content\/uploads\/logga\/heddata-ab-logga.png","width":200,"height":64,"caption":"Heddata AB"},"image":{"@id":"https:\/\/www.heddata.se\/webbutik\/#\/schema\/logo\/image\/"}}]}},"_links":{"self":[{"href":"https:\/\/www.heddata.se\/webbutik\/wp-json\/wp\/v2\/product\/10745","targetHints":{"allow":["GET"]}}],"collection":[{"href":"https:\/\/www.heddata.se\/webbutik\/wp-json\/wp\/v2\/product"}],"about":[{"href":"https:\/\/www.heddata.se\/webbutik\/wp-json\/wp\/v2\/types\/product"}],"wp:featuredmedia":[{"embeddable":true,"href":"https:\/\/www.heddata.se\/webbutik\/wp-json\/wp\/v2\/media\/24141"}],"wp:attachment":[{"href":"https:\/\/www.heddata.se\/webbutik\/wp-json\/wp\/v2\/media?parent=10745"}],"wp:term":[{"taxonomy":"product_brand","embeddable":true,"href":"https:\/\/www.heddata.se\/webbutik\/wp-json\/wp\/v2\/product_brand?post=10745"},{"taxonomy":"product_cat","embeddable":true,"href":"https:\/\/www.heddata.se\/webbutik\/wp-json\/wp\/v2\/product_cat?post=10745"},{"taxonomy":"product_tag","embeddable":true,"href":"https:\/\/www.heddata.se\/webbutik\/wp-json\/wp\/v2\/product_tag?post=10745"}],"curies":[{"name":"wp","href":"https:\/\/api.w.org\/{rel}","templated":true}]}}