{"id":10713,"date":"2019-12-03T13:45:09","date_gmt":"2019-12-03T12:45:09","guid":{"rendered":"https:\/\/www.heddata.se\/webbutik\/?post_type=product&#038;p=10713"},"modified":"2026-04-08T08:41:30","modified_gmt":"2026-04-08T06:41:30","slug":"typ-c-kabel-1m-usb-3-0-kabel-typ-c-hane-a-hane-aluminium","status":"publish","type":"product","link":"https:\/\/www.heddata.se\/webbutik\/produkt\/typ-c-kabel-1m-usb-3-0-kabel-typ-c-hane-a-hane-aluminium\/","title":{"rendered":"Typ C kabel 1m | USB 3.0-kabel | Typ C hane &#8211; A-hane | Aluminium"},"content":{"rendered":"<p>Typ C kabel 1m till USB 3.0. F\u00f6rstklassig Nedis guldpl\u00e4terad USB 3.1 synkroniserings- och laddningskabel med st\u00f6d f\u00f6r AV. USB TYPE-C hane till USB A hane. Denna <a href=\"https:\/\/www.heddata.se\/webbutik\/telefontillbehor\/telefonladdare\/kablar\/\">kabel<\/a> g\u00f6r det m\u00f6jligt f\u00f6r dig att ansluta en USB-enhet till din <a href=\"https:\/\/www.heddata.se\/webbutik\/datorer\/\">PC<\/a> eller MacBook med USB TYPE-C. F\u00f6r en anslutningsl\u00f6sning med allt i ett, inklusive synkronisering, laddning och AV-st\u00f6d.<\/p>\n<p>Tillverkare: <a href=\"https:\/\/nedis.se\/sv-se\" target=\"_blank\" rel=\"noopener noreferrer\">Nedis<\/a><\/p>\n","protected":false},"excerpt":{"rendered":"<p>Typ C kabel 1m &#8211; USB 3.0<\/p>\n","protected":false},"featured_media":22112,"template":"","meta":[],"product_brand":[],"product_cat":[59,122,118,69,72],"product_tag":[],"class_list":{"0":"post-10713","1":"product","2":"type-product","3":"status-publish","4":"has-post-thumbnail","6":"product_cat-kablar","7":"product_cat-kablar-telefonladdare","8":"product_cat-telefonladdare","9":"product_cat-telefontillbehor","10":"product_cat-usb-kablar","12":"first","13":"outofstock","14":"taxable","15":"shipping-taxable","16":"product-type-simple"},"yoast_head":"<!-- This site is optimized with the Yoast SEO Premium plugin v26.7 (Yoast SEO v26.7) - https:\/\/yoast.com\/wordpress\/plugins\/seo\/ -->\n<title>Typ C kabel 1m | USB 3.0-kabel | Typ C hane - A-hane | Aluminium<\/title>\n<meta name=\"description\" content=\"Typ C kabel 1m till USB 3.0. F\u00f6rstklassig Nedis guldpl\u00e4terad USB 3.1 synkroniserings- och laddningskabel med st\u00f6d f\u00f6r AV. USB TYPE-C hane till USB A hane.\" \/>\n<meta name=\"robots\" content=\"index, follow, max-snippet:-1, max-image-preview:large, max-video-preview:-1\" \/>\n<link rel=\"canonical\" href=\"https:\/\/www.heddata.se\/webbutik\/produkt\/typ-c-kabel-1m-usb-3-0-kabel-typ-c-hane-a-hane-aluminium\/\" \/>\n<meta property=\"og:locale\" content=\"sv_SE\" \/>\n<meta property=\"og:type\" content=\"article\" \/>\n<meta property=\"og:title\" content=\"Typ C kabel 1m | USB 3.0-kabel | Typ C hane - A-hane | Aluminium\" \/>\n<meta property=\"og:description\" content=\"Typ C kabel 1m till USB 3.0. F\u00f6rstklassig Nedis guldpl\u00e4terad USB 3.1 synkroniserings- och laddningskabel med st\u00f6d f\u00f6r AV. USB TYPE-C hane till USB A hane.\" \/>\n<meta property=\"og:url\" content=\"https:\/\/www.heddata.se\/webbutik\/produkt\/typ-c-kabel-1m-usb-3-0-kabel-typ-c-hane-a-hane-aluminium\/\" \/>\n<meta property=\"og:site_name\" content=\"Datorer, Skrivare, F\u00e4rgpatroner, Mobiltelefoner\" \/>\n<meta property=\"article:modified_time\" content=\"2026-04-08T06:41:30+00:00\" \/>\n<meta property=\"og:image\" content=\"https:\/\/www.heddata.se\/webbutik\/wp-content\/uploads\/webbutik\/kategorier\/kablar-adaptrar\/Typ-C-kabel-CCTB61600AL10.jpg\" \/>\n\t<meta property=\"og:image:width\" content=\"1200\" \/>\n\t<meta property=\"og:image:height\" content=\"1200\" \/>\n\t<meta property=\"og:image:type\" content=\"image\/jpeg\" \/>\n<meta name=\"twitter:card\" content=\"summary_large_image\" \/>\n<script type=\"application\/ld+json\" class=\"yoast-schema-graph\">{\"@context\":\"https:\/\/schema.org\",\"@graph\":[{\"@type\":\"WebPage\",\"@id\":\"https:\/\/www.heddata.se\/webbutik\/produkt\/typ-c-kabel-1m-usb-3-0-kabel-typ-c-hane-a-hane-aluminium\/\",\"url\":\"https:\/\/www.heddata.se\/webbutik\/produkt\/typ-c-kabel-1m-usb-3-0-kabel-typ-c-hane-a-hane-aluminium\/\",\"name\":\"Typ C kabel 1m | USB 3.0-kabel | Typ C hane - A-hane | Aluminium\",\"isPartOf\":{\"@id\":\"https:\/\/www.heddata.se\/webbutik\/#website\"},\"primaryImageOfPage\":{\"@id\":\"https:\/\/www.heddata.se\/webbutik\/produkt\/typ-c-kabel-1m-usb-3-0-kabel-typ-c-hane-a-hane-aluminium\/#primaryimage\"},\"image\":{\"@id\":\"https:\/\/www.heddata.se\/webbutik\/produkt\/typ-c-kabel-1m-usb-3-0-kabel-typ-c-hane-a-hane-aluminium\/#primaryimage\"},\"thumbnailUrl\":\"https:\/\/www.heddata.se\/webbutik\/wp-content\/uploads\/webbutik\/kategorier\/kablar-adaptrar\/Typ-C-kabel-CCTB61600AL10.jpg\",\"datePublished\":\"2019-12-03T12:45:09+00:00\",\"dateModified\":\"2026-04-08T06:41:30+00:00\",\"description\":\"Typ C kabel 1m till USB 3.0. F\u00f6rstklassig Nedis guldpl\u00e4terad USB 3.1 synkroniserings- och laddningskabel med st\u00f6d f\u00f6r AV. USB TYPE-C hane till USB A hane.\",\"breadcrumb\":{\"@id\":\"https:\/\/www.heddata.se\/webbutik\/produkt\/typ-c-kabel-1m-usb-3-0-kabel-typ-c-hane-a-hane-aluminium\/#breadcrumb\"},\"inLanguage\":\"sv-SE\",\"potentialAction\":[{\"@type\":\"ReadAction\",\"target\":[\"https:\/\/www.heddata.se\/webbutik\/produkt\/typ-c-kabel-1m-usb-3-0-kabel-typ-c-hane-a-hane-aluminium\/\"]}]},{\"@type\":\"ImageObject\",\"inLanguage\":\"sv-SE\",\"@id\":\"https:\/\/www.heddata.se\/webbutik\/produkt\/typ-c-kabel-1m-usb-3-0-kabel-typ-c-hane-a-hane-aluminium\/#primaryimage\",\"url\":\"https:\/\/www.heddata.se\/webbutik\/wp-content\/uploads\/webbutik\/kategorier\/kablar-adaptrar\/Typ-C-kabel-CCTB61600AL10.jpg\",\"contentUrl\":\"https:\/\/www.heddata.se\/webbutik\/wp-content\/uploads\/webbutik\/kategorier\/kablar-adaptrar\/Typ-C-kabel-CCTB61600AL10.jpg\",\"width\":1200,\"height\":1200,\"caption\":\"USB C kabel 1m | Typ-C hane - A hane | 1.0 m | Aluminium\"},{\"@type\":\"BreadcrumbList\",\"@id\":\"https:\/\/www.heddata.se\/webbutik\/produkt\/typ-c-kabel-1m-usb-3-0-kabel-typ-c-hane-a-hane-aluminium\/#breadcrumb\",\"itemListElement\":[{\"@type\":\"ListItem\",\"position\":1,\"name\":\"Hem\",\"item\":\"https:\/\/www.heddata.se\/webbutik\/\"},{\"@type\":\"ListItem\",\"position\":2,\"name\":\"Produkter\",\"item\":\"https:\/\/www.heddata.se\/webbutik\/shop\/\"},{\"@type\":\"ListItem\",\"position\":3,\"name\":\"Typ C kabel 1m | USB 3.0-kabel | Typ C hane &#8211; A-hane | Aluminium\"}]},{\"@type\":\"WebSite\",\"@id\":\"https:\/\/www.heddata.se\/webbutik\/#website\",\"url\":\"https:\/\/www.heddata.se\/webbutik\/\",\"name\":\"Datorer, Skrivare, F\u00e4rgpatroner, Mobiltelefoner\",\"description\":\"Kablar\",\"publisher\":{\"@id\":\"https:\/\/www.heddata.se\/webbutik\/#organization\"},\"potentialAction\":[{\"@type\":\"SearchAction\",\"target\":{\"@type\":\"EntryPoint\",\"urlTemplate\":\"https:\/\/www.heddata.se\/webbutik\/?s={search_term_string}\"},\"query-input\":{\"@type\":\"PropertyValueSpecification\",\"valueRequired\":true,\"valueName\":\"search_term_string\"}}],\"inLanguage\":\"sv-SE\"},{\"@type\":\"Organization\",\"@id\":\"https:\/\/www.heddata.se\/webbutik\/#organization\",\"name\":\"Heddata AB\",\"url\":\"https:\/\/www.heddata.se\/webbutik\/\",\"logo\":{\"@type\":\"ImageObject\",\"inLanguage\":\"sv-SE\",\"@id\":\"https:\/\/www.heddata.se\/webbutik\/#\/schema\/logo\/image\/\",\"url\":\"https:\/\/www.heddata.se\/webbutik\/wp-content\/uploads\/logga\/heddata-ab-logga.png\",\"contentUrl\":\"https:\/\/www.heddata.se\/webbutik\/wp-content\/uploads\/logga\/heddata-ab-logga.png\",\"width\":200,\"height\":64,\"caption\":\"Heddata AB\"},\"image\":{\"@id\":\"https:\/\/www.heddata.se\/webbutik\/#\/schema\/logo\/image\/\"}}]}<\/script>\n<!-- \/ Yoast SEO Premium plugin. -->","yoast_head_json":{"title":"Typ C kabel 1m | USB 3.0-kabel | Typ C hane - A-hane | Aluminium","description":"Typ C kabel 1m till USB 3.0. F\u00f6rstklassig Nedis guldpl\u00e4terad USB 3.1 synkroniserings- och laddningskabel med st\u00f6d f\u00f6r AV. USB TYPE-C hane till USB A hane.","robots":{"index":"index","follow":"follow","max-snippet":"max-snippet:-1","max-image-preview":"max-image-preview:large","max-video-preview":"max-video-preview:-1"},"canonical":"https:\/\/www.heddata.se\/webbutik\/produkt\/typ-c-kabel-1m-usb-3-0-kabel-typ-c-hane-a-hane-aluminium\/","og_locale":"sv_SE","og_type":"article","og_title":"Typ C kabel 1m | USB 3.0-kabel | Typ C hane - A-hane | Aluminium","og_description":"Typ C kabel 1m till USB 3.0. F\u00f6rstklassig Nedis guldpl\u00e4terad USB 3.1 synkroniserings- och laddningskabel med st\u00f6d f\u00f6r AV. USB TYPE-C hane till USB A hane.","og_url":"https:\/\/www.heddata.se\/webbutik\/produkt\/typ-c-kabel-1m-usb-3-0-kabel-typ-c-hane-a-hane-aluminium\/","og_site_name":"Datorer, Skrivare, F\u00e4rgpatroner, Mobiltelefoner","article_modified_time":"2026-04-08T06:41:30+00:00","og_image":[{"width":1200,"height":1200,"url":"https:\/\/www.heddata.se\/webbutik\/wp-content\/uploads\/webbutik\/kategorier\/kablar-adaptrar\/Typ-C-kabel-CCTB61600AL10.jpg","type":"image\/jpeg"}],"twitter_card":"summary_large_image","schema":{"@context":"https:\/\/schema.org","@graph":[{"@type":"WebPage","@id":"https:\/\/www.heddata.se\/webbutik\/produkt\/typ-c-kabel-1m-usb-3-0-kabel-typ-c-hane-a-hane-aluminium\/","url":"https:\/\/www.heddata.se\/webbutik\/produkt\/typ-c-kabel-1m-usb-3-0-kabel-typ-c-hane-a-hane-aluminium\/","name":"Typ C kabel 1m | USB 3.0-kabel | Typ C hane - A-hane | Aluminium","isPartOf":{"@id":"https:\/\/www.heddata.se\/webbutik\/#website"},"primaryImageOfPage":{"@id":"https:\/\/www.heddata.se\/webbutik\/produkt\/typ-c-kabel-1m-usb-3-0-kabel-typ-c-hane-a-hane-aluminium\/#primaryimage"},"image":{"@id":"https:\/\/www.heddata.se\/webbutik\/produkt\/typ-c-kabel-1m-usb-3-0-kabel-typ-c-hane-a-hane-aluminium\/#primaryimage"},"thumbnailUrl":"https:\/\/www.heddata.se\/webbutik\/wp-content\/uploads\/webbutik\/kategorier\/kablar-adaptrar\/Typ-C-kabel-CCTB61600AL10.jpg","datePublished":"2019-12-03T12:45:09+00:00","dateModified":"2026-04-08T06:41:30+00:00","description":"Typ C kabel 1m till USB 3.0. F\u00f6rstklassig Nedis guldpl\u00e4terad USB 3.1 synkroniserings- och laddningskabel med st\u00f6d f\u00f6r AV. USB TYPE-C hane till USB A hane.","breadcrumb":{"@id":"https:\/\/www.heddata.se\/webbutik\/produkt\/typ-c-kabel-1m-usb-3-0-kabel-typ-c-hane-a-hane-aluminium\/#breadcrumb"},"inLanguage":"sv-SE","potentialAction":[{"@type":"ReadAction","target":["https:\/\/www.heddata.se\/webbutik\/produkt\/typ-c-kabel-1m-usb-3-0-kabel-typ-c-hane-a-hane-aluminium\/"]}]},{"@type":"ImageObject","inLanguage":"sv-SE","@id":"https:\/\/www.heddata.se\/webbutik\/produkt\/typ-c-kabel-1m-usb-3-0-kabel-typ-c-hane-a-hane-aluminium\/#primaryimage","url":"https:\/\/www.heddata.se\/webbutik\/wp-content\/uploads\/webbutik\/kategorier\/kablar-adaptrar\/Typ-C-kabel-CCTB61600AL10.jpg","contentUrl":"https:\/\/www.heddata.se\/webbutik\/wp-content\/uploads\/webbutik\/kategorier\/kablar-adaptrar\/Typ-C-kabel-CCTB61600AL10.jpg","width":1200,"height":1200,"caption":"USB C kabel 1m | Typ-C hane - A hane | 1.0 m | Aluminium"},{"@type":"BreadcrumbList","@id":"https:\/\/www.heddata.se\/webbutik\/produkt\/typ-c-kabel-1m-usb-3-0-kabel-typ-c-hane-a-hane-aluminium\/#breadcrumb","itemListElement":[{"@type":"ListItem","position":1,"name":"Hem","item":"https:\/\/www.heddata.se\/webbutik\/"},{"@type":"ListItem","position":2,"name":"Produkter","item":"https:\/\/www.heddata.se\/webbutik\/shop\/"},{"@type":"ListItem","position":3,"name":"Typ C kabel 1m | USB 3.0-kabel | Typ C hane &#8211; A-hane | Aluminium"}]},{"@type":"WebSite","@id":"https:\/\/www.heddata.se\/webbutik\/#website","url":"https:\/\/www.heddata.se\/webbutik\/","name":"Datorer, Skrivare, F\u00e4rgpatroner, Mobiltelefoner","description":"Kablar","publisher":{"@id":"https:\/\/www.heddata.se\/webbutik\/#organization"},"potentialAction":[{"@type":"SearchAction","target":{"@type":"EntryPoint","urlTemplate":"https:\/\/www.heddata.se\/webbutik\/?s={search_term_string}"},"query-input":{"@type":"PropertyValueSpecification","valueRequired":true,"valueName":"search_term_string"}}],"inLanguage":"sv-SE"},{"@type":"Organization","@id":"https:\/\/www.heddata.se\/webbutik\/#organization","name":"Heddata AB","url":"https:\/\/www.heddata.se\/webbutik\/","logo":{"@type":"ImageObject","inLanguage":"sv-SE","@id":"https:\/\/www.heddata.se\/webbutik\/#\/schema\/logo\/image\/","url":"https:\/\/www.heddata.se\/webbutik\/wp-content\/uploads\/logga\/heddata-ab-logga.png","contentUrl":"https:\/\/www.heddata.se\/webbutik\/wp-content\/uploads\/logga\/heddata-ab-logga.png","width":200,"height":64,"caption":"Heddata AB"},"image":{"@id":"https:\/\/www.heddata.se\/webbutik\/#\/schema\/logo\/image\/"}}]}},"_links":{"self":[{"href":"https:\/\/www.heddata.se\/webbutik\/wp-json\/wp\/v2\/product\/10713","targetHints":{"allow":["GET"]}}],"collection":[{"href":"https:\/\/www.heddata.se\/webbutik\/wp-json\/wp\/v2\/product"}],"about":[{"href":"https:\/\/www.heddata.se\/webbutik\/wp-json\/wp\/v2\/types\/product"}],"wp:featuredmedia":[{"embeddable":true,"href":"https:\/\/www.heddata.se\/webbutik\/wp-json\/wp\/v2\/media\/22112"}],"wp:attachment":[{"href":"https:\/\/www.heddata.se\/webbutik\/wp-json\/wp\/v2\/media?parent=10713"}],"wp:term":[{"taxonomy":"product_brand","embeddable":true,"href":"https:\/\/www.heddata.se\/webbutik\/wp-json\/wp\/v2\/product_brand?post=10713"},{"taxonomy":"product_cat","embeddable":true,"href":"https:\/\/www.heddata.se\/webbutik\/wp-json\/wp\/v2\/product_cat?post=10713"},{"taxonomy":"product_tag","embeddable":true,"href":"https:\/\/www.heddata.se\/webbutik\/wp-json\/wp\/v2\/product_tag?post=10713"}],"curies":[{"name":"wp","href":"https:\/\/api.w.org\/{rel}","templated":true}]}}