{"id":10561,"date":"2019-12-03T13:44:28","date_gmt":"2019-12-03T12:44:28","guid":{"rendered":"https:\/\/www.heddata.se\/webbutik\/?post_type=product&#038;p=10561"},"modified":"2026-04-09T10:10:44","modified_gmt":"2026-04-09T08:10:44","slug":"antennkabel-lagforlust-5m-fme-f-fme-f","status":"publish","type":"product","link":"https:\/\/www.heddata.se\/webbutik\/produkt\/antennkabel-lagforlust-5m-fme-f-fme-f\/","title":{"rendered":"Antennkabel L\u00e5gf\u00f6rlust 5m FME\/f-FME\/f"},"content":{"rendered":"<h4>Antennkabel L\u00e5gf\u00f6rlust 5m FME\/f-FME\/f<\/h4>\n<p>Antennkabel L\u00e5gf\u00f6rlust 5m FME\/f-FME\/f f\u00f6r anslutning av <a href=\"https:\/\/www.heddata.se\/webbutik\/produkt\/utomhusantenn-for-3g-4g-max-forstarkning-15-dbi-aluminium\/\">antenn,<\/a> <a href=\"http:\/\/smarteq.com\/\" target=\"_blank\" rel=\"noopener noreferrer\">kontakterna<\/a> \u00e4r FME honor i b\u00e5da \u00e4ndarna, finns i olika l\u00e4ngder.<\/p>\n","protected":false},"excerpt":{"rendered":"<h4>Antennkabel L\u00e5gf\u00f6rlust 5m FME\/f-FME\/f<\/h4>\n","protected":false},"featured_media":72183,"template":"","meta":[],"product_brand":[],"product_cat":[2260],"product_tag":[],"class_list":{"0":"post-10561","1":"product","2":"type-product","3":"status-publish","4":"has-post-thumbnail","6":"product_cat-antenn","8":"first","9":"outofstock","10":"taxable","11":"shipping-taxable","12":"purchasable","13":"product-type-simple"},"yoast_head":"<!-- This site is optimized with the Yoast SEO Premium plugin v26.7 (Yoast SEO v26.7) - https:\/\/yoast.com\/wordpress\/plugins\/seo\/ -->\n<title>Antennkabel L\u00e5gf\u00f6rlust 5m FME\/f-FME\/f f\u00f6r anslutning av antenn<\/title>\n<meta name=\"description\" content=\"Antennkabel L\u00e5gf\u00f6rlust 5m FME\/f-FME\/f f\u00f6r anslutning av antenn, kontakterna \u00e4r FME honor i b\u00e5da \u00e4ndarna, finns i olika l\u00e4ngder.\" \/>\n<meta name=\"robots\" content=\"index, follow, max-snippet:-1, max-image-preview:large, max-video-preview:-1\" \/>\n<link rel=\"canonical\" href=\"https:\/\/www.heddata.se\/webbutik\/produkt\/antennkabel-lagforlust-5m-fme-f-fme-f\/\" \/>\n<meta property=\"og:locale\" content=\"sv_SE\" \/>\n<meta property=\"og:type\" content=\"article\" \/>\n<meta property=\"og:title\" content=\"Antennkabel L\u00e5gf\u00f6rlust 5m FME\/f-FME\/f\" \/>\n<meta property=\"og:description\" content=\"Antennkabel L\u00e5gf\u00f6rlust 5m FME\/f-FME\/f f\u00f6r anslutning av antenn, kontakterna \u00e4r FME honor i b\u00e5da \u00e4ndarna, finns i olika l\u00e4ngder.\" \/>\n<meta property=\"og:url\" content=\"https:\/\/www.heddata.se\/webbutik\/produkt\/antennkabel-lagforlust-5m-fme-f-fme-f\/\" \/>\n<meta property=\"og:site_name\" content=\"Datorer, Skrivare, F\u00e4rgpatroner, Mobiltelefoner\" \/>\n<meta property=\"article:modified_time\" content=\"2026-04-09T08:10:44+00:00\" \/>\n<meta property=\"og:image\" content=\"https:\/\/www.heddata.se\/webbutik\/wp-content\/uploads\/webbutik\/kategorier\/antenn\/antennkabel-lagforlust.jpg\" \/>\n\t<meta property=\"og:image:width\" content=\"500\" \/>\n\t<meta property=\"og:image:height\" content=\"500\" \/>\n\t<meta property=\"og:image:type\" content=\"image\/jpeg\" \/>\n<meta name=\"twitter:card\" content=\"summary_large_image\" \/>\n<script type=\"application\/ld+json\" class=\"yoast-schema-graph\">{\"@context\":\"https:\/\/schema.org\",\"@graph\":[{\"@type\":\"WebPage\",\"@id\":\"https:\/\/www.heddata.se\/webbutik\/produkt\/antennkabel-lagforlust-5m-fme-f-fme-f\/\",\"url\":\"https:\/\/www.heddata.se\/webbutik\/produkt\/antennkabel-lagforlust-5m-fme-f-fme-f\/\",\"name\":\"Antennkabel L\u00e5gf\u00f6rlust 5m FME\/f-FME\/f f\u00f6r anslutning av antenn\",\"isPartOf\":{\"@id\":\"https:\/\/www.heddata.se\/webbutik\/#website\"},\"primaryImageOfPage\":{\"@id\":\"https:\/\/www.heddata.se\/webbutik\/produkt\/antennkabel-lagforlust-5m-fme-f-fme-f\/#primaryimage\"},\"image\":{\"@id\":\"https:\/\/www.heddata.se\/webbutik\/produkt\/antennkabel-lagforlust-5m-fme-f-fme-f\/#primaryimage\"},\"thumbnailUrl\":\"https:\/\/www.heddata.se\/webbutik\/wp-content\/uploads\/webbutik\/kategorier\/antenn\/antennkabel-lagforlust.jpg\",\"datePublished\":\"2019-12-03T12:44:28+00:00\",\"dateModified\":\"2026-04-09T08:10:44+00:00\",\"description\":\"Antennkabel L\u00e5gf\u00f6rlust 5m FME\/f-FME\/f f\u00f6r anslutning av antenn, kontakterna \u00e4r FME honor i b\u00e5da \u00e4ndarna, finns i olika l\u00e4ngder.\",\"breadcrumb\":{\"@id\":\"https:\/\/www.heddata.se\/webbutik\/produkt\/antennkabel-lagforlust-5m-fme-f-fme-f\/#breadcrumb\"},\"inLanguage\":\"sv-SE\",\"potentialAction\":[{\"@type\":\"ReadAction\",\"target\":[\"https:\/\/www.heddata.se\/webbutik\/produkt\/antennkabel-lagforlust-5m-fme-f-fme-f\/\"]}]},{\"@type\":\"ImageObject\",\"inLanguage\":\"sv-SE\",\"@id\":\"https:\/\/www.heddata.se\/webbutik\/produkt\/antennkabel-lagforlust-5m-fme-f-fme-f\/#primaryimage\",\"url\":\"https:\/\/www.heddata.se\/webbutik\/wp-content\/uploads\/webbutik\/kategorier\/antenn\/antennkabel-lagforlust.jpg\",\"contentUrl\":\"https:\/\/www.heddata.se\/webbutik\/wp-content\/uploads\/webbutik\/kategorier\/antenn\/antennkabel-lagforlust.jpg\",\"width\":500,\"height\":500,\"caption\":\"Antennkabel L\u00e5gf\u00f6rlust 5m FME\/f-FME\/f\"},{\"@type\":\"BreadcrumbList\",\"@id\":\"https:\/\/www.heddata.se\/webbutik\/produkt\/antennkabel-lagforlust-5m-fme-f-fme-f\/#breadcrumb\",\"itemListElement\":[{\"@type\":\"ListItem\",\"position\":1,\"name\":\"Hem\",\"item\":\"https:\/\/www.heddata.se\/webbutik\/\"},{\"@type\":\"ListItem\",\"position\":2,\"name\":\"Produkter\",\"item\":\"https:\/\/www.heddata.se\/webbutik\/shop\/\"},{\"@type\":\"ListItem\",\"position\":3,\"name\":\"Antennkabel L\u00e5gf\u00f6rlust 5m FME\/f-FME\/f\"}]},{\"@type\":\"WebSite\",\"@id\":\"https:\/\/www.heddata.se\/webbutik\/#website\",\"url\":\"https:\/\/www.heddata.se\/webbutik\/\",\"name\":\"Datorer, Skrivare, F\u00e4rgpatroner, Mobiltelefoner\",\"description\":\"Kablar\",\"publisher\":{\"@id\":\"https:\/\/www.heddata.se\/webbutik\/#organization\"},\"potentialAction\":[{\"@type\":\"SearchAction\",\"target\":{\"@type\":\"EntryPoint\",\"urlTemplate\":\"https:\/\/www.heddata.se\/webbutik\/?s={search_term_string}\"},\"query-input\":{\"@type\":\"PropertyValueSpecification\",\"valueRequired\":true,\"valueName\":\"search_term_string\"}}],\"inLanguage\":\"sv-SE\"},{\"@type\":\"Organization\",\"@id\":\"https:\/\/www.heddata.se\/webbutik\/#organization\",\"name\":\"Heddata AB\",\"url\":\"https:\/\/www.heddata.se\/webbutik\/\",\"logo\":{\"@type\":\"ImageObject\",\"inLanguage\":\"sv-SE\",\"@id\":\"https:\/\/www.heddata.se\/webbutik\/#\/schema\/logo\/image\/\",\"url\":\"https:\/\/www.heddata.se\/webbutik\/wp-content\/uploads\/logga\/heddata-ab-logga.png\",\"contentUrl\":\"https:\/\/www.heddata.se\/webbutik\/wp-content\/uploads\/logga\/heddata-ab-logga.png\",\"width\":200,\"height\":64,\"caption\":\"Heddata AB\"},\"image\":{\"@id\":\"https:\/\/www.heddata.se\/webbutik\/#\/schema\/logo\/image\/\"}}]}<\/script>\n<!-- \/ Yoast SEO Premium plugin. -->","yoast_head_json":{"title":"Antennkabel L\u00e5gf\u00f6rlust 5m FME\/f-FME\/f f\u00f6r anslutning av antenn","description":"Antennkabel L\u00e5gf\u00f6rlust 5m FME\/f-FME\/f f\u00f6r anslutning av antenn, kontakterna \u00e4r FME honor i b\u00e5da \u00e4ndarna, finns i olika l\u00e4ngder.","robots":{"index":"index","follow":"follow","max-snippet":"max-snippet:-1","max-image-preview":"max-image-preview:large","max-video-preview":"max-video-preview:-1"},"canonical":"https:\/\/www.heddata.se\/webbutik\/produkt\/antennkabel-lagforlust-5m-fme-f-fme-f\/","og_locale":"sv_SE","og_type":"article","og_title":"Antennkabel L\u00e5gf\u00f6rlust 5m FME\/f-FME\/f","og_description":"Antennkabel L\u00e5gf\u00f6rlust 5m FME\/f-FME\/f f\u00f6r anslutning av antenn, kontakterna \u00e4r FME honor i b\u00e5da \u00e4ndarna, finns i olika l\u00e4ngder.","og_url":"https:\/\/www.heddata.se\/webbutik\/produkt\/antennkabel-lagforlust-5m-fme-f-fme-f\/","og_site_name":"Datorer, Skrivare, F\u00e4rgpatroner, Mobiltelefoner","article_modified_time":"2026-04-09T08:10:44+00:00","og_image":[{"width":500,"height":500,"url":"https:\/\/www.heddata.se\/webbutik\/wp-content\/uploads\/webbutik\/kategorier\/antenn\/antennkabel-lagforlust.jpg","type":"image\/jpeg"}],"twitter_card":"summary_large_image","schema":{"@context":"https:\/\/schema.org","@graph":[{"@type":"WebPage","@id":"https:\/\/www.heddata.se\/webbutik\/produkt\/antennkabel-lagforlust-5m-fme-f-fme-f\/","url":"https:\/\/www.heddata.se\/webbutik\/produkt\/antennkabel-lagforlust-5m-fme-f-fme-f\/","name":"Antennkabel L\u00e5gf\u00f6rlust 5m FME\/f-FME\/f f\u00f6r anslutning av antenn","isPartOf":{"@id":"https:\/\/www.heddata.se\/webbutik\/#website"},"primaryImageOfPage":{"@id":"https:\/\/www.heddata.se\/webbutik\/produkt\/antennkabel-lagforlust-5m-fme-f-fme-f\/#primaryimage"},"image":{"@id":"https:\/\/www.heddata.se\/webbutik\/produkt\/antennkabel-lagforlust-5m-fme-f-fme-f\/#primaryimage"},"thumbnailUrl":"https:\/\/www.heddata.se\/webbutik\/wp-content\/uploads\/webbutik\/kategorier\/antenn\/antennkabel-lagforlust.jpg","datePublished":"2019-12-03T12:44:28+00:00","dateModified":"2026-04-09T08:10:44+00:00","description":"Antennkabel L\u00e5gf\u00f6rlust 5m FME\/f-FME\/f f\u00f6r anslutning av antenn, kontakterna \u00e4r FME honor i b\u00e5da \u00e4ndarna, finns i olika l\u00e4ngder.","breadcrumb":{"@id":"https:\/\/www.heddata.se\/webbutik\/produkt\/antennkabel-lagforlust-5m-fme-f-fme-f\/#breadcrumb"},"inLanguage":"sv-SE","potentialAction":[{"@type":"ReadAction","target":["https:\/\/www.heddata.se\/webbutik\/produkt\/antennkabel-lagforlust-5m-fme-f-fme-f\/"]}]},{"@type":"ImageObject","inLanguage":"sv-SE","@id":"https:\/\/www.heddata.se\/webbutik\/produkt\/antennkabel-lagforlust-5m-fme-f-fme-f\/#primaryimage","url":"https:\/\/www.heddata.se\/webbutik\/wp-content\/uploads\/webbutik\/kategorier\/antenn\/antennkabel-lagforlust.jpg","contentUrl":"https:\/\/www.heddata.se\/webbutik\/wp-content\/uploads\/webbutik\/kategorier\/antenn\/antennkabel-lagforlust.jpg","width":500,"height":500,"caption":"Antennkabel L\u00e5gf\u00f6rlust 5m FME\/f-FME\/f"},{"@type":"BreadcrumbList","@id":"https:\/\/www.heddata.se\/webbutik\/produkt\/antennkabel-lagforlust-5m-fme-f-fme-f\/#breadcrumb","itemListElement":[{"@type":"ListItem","position":1,"name":"Hem","item":"https:\/\/www.heddata.se\/webbutik\/"},{"@type":"ListItem","position":2,"name":"Produkter","item":"https:\/\/www.heddata.se\/webbutik\/shop\/"},{"@type":"ListItem","position":3,"name":"Antennkabel L\u00e5gf\u00f6rlust 5m FME\/f-FME\/f"}]},{"@type":"WebSite","@id":"https:\/\/www.heddata.se\/webbutik\/#website","url":"https:\/\/www.heddata.se\/webbutik\/","name":"Datorer, Skrivare, F\u00e4rgpatroner, Mobiltelefoner","description":"Kablar","publisher":{"@id":"https:\/\/www.heddata.se\/webbutik\/#organization"},"potentialAction":[{"@type":"SearchAction","target":{"@type":"EntryPoint","urlTemplate":"https:\/\/www.heddata.se\/webbutik\/?s={search_term_string}"},"query-input":{"@type":"PropertyValueSpecification","valueRequired":true,"valueName":"search_term_string"}}],"inLanguage":"sv-SE"},{"@type":"Organization","@id":"https:\/\/www.heddata.se\/webbutik\/#organization","name":"Heddata AB","url":"https:\/\/www.heddata.se\/webbutik\/","logo":{"@type":"ImageObject","inLanguage":"sv-SE","@id":"https:\/\/www.heddata.se\/webbutik\/#\/schema\/logo\/image\/","url":"https:\/\/www.heddata.se\/webbutik\/wp-content\/uploads\/logga\/heddata-ab-logga.png","contentUrl":"https:\/\/www.heddata.se\/webbutik\/wp-content\/uploads\/logga\/heddata-ab-logga.png","width":200,"height":64,"caption":"Heddata AB"},"image":{"@id":"https:\/\/www.heddata.se\/webbutik\/#\/schema\/logo\/image\/"}}]}},"_links":{"self":[{"href":"https:\/\/www.heddata.se\/webbutik\/wp-json\/wp\/v2\/product\/10561","targetHints":{"allow":["GET"]}}],"collection":[{"href":"https:\/\/www.heddata.se\/webbutik\/wp-json\/wp\/v2\/product"}],"about":[{"href":"https:\/\/www.heddata.se\/webbutik\/wp-json\/wp\/v2\/types\/product"}],"wp:featuredmedia":[{"embeddable":true,"href":"https:\/\/www.heddata.se\/webbutik\/wp-json\/wp\/v2\/media\/72183"}],"wp:attachment":[{"href":"https:\/\/www.heddata.se\/webbutik\/wp-json\/wp\/v2\/media?parent=10561"}],"wp:term":[{"taxonomy":"product_brand","embeddable":true,"href":"https:\/\/www.heddata.se\/webbutik\/wp-json\/wp\/v2\/product_brand?post=10561"},{"taxonomy":"product_cat","embeddable":true,"href":"https:\/\/www.heddata.se\/webbutik\/wp-json\/wp\/v2\/product_cat?post=10561"},{"taxonomy":"product_tag","embeddable":true,"href":"https:\/\/www.heddata.se\/webbutik\/wp-json\/wp\/v2\/product_tag?post=10561"}],"curies":[{"name":"wp","href":"https:\/\/api.w.org\/{rel}","templated":true}]}}