{"id":10556,"date":"2019-12-03T13:44:28","date_gmt":"2019-12-03T12:44:28","guid":{"rendered":"https:\/\/www.heddata.se\/webbutik\/?post_type=product&#038;p=10556"},"modified":"2026-04-15T18:10:46","modified_gmt":"2026-04-15T16:10:46","slug":"korrigeringsvatska-tipp-ex-rapid-20ml-snabbtorkande","status":"publish","type":"product","link":"https:\/\/www.heddata.se\/webbutik\/produkt\/korrigeringsvatska-tipp-ex-rapid-20ml-snabbtorkande\/","title":{"rendered":"Korrigeringsv\u00e4tska TIPP-EX Rapid 20ml &#8211; Snabbtorkande"},"content":{"rendered":"<div id=\"product_view_description\" class=\"grid_5\">Korrigeringsv\u00e4tska TIPP-EX. Snabbtorkande, vit korrigeringsv\u00e4tska f\u00f6r alla korrigeringar. L\u00e4tt att stryka p\u00e5 och t\u00e4cker perfekt tack vare den unika p\u00e5strykaren i skumgummi. Baserad p\u00e5 kemiskt ren bensin. Flaskan \u00e4r dessutom av \u00e5tervinningsbart material. 20 ml.<\/div>\n<div id=\"product_view_details\" class=\"grid_5\">\n<div id=\"product_view_details_buttons\">\n<div class=\"product_view_details_button product_view_details_fb\"><\/div>\n<\/div>\n<\/div>\n","protected":false},"excerpt":{"rendered":"<p>Korrigeringsv\u00e4tska TIPP-EX<\/p>\n","protected":false},"featured_media":52844,"template":"","meta":[],"product_brand":[],"product_cat":[68],"product_tag":[],"class_list":{"0":"post-10556","1":"product","2":"type-product","3":"status-publish","4":"has-post-thumbnail","6":"product_cat-kontorstillbehor","8":"first","9":"instock","10":"taxable","11":"shipping-taxable","12":"purchasable","13":"product-type-simple"},"yoast_head":"<!-- This site is optimized with the Yoast SEO Premium plugin v26.7 (Yoast SEO v26.7) - https:\/\/yoast.com\/wordpress\/plugins\/seo\/ -->\n<title>Korrigeringsv\u00e4tska TIPP-EX Rapid 20ml - Snabbtorkande<\/title>\n<meta name=\"description\" content=\"Korrigeringsv\u00e4tska TIPP-EX. Snabbtorkande, vit korrigeringsv\u00e4tska f\u00f6r alla korrigeringar. L\u00e4tt att stryka p\u00e5 och t\u00e4cker perfekt\" \/>\n<meta name=\"robots\" content=\"index, follow, max-snippet:-1, max-image-preview:large, max-video-preview:-1\" \/>\n<link rel=\"canonical\" href=\"https:\/\/www.heddata.se\/webbutik\/produkt\/korrigeringsvatska-tipp-ex-rapid-20ml-snabbtorkande\/\" \/>\n<meta property=\"og:locale\" content=\"sv_SE\" \/>\n<meta property=\"og:type\" content=\"article\" \/>\n<meta property=\"og:title\" content=\"Korrigeringsv\u00e4tska TIPP-EX Rapid 20ml - Snabbtorkande\" \/>\n<meta property=\"og:description\" content=\"Korrigeringsv\u00e4tska TIPP-EX. Snabbtorkande, vit korrigeringsv\u00e4tska f\u00f6r alla korrigeringar. L\u00e4tt att stryka p\u00e5 och t\u00e4cker perfekt\" \/>\n<meta property=\"og:url\" content=\"https:\/\/www.heddata.se\/webbutik\/produkt\/korrigeringsvatska-tipp-ex-rapid-20ml-snabbtorkande\/\" \/>\n<meta property=\"og:site_name\" content=\"Datorer, Skrivare, F\u00e4rgpatroner, Mobiltelefoner\" \/>\n<meta property=\"article:modified_time\" content=\"2026-04-15T16:10:46+00:00\" \/>\n<meta property=\"og:image\" content=\"https:\/\/www.heddata.se\/webbutik\/wp-content\/uploads\/webbutik\/kategorier\/Kontorstillbehor\/tipp-ex-korrigeringsvatska.jpg\" \/>\n\t<meta property=\"og:image:width\" content=\"960\" \/>\n\t<meta property=\"og:image:height\" content=\"720\" \/>\n\t<meta property=\"og:image:type\" content=\"image\/jpeg\" \/>\n<meta name=\"twitter:card\" content=\"summary_large_image\" \/>\n<script type=\"application\/ld+json\" class=\"yoast-schema-graph\">{\"@context\":\"https:\/\/schema.org\",\"@graph\":[{\"@type\":\"WebPage\",\"@id\":\"https:\/\/www.heddata.se\/webbutik\/produkt\/korrigeringsvatska-tipp-ex-rapid-20ml-snabbtorkande\/\",\"url\":\"https:\/\/www.heddata.se\/webbutik\/produkt\/korrigeringsvatska-tipp-ex-rapid-20ml-snabbtorkande\/\",\"name\":\"Korrigeringsv\u00e4tska TIPP-EX Rapid 20ml - Snabbtorkande\",\"isPartOf\":{\"@id\":\"https:\/\/www.heddata.se\/webbutik\/#website\"},\"primaryImageOfPage\":{\"@id\":\"https:\/\/www.heddata.se\/webbutik\/produkt\/korrigeringsvatska-tipp-ex-rapid-20ml-snabbtorkande\/#primaryimage\"},\"image\":{\"@id\":\"https:\/\/www.heddata.se\/webbutik\/produkt\/korrigeringsvatska-tipp-ex-rapid-20ml-snabbtorkande\/#primaryimage\"},\"thumbnailUrl\":\"https:\/\/www.heddata.se\/webbutik\/wp-content\/uploads\/webbutik\/kategorier\/Kontorstillbehor\/tipp-ex-korrigeringsvatska.jpg\",\"datePublished\":\"2019-12-03T12:44:28+00:00\",\"dateModified\":\"2026-04-15T16:10:46+00:00\",\"description\":\"Korrigeringsv\u00e4tska TIPP-EX. Snabbtorkande, vit korrigeringsv\u00e4tska f\u00f6r alla korrigeringar. L\u00e4tt att stryka p\u00e5 och t\u00e4cker perfekt\",\"breadcrumb\":{\"@id\":\"https:\/\/www.heddata.se\/webbutik\/produkt\/korrigeringsvatska-tipp-ex-rapid-20ml-snabbtorkande\/#breadcrumb\"},\"inLanguage\":\"sv-SE\",\"potentialAction\":[{\"@type\":\"ReadAction\",\"target\":[\"https:\/\/www.heddata.se\/webbutik\/produkt\/korrigeringsvatska-tipp-ex-rapid-20ml-snabbtorkande\/\"]}]},{\"@type\":\"ImageObject\",\"inLanguage\":\"sv-SE\",\"@id\":\"https:\/\/www.heddata.se\/webbutik\/produkt\/korrigeringsvatska-tipp-ex-rapid-20ml-snabbtorkande\/#primaryimage\",\"url\":\"https:\/\/www.heddata.se\/webbutik\/wp-content\/uploads\/webbutik\/kategorier\/Kontorstillbehor\/tipp-ex-korrigeringsvatska.jpg\",\"contentUrl\":\"https:\/\/www.heddata.se\/webbutik\/wp-content\/uploads\/webbutik\/kategorier\/Kontorstillbehor\/tipp-ex-korrigeringsvatska.jpg\",\"width\":960,\"height\":720,\"caption\":\"Korrigeringsv\u00e4tska TIPP-EX Rapid 20ml - Snabbtorkande\"},{\"@type\":\"BreadcrumbList\",\"@id\":\"https:\/\/www.heddata.se\/webbutik\/produkt\/korrigeringsvatska-tipp-ex-rapid-20ml-snabbtorkande\/#breadcrumb\",\"itemListElement\":[{\"@type\":\"ListItem\",\"position\":1,\"name\":\"Hem\",\"item\":\"https:\/\/www.heddata.se\/webbutik\/\"},{\"@type\":\"ListItem\",\"position\":2,\"name\":\"Produkter\",\"item\":\"https:\/\/www.heddata.se\/webbutik\/shop\/\"},{\"@type\":\"ListItem\",\"position\":3,\"name\":\"Korrigeringsv\u00e4tska TIPP-EX Rapid 20ml &#8211; Snabbtorkande\"}]},{\"@type\":\"WebSite\",\"@id\":\"https:\/\/www.heddata.se\/webbutik\/#website\",\"url\":\"https:\/\/www.heddata.se\/webbutik\/\",\"name\":\"Datorer, Skrivare, F\u00e4rgpatroner, Mobiltelefoner\",\"description\":\"Kablar\",\"publisher\":{\"@id\":\"https:\/\/www.heddata.se\/webbutik\/#organization\"},\"potentialAction\":[{\"@type\":\"SearchAction\",\"target\":{\"@type\":\"EntryPoint\",\"urlTemplate\":\"https:\/\/www.heddata.se\/webbutik\/?s={search_term_string}\"},\"query-input\":{\"@type\":\"PropertyValueSpecification\",\"valueRequired\":true,\"valueName\":\"search_term_string\"}}],\"inLanguage\":\"sv-SE\"},{\"@type\":\"Organization\",\"@id\":\"https:\/\/www.heddata.se\/webbutik\/#organization\",\"name\":\"Heddata AB\",\"url\":\"https:\/\/www.heddata.se\/webbutik\/\",\"logo\":{\"@type\":\"ImageObject\",\"inLanguage\":\"sv-SE\",\"@id\":\"https:\/\/www.heddata.se\/webbutik\/#\/schema\/logo\/image\/\",\"url\":\"https:\/\/www.heddata.se\/webbutik\/wp-content\/uploads\/logga\/heddata-ab-logga.png\",\"contentUrl\":\"https:\/\/www.heddata.se\/webbutik\/wp-content\/uploads\/logga\/heddata-ab-logga.png\",\"width\":200,\"height\":64,\"caption\":\"Heddata AB\"},\"image\":{\"@id\":\"https:\/\/www.heddata.se\/webbutik\/#\/schema\/logo\/image\/\"}}]}<\/script>\n<!-- \/ Yoast SEO Premium plugin. -->","yoast_head_json":{"title":"Korrigeringsv\u00e4tska TIPP-EX Rapid 20ml - Snabbtorkande","description":"Korrigeringsv\u00e4tska TIPP-EX. Snabbtorkande, vit korrigeringsv\u00e4tska f\u00f6r alla korrigeringar. L\u00e4tt att stryka p\u00e5 och t\u00e4cker perfekt","robots":{"index":"index","follow":"follow","max-snippet":"max-snippet:-1","max-image-preview":"max-image-preview:large","max-video-preview":"max-video-preview:-1"},"canonical":"https:\/\/www.heddata.se\/webbutik\/produkt\/korrigeringsvatska-tipp-ex-rapid-20ml-snabbtorkande\/","og_locale":"sv_SE","og_type":"article","og_title":"Korrigeringsv\u00e4tska TIPP-EX Rapid 20ml - Snabbtorkande","og_description":"Korrigeringsv\u00e4tska TIPP-EX. Snabbtorkande, vit korrigeringsv\u00e4tska f\u00f6r alla korrigeringar. L\u00e4tt att stryka p\u00e5 och t\u00e4cker perfekt","og_url":"https:\/\/www.heddata.se\/webbutik\/produkt\/korrigeringsvatska-tipp-ex-rapid-20ml-snabbtorkande\/","og_site_name":"Datorer, Skrivare, F\u00e4rgpatroner, Mobiltelefoner","article_modified_time":"2026-04-15T16:10:46+00:00","og_image":[{"width":960,"height":720,"url":"https:\/\/www.heddata.se\/webbutik\/wp-content\/uploads\/webbutik\/kategorier\/Kontorstillbehor\/tipp-ex-korrigeringsvatska.jpg","type":"image\/jpeg"}],"twitter_card":"summary_large_image","schema":{"@context":"https:\/\/schema.org","@graph":[{"@type":"WebPage","@id":"https:\/\/www.heddata.se\/webbutik\/produkt\/korrigeringsvatska-tipp-ex-rapid-20ml-snabbtorkande\/","url":"https:\/\/www.heddata.se\/webbutik\/produkt\/korrigeringsvatska-tipp-ex-rapid-20ml-snabbtorkande\/","name":"Korrigeringsv\u00e4tska TIPP-EX Rapid 20ml - Snabbtorkande","isPartOf":{"@id":"https:\/\/www.heddata.se\/webbutik\/#website"},"primaryImageOfPage":{"@id":"https:\/\/www.heddata.se\/webbutik\/produkt\/korrigeringsvatska-tipp-ex-rapid-20ml-snabbtorkande\/#primaryimage"},"image":{"@id":"https:\/\/www.heddata.se\/webbutik\/produkt\/korrigeringsvatska-tipp-ex-rapid-20ml-snabbtorkande\/#primaryimage"},"thumbnailUrl":"https:\/\/www.heddata.se\/webbutik\/wp-content\/uploads\/webbutik\/kategorier\/Kontorstillbehor\/tipp-ex-korrigeringsvatska.jpg","datePublished":"2019-12-03T12:44:28+00:00","dateModified":"2026-04-15T16:10:46+00:00","description":"Korrigeringsv\u00e4tska TIPP-EX. Snabbtorkande, vit korrigeringsv\u00e4tska f\u00f6r alla korrigeringar. L\u00e4tt att stryka p\u00e5 och t\u00e4cker perfekt","breadcrumb":{"@id":"https:\/\/www.heddata.se\/webbutik\/produkt\/korrigeringsvatska-tipp-ex-rapid-20ml-snabbtorkande\/#breadcrumb"},"inLanguage":"sv-SE","potentialAction":[{"@type":"ReadAction","target":["https:\/\/www.heddata.se\/webbutik\/produkt\/korrigeringsvatska-tipp-ex-rapid-20ml-snabbtorkande\/"]}]},{"@type":"ImageObject","inLanguage":"sv-SE","@id":"https:\/\/www.heddata.se\/webbutik\/produkt\/korrigeringsvatska-tipp-ex-rapid-20ml-snabbtorkande\/#primaryimage","url":"https:\/\/www.heddata.se\/webbutik\/wp-content\/uploads\/webbutik\/kategorier\/Kontorstillbehor\/tipp-ex-korrigeringsvatska.jpg","contentUrl":"https:\/\/www.heddata.se\/webbutik\/wp-content\/uploads\/webbutik\/kategorier\/Kontorstillbehor\/tipp-ex-korrigeringsvatska.jpg","width":960,"height":720,"caption":"Korrigeringsv\u00e4tska TIPP-EX Rapid 20ml - Snabbtorkande"},{"@type":"BreadcrumbList","@id":"https:\/\/www.heddata.se\/webbutik\/produkt\/korrigeringsvatska-tipp-ex-rapid-20ml-snabbtorkande\/#breadcrumb","itemListElement":[{"@type":"ListItem","position":1,"name":"Hem","item":"https:\/\/www.heddata.se\/webbutik\/"},{"@type":"ListItem","position":2,"name":"Produkter","item":"https:\/\/www.heddata.se\/webbutik\/shop\/"},{"@type":"ListItem","position":3,"name":"Korrigeringsv\u00e4tska TIPP-EX Rapid 20ml &#8211; Snabbtorkande"}]},{"@type":"WebSite","@id":"https:\/\/www.heddata.se\/webbutik\/#website","url":"https:\/\/www.heddata.se\/webbutik\/","name":"Datorer, Skrivare, F\u00e4rgpatroner, Mobiltelefoner","description":"Kablar","publisher":{"@id":"https:\/\/www.heddata.se\/webbutik\/#organization"},"potentialAction":[{"@type":"SearchAction","target":{"@type":"EntryPoint","urlTemplate":"https:\/\/www.heddata.se\/webbutik\/?s={search_term_string}"},"query-input":{"@type":"PropertyValueSpecification","valueRequired":true,"valueName":"search_term_string"}}],"inLanguage":"sv-SE"},{"@type":"Organization","@id":"https:\/\/www.heddata.se\/webbutik\/#organization","name":"Heddata AB","url":"https:\/\/www.heddata.se\/webbutik\/","logo":{"@type":"ImageObject","inLanguage":"sv-SE","@id":"https:\/\/www.heddata.se\/webbutik\/#\/schema\/logo\/image\/","url":"https:\/\/www.heddata.se\/webbutik\/wp-content\/uploads\/logga\/heddata-ab-logga.png","contentUrl":"https:\/\/www.heddata.se\/webbutik\/wp-content\/uploads\/logga\/heddata-ab-logga.png","width":200,"height":64,"caption":"Heddata AB"},"image":{"@id":"https:\/\/www.heddata.se\/webbutik\/#\/schema\/logo\/image\/"}}]}},"_links":{"self":[{"href":"https:\/\/www.heddata.se\/webbutik\/wp-json\/wp\/v2\/product\/10556","targetHints":{"allow":["GET"]}}],"collection":[{"href":"https:\/\/www.heddata.se\/webbutik\/wp-json\/wp\/v2\/product"}],"about":[{"href":"https:\/\/www.heddata.se\/webbutik\/wp-json\/wp\/v2\/types\/product"}],"wp:featuredmedia":[{"embeddable":true,"href":"https:\/\/www.heddata.se\/webbutik\/wp-json\/wp\/v2\/media\/52844"}],"wp:attachment":[{"href":"https:\/\/www.heddata.se\/webbutik\/wp-json\/wp\/v2\/media?parent=10556"}],"wp:term":[{"taxonomy":"product_brand","embeddable":true,"href":"https:\/\/www.heddata.se\/webbutik\/wp-json\/wp\/v2\/product_brand?post=10556"},{"taxonomy":"product_cat","embeddable":true,"href":"https:\/\/www.heddata.se\/webbutik\/wp-json\/wp\/v2\/product_cat?post=10556"},{"taxonomy":"product_tag","embeddable":true,"href":"https:\/\/www.heddata.se\/webbutik\/wp-json\/wp\/v2\/product_tag?post=10556"}],"curies":[{"name":"wp","href":"https:\/\/api.w.org\/{rel}","templated":true}]}}