{"id":10537,"date":"2019-12-03T13:44:23","date_gmt":"2019-12-03T12:44:23","guid":{"rendered":"https:\/\/www.heddata.se\/webbutik\/?post_type=product&#038;p=10537"},"modified":"2026-04-09T10:20:33","modified_gmt":"2026-04-09T08:20:33","slug":"edifier-r1850db-2-0-matte-black","status":"publish","type":"product","link":"https:\/\/www.heddata.se\/webbutik\/produkt\/edifier-r1850db-2-0-matte-black\/","title":{"rendered":"Edifier R1850DB 2.0 Matte Black | Edifier H\u00f6gtalare"},"content":{"rendered":"<p>Edifier R1850DB \u00e4r ett aktivt 2.0 h\u00f6gtalarsystem med den senaste Bluetooth-tekniken. H\u00f6gtalarna \u00e4r dessutom designade med 10 graders vinkel f\u00f6r att direkt rikta ljudet mot dig som lyssnar. De omges av det lyxiga MDF materialet som \u00e4r framtaget f\u00f6r att minimera akustisk resonans.<br \/>\nBasen vibrerar varje rum eller utrymme som den bor i, vilket ocks\u00e5 skapar en idealisk atmosf\u00e4r f\u00f6r underh\u00e5llning.<\/p>\n<p>Titel: Edifier R1850DB 2.0 &#8211; Matte Black<br \/>\nKategori: 2.0 | <a href=\"https:\/\/www.heddata.se\/webbutik\/hemelektronik\/ljudsystem-hogtalare\/\">H\u00f6gtalare<\/a><br \/>\nArtikelnummer: 1101501<br \/>\nLagerstatus: Os\u00e4ker leveranstid<br \/>\nTillverkare: <a href=\"https:\/\/www.edifier.com\/int\/en\" target=\"_blank\" rel=\"noopener noreferrer\">Edifier<\/a><\/p>\n","protected":false},"excerpt":{"rendered":"<p>Edifier R1850DB<\/p>\n","protected":false},"featured_media":14114,"template":"","meta":[],"product_brand":[],"product_cat":[83],"product_tag":[],"class_list":{"0":"post-10537","1":"product","2":"type-product","3":"status-publish","4":"has-post-thumbnail","6":"product_cat-ljudsystem-hogtalare","8":"first","9":"outofstock","10":"taxable","11":"shipping-taxable","12":"product-type-simple"},"yoast_head":"<!-- This site is optimized with the Yoast SEO Premium plugin v26.7 (Yoast SEO v26.7) - https:\/\/yoast.com\/wordpress\/plugins\/seo\/ -->\n<title>Edifier R1850DB 2.0 Matte Black | Edifier H\u00f6gtalare<\/title>\n<meta name=\"description\" content=\"Edifier R1850DB \u00e4r ett aktivt 2.0 h\u00f6gtalarsystem med den senaste Bluetooth-tekniken. Basen vibrerar varje rum eller utrymme som den bor i.\" \/>\n<meta name=\"robots\" content=\"index, follow, max-snippet:-1, max-image-preview:large, max-video-preview:-1\" \/>\n<link rel=\"canonical\" href=\"https:\/\/www.heddata.se\/webbutik\/produkt\/edifier-r1850db-2-0-matte-black\/\" \/>\n<meta property=\"og:locale\" content=\"sv_SE\" \/>\n<meta property=\"og:type\" content=\"article\" \/>\n<meta property=\"og:title\" content=\"Edifier R1850DB 2.0 Matte Black | Edifier H\u00f6gtalare\" \/>\n<meta property=\"og:description\" content=\"Edifier R1850DB \u00e4r ett aktivt 2.0 h\u00f6gtalarsystem med den senaste Bluetooth-tekniken. Basen vibrerar varje rum eller utrymme som den bor i.\" \/>\n<meta property=\"og:url\" content=\"https:\/\/www.heddata.se\/webbutik\/produkt\/edifier-r1850db-2-0-matte-black\/\" \/>\n<meta property=\"og:site_name\" content=\"Datorer, Skrivare, F\u00e4rgpatroner, Mobiltelefoner\" \/>\n<meta property=\"article:modified_time\" content=\"2026-04-09T08:20:33+00:00\" \/>\n<meta property=\"og:image\" content=\"https:\/\/www.heddata.se\/webbutik\/wp-content\/uploads\/webbutik\/kategorier\/Hemelektronik\/Edifier-R1850DB-2.0-Matte-Black.jpg\" \/>\n\t<meta property=\"og:image:width\" content=\"600\" \/>\n\t<meta property=\"og:image:height\" content=\"600\" \/>\n\t<meta property=\"og:image:type\" content=\"image\/jpeg\" \/>\n<meta name=\"twitter:card\" content=\"summary_large_image\" \/>\n<script type=\"application\/ld+json\" class=\"yoast-schema-graph\">{\"@context\":\"https:\/\/schema.org\",\"@graph\":[{\"@type\":\"WebPage\",\"@id\":\"https:\/\/www.heddata.se\/webbutik\/produkt\/edifier-r1850db-2-0-matte-black\/\",\"url\":\"https:\/\/www.heddata.se\/webbutik\/produkt\/edifier-r1850db-2-0-matte-black\/\",\"name\":\"Edifier R1850DB 2.0 Matte Black | Edifier H\u00f6gtalare\",\"isPartOf\":{\"@id\":\"https:\/\/www.heddata.se\/webbutik\/#website\"},\"primaryImageOfPage\":{\"@id\":\"https:\/\/www.heddata.se\/webbutik\/produkt\/edifier-r1850db-2-0-matte-black\/#primaryimage\"},\"image\":{\"@id\":\"https:\/\/www.heddata.se\/webbutik\/produkt\/edifier-r1850db-2-0-matte-black\/#primaryimage\"},\"thumbnailUrl\":\"https:\/\/www.heddata.se\/webbutik\/wp-content\/uploads\/webbutik\/kategorier\/Hemelektronik\/Edifier-R1850DB-2.0-Matte-Black.jpg\",\"datePublished\":\"2019-12-03T12:44:23+00:00\",\"dateModified\":\"2026-04-09T08:20:33+00:00\",\"description\":\"Edifier R1850DB \u00e4r ett aktivt 2.0 h\u00f6gtalarsystem med den senaste Bluetooth-tekniken. Basen vibrerar varje rum eller utrymme som den bor i.\",\"breadcrumb\":{\"@id\":\"https:\/\/www.heddata.se\/webbutik\/produkt\/edifier-r1850db-2-0-matte-black\/#breadcrumb\"},\"inLanguage\":\"sv-SE\",\"potentialAction\":[{\"@type\":\"ReadAction\",\"target\":[\"https:\/\/www.heddata.se\/webbutik\/produkt\/edifier-r1850db-2-0-matte-black\/\"]}]},{\"@type\":\"ImageObject\",\"inLanguage\":\"sv-SE\",\"@id\":\"https:\/\/www.heddata.se\/webbutik\/produkt\/edifier-r1850db-2-0-matte-black\/#primaryimage\",\"url\":\"https:\/\/www.heddata.se\/webbutik\/wp-content\/uploads\/webbutik\/kategorier\/Hemelektronik\/Edifier-R1850DB-2.0-Matte-Black.jpg\",\"contentUrl\":\"https:\/\/www.heddata.se\/webbutik\/wp-content\/uploads\/webbutik\/kategorier\/Hemelektronik\/Edifier-R1850DB-2.0-Matte-Black.jpg\",\"width\":600,\"height\":600,\"caption\":\"Edifier R1850DB 2.0 Matte Black | Edifier H\u00f6gtalare\"},{\"@type\":\"BreadcrumbList\",\"@id\":\"https:\/\/www.heddata.se\/webbutik\/produkt\/edifier-r1850db-2-0-matte-black\/#breadcrumb\",\"itemListElement\":[{\"@type\":\"ListItem\",\"position\":1,\"name\":\"Hem\",\"item\":\"https:\/\/www.heddata.se\/webbutik\/\"},{\"@type\":\"ListItem\",\"position\":2,\"name\":\"Produkter\",\"item\":\"https:\/\/www.heddata.se\/webbutik\/shop\/\"},{\"@type\":\"ListItem\",\"position\":3,\"name\":\"Edifier R1850DB 2.0 Matte Black | Edifier H\u00f6gtalare\"}]},{\"@type\":\"WebSite\",\"@id\":\"https:\/\/www.heddata.se\/webbutik\/#website\",\"url\":\"https:\/\/www.heddata.se\/webbutik\/\",\"name\":\"Datorer, Skrivare, F\u00e4rgpatroner, Mobiltelefoner\",\"description\":\"Kablar\",\"publisher\":{\"@id\":\"https:\/\/www.heddata.se\/webbutik\/#organization\"},\"potentialAction\":[{\"@type\":\"SearchAction\",\"target\":{\"@type\":\"EntryPoint\",\"urlTemplate\":\"https:\/\/www.heddata.se\/webbutik\/?s={search_term_string}\"},\"query-input\":{\"@type\":\"PropertyValueSpecification\",\"valueRequired\":true,\"valueName\":\"search_term_string\"}}],\"inLanguage\":\"sv-SE\"},{\"@type\":\"Organization\",\"@id\":\"https:\/\/www.heddata.se\/webbutik\/#organization\",\"name\":\"Heddata AB\",\"url\":\"https:\/\/www.heddata.se\/webbutik\/\",\"logo\":{\"@type\":\"ImageObject\",\"inLanguage\":\"sv-SE\",\"@id\":\"https:\/\/www.heddata.se\/webbutik\/#\/schema\/logo\/image\/\",\"url\":\"https:\/\/www.heddata.se\/webbutik\/wp-content\/uploads\/logga\/heddata-ab-logga.png\",\"contentUrl\":\"https:\/\/www.heddata.se\/webbutik\/wp-content\/uploads\/logga\/heddata-ab-logga.png\",\"width\":200,\"height\":64,\"caption\":\"Heddata AB\"},\"image\":{\"@id\":\"https:\/\/www.heddata.se\/webbutik\/#\/schema\/logo\/image\/\"}}]}<\/script>\n<!-- \/ Yoast SEO Premium plugin. -->","yoast_head_json":{"title":"Edifier R1850DB 2.0 Matte Black | Edifier H\u00f6gtalare","description":"Edifier R1850DB \u00e4r ett aktivt 2.0 h\u00f6gtalarsystem med den senaste Bluetooth-tekniken. Basen vibrerar varje rum eller utrymme som den bor i.","robots":{"index":"index","follow":"follow","max-snippet":"max-snippet:-1","max-image-preview":"max-image-preview:large","max-video-preview":"max-video-preview:-1"},"canonical":"https:\/\/www.heddata.se\/webbutik\/produkt\/edifier-r1850db-2-0-matte-black\/","og_locale":"sv_SE","og_type":"article","og_title":"Edifier R1850DB 2.0 Matte Black | Edifier H\u00f6gtalare","og_description":"Edifier R1850DB \u00e4r ett aktivt 2.0 h\u00f6gtalarsystem med den senaste Bluetooth-tekniken. Basen vibrerar varje rum eller utrymme som den bor i.","og_url":"https:\/\/www.heddata.se\/webbutik\/produkt\/edifier-r1850db-2-0-matte-black\/","og_site_name":"Datorer, Skrivare, F\u00e4rgpatroner, Mobiltelefoner","article_modified_time":"2026-04-09T08:20:33+00:00","og_image":[{"width":600,"height":600,"url":"https:\/\/www.heddata.se\/webbutik\/wp-content\/uploads\/webbutik\/kategorier\/Hemelektronik\/Edifier-R1850DB-2.0-Matte-Black.jpg","type":"image\/jpeg"}],"twitter_card":"summary_large_image","schema":{"@context":"https:\/\/schema.org","@graph":[{"@type":"WebPage","@id":"https:\/\/www.heddata.se\/webbutik\/produkt\/edifier-r1850db-2-0-matte-black\/","url":"https:\/\/www.heddata.se\/webbutik\/produkt\/edifier-r1850db-2-0-matte-black\/","name":"Edifier R1850DB 2.0 Matte Black | Edifier H\u00f6gtalare","isPartOf":{"@id":"https:\/\/www.heddata.se\/webbutik\/#website"},"primaryImageOfPage":{"@id":"https:\/\/www.heddata.se\/webbutik\/produkt\/edifier-r1850db-2-0-matte-black\/#primaryimage"},"image":{"@id":"https:\/\/www.heddata.se\/webbutik\/produkt\/edifier-r1850db-2-0-matte-black\/#primaryimage"},"thumbnailUrl":"https:\/\/www.heddata.se\/webbutik\/wp-content\/uploads\/webbutik\/kategorier\/Hemelektronik\/Edifier-R1850DB-2.0-Matte-Black.jpg","datePublished":"2019-12-03T12:44:23+00:00","dateModified":"2026-04-09T08:20:33+00:00","description":"Edifier R1850DB \u00e4r ett aktivt 2.0 h\u00f6gtalarsystem med den senaste Bluetooth-tekniken. Basen vibrerar varje rum eller utrymme som den bor i.","breadcrumb":{"@id":"https:\/\/www.heddata.se\/webbutik\/produkt\/edifier-r1850db-2-0-matte-black\/#breadcrumb"},"inLanguage":"sv-SE","potentialAction":[{"@type":"ReadAction","target":["https:\/\/www.heddata.se\/webbutik\/produkt\/edifier-r1850db-2-0-matte-black\/"]}]},{"@type":"ImageObject","inLanguage":"sv-SE","@id":"https:\/\/www.heddata.se\/webbutik\/produkt\/edifier-r1850db-2-0-matte-black\/#primaryimage","url":"https:\/\/www.heddata.se\/webbutik\/wp-content\/uploads\/webbutik\/kategorier\/Hemelektronik\/Edifier-R1850DB-2.0-Matte-Black.jpg","contentUrl":"https:\/\/www.heddata.se\/webbutik\/wp-content\/uploads\/webbutik\/kategorier\/Hemelektronik\/Edifier-R1850DB-2.0-Matte-Black.jpg","width":600,"height":600,"caption":"Edifier R1850DB 2.0 Matte Black | Edifier H\u00f6gtalare"},{"@type":"BreadcrumbList","@id":"https:\/\/www.heddata.se\/webbutik\/produkt\/edifier-r1850db-2-0-matte-black\/#breadcrumb","itemListElement":[{"@type":"ListItem","position":1,"name":"Hem","item":"https:\/\/www.heddata.se\/webbutik\/"},{"@type":"ListItem","position":2,"name":"Produkter","item":"https:\/\/www.heddata.se\/webbutik\/shop\/"},{"@type":"ListItem","position":3,"name":"Edifier R1850DB 2.0 Matte Black | Edifier H\u00f6gtalare"}]},{"@type":"WebSite","@id":"https:\/\/www.heddata.se\/webbutik\/#website","url":"https:\/\/www.heddata.se\/webbutik\/","name":"Datorer, Skrivare, F\u00e4rgpatroner, Mobiltelefoner","description":"Kablar","publisher":{"@id":"https:\/\/www.heddata.se\/webbutik\/#organization"},"potentialAction":[{"@type":"SearchAction","target":{"@type":"EntryPoint","urlTemplate":"https:\/\/www.heddata.se\/webbutik\/?s={search_term_string}"},"query-input":{"@type":"PropertyValueSpecification","valueRequired":true,"valueName":"search_term_string"}}],"inLanguage":"sv-SE"},{"@type":"Organization","@id":"https:\/\/www.heddata.se\/webbutik\/#organization","name":"Heddata AB","url":"https:\/\/www.heddata.se\/webbutik\/","logo":{"@type":"ImageObject","inLanguage":"sv-SE","@id":"https:\/\/www.heddata.se\/webbutik\/#\/schema\/logo\/image\/","url":"https:\/\/www.heddata.se\/webbutik\/wp-content\/uploads\/logga\/heddata-ab-logga.png","contentUrl":"https:\/\/www.heddata.se\/webbutik\/wp-content\/uploads\/logga\/heddata-ab-logga.png","width":200,"height":64,"caption":"Heddata AB"},"image":{"@id":"https:\/\/www.heddata.se\/webbutik\/#\/schema\/logo\/image\/"}}]}},"_links":{"self":[{"href":"https:\/\/www.heddata.se\/webbutik\/wp-json\/wp\/v2\/product\/10537","targetHints":{"allow":["GET"]}}],"collection":[{"href":"https:\/\/www.heddata.se\/webbutik\/wp-json\/wp\/v2\/product"}],"about":[{"href":"https:\/\/www.heddata.se\/webbutik\/wp-json\/wp\/v2\/types\/product"}],"wp:featuredmedia":[{"embeddable":true,"href":"https:\/\/www.heddata.se\/webbutik\/wp-json\/wp\/v2\/media\/14114"}],"wp:attachment":[{"href":"https:\/\/www.heddata.se\/webbutik\/wp-json\/wp\/v2\/media?parent=10537"}],"wp:term":[{"taxonomy":"product_brand","embeddable":true,"href":"https:\/\/www.heddata.se\/webbutik\/wp-json\/wp\/v2\/product_brand?post=10537"},{"taxonomy":"product_cat","embeddable":true,"href":"https:\/\/www.heddata.se\/webbutik\/wp-json\/wp\/v2\/product_cat?post=10537"},{"taxonomy":"product_tag","embeddable":true,"href":"https:\/\/www.heddata.se\/webbutik\/wp-json\/wp\/v2\/product_tag?post=10537"}],"curies":[{"name":"wp","href":"https:\/\/api.w.org\/{rel}","templated":true}]}}