{"id":752,"date":"2016-02-07T16:42:37","date_gmt":"2016-02-07T15:42:37","guid":{"rendered":"http:\/\/www.heddata.se\/?page_id=752"},"modified":"2020-09-16T10:20:51","modified_gmt":"2020-09-16T08:20:51","slug":"eset-nod32-antivirus-fornya-online","status":"publish","type":"page","link":"https:\/\/www.heddata.se\/webbutik\/eset-nod32-antivirus-fornya-online\/","title":{"rendered":"ESET Nod32 Antivirus f\u00f6rnya online"},"content":{"rendered":"","protected":false},"excerpt":{"rendered":"","protected":false},"author":1,"featured_media":0,"parent":0,"menu_order":21,"comment_status":"closed","ping_status":"closed","template":"page-eset2.php","meta":{"footnotes":""},"class_list":["post-752","page","type-page","status-publish","hentry"],"yoast_head":"<!-- This site is optimized with the Yoast SEO Premium plugin v26.7 (Yoast SEO v26.7) - https:\/\/yoast.com\/wordpress\/plugins\/seo\/ -->\n<title>F\u00f6rnya din ESET Nod32 Antivirus eller Internet Security licens online<\/title>\n<meta name=\"description\" content=\"Har din ESET licens g\u00e5tt ut? Hos oss kan du f\u00f6rnya ESET snabbt och enkelt direkt online. F\u00f6rnya ESET Antivirus och ESET Internet Security.\" \/>\n<meta name=\"robots\" content=\"index, follow, max-snippet:-1, max-image-preview:large, max-video-preview:-1\" \/>\n<link rel=\"canonical\" href=\"https:\/\/www.heddata.se\/webbutik\/eset-nod32-antivirus-fornya-online\/\" \/>\n<meta property=\"og:locale\" content=\"sv_SE\" \/>\n<meta property=\"og:type\" content=\"article\" \/>\n<meta property=\"og:title\" content=\"ESET Nod32 Antivirus f\u00f6rnya online\" \/>\n<meta property=\"og:description\" content=\"Har din ESET licens g\u00e5tt ut? Hos oss kan du f\u00f6rnya ESET snabbt och enkelt direkt online. F\u00f6rnya ESET Antivirus och ESET Internet Security.\" \/>\n<meta property=\"og:url\" content=\"https:\/\/www.heddata.se\/webbutik\/eset-nod32-antivirus-fornya-online\/\" \/>\n<meta property=\"og:site_name\" content=\"Datorer, Skrivare, F\u00e4rgpatroner, Mobiltelefoner\" \/>\n<meta property=\"article:modified_time\" content=\"2020-09-16T08:20:51+00:00\" \/>\n<meta property=\"og:image\" content=\"https:\/\/www.heddata.se\/webbutik\/wp-content\/uploads\/sidor\/eset-red-icon.png\" \/>\n\t<meta property=\"og:image:width\" content=\"675\" \/>\n\t<meta property=\"og:image:height\" content=\"352\" \/>\n\t<meta property=\"og:image:type\" content=\"image\/png\" \/>\n<meta name=\"twitter:card\" content=\"summary_large_image\" \/>\n<script type=\"application\/ld+json\" class=\"yoast-schema-graph\">{\"@context\":\"https:\/\/schema.org\",\"@graph\":[{\"@type\":\"WebPage\",\"@id\":\"https:\/\/www.heddata.se\/webbutik\/eset-nod32-antivirus-fornya-online\/\",\"url\":\"https:\/\/www.heddata.se\/webbutik\/eset-nod32-antivirus-fornya-online\/\",\"name\":\"F\u00f6rnya din ESET Nod32 Antivirus eller Internet Security licens online\",\"isPartOf\":{\"@id\":\"https:\/\/www.heddata.se\/webbutik\/#website\"},\"datePublished\":\"2016-02-07T15:42:37+00:00\",\"dateModified\":\"2020-09-16T08:20:51+00:00\",\"description\":\"Har din ESET licens g\u00e5tt ut? Hos oss kan du f\u00f6rnya ESET snabbt och enkelt direkt online. F\u00f6rnya ESET Antivirus och ESET Internet Security.\",\"breadcrumb\":{\"@id\":\"https:\/\/www.heddata.se\/webbutik\/eset-nod32-antivirus-fornya-online\/#breadcrumb\"},\"inLanguage\":\"sv-SE\",\"potentialAction\":[{\"@type\":\"ReadAction\",\"target\":[\"https:\/\/www.heddata.se\/webbutik\/eset-nod32-antivirus-fornya-online\/\"]}]},{\"@type\":\"BreadcrumbList\",\"@id\":\"https:\/\/www.heddata.se\/webbutik\/eset-nod32-antivirus-fornya-online\/#breadcrumb\",\"itemListElement\":[{\"@type\":\"ListItem\",\"position\":1,\"name\":\"Hem\",\"item\":\"https:\/\/www.heddata.se\/webbutik\/\"},{\"@type\":\"ListItem\",\"position\":2,\"name\":\"ESET Nod32 Antivirus f\u00f6rnya online\"}]},{\"@type\":\"WebSite\",\"@id\":\"https:\/\/www.heddata.se\/webbutik\/#website\",\"url\":\"https:\/\/www.heddata.se\/webbutik\/\",\"name\":\"Datorer, Skrivare, F\u00e4rgpatroner, Mobiltelefoner\",\"description\":\"Kablar\",\"publisher\":{\"@id\":\"https:\/\/www.heddata.se\/webbutik\/#organization\"},\"potentialAction\":[{\"@type\":\"SearchAction\",\"target\":{\"@type\":\"EntryPoint\",\"urlTemplate\":\"https:\/\/www.heddata.se\/webbutik\/?s={search_term_string}\"},\"query-input\":{\"@type\":\"PropertyValueSpecification\",\"valueRequired\":true,\"valueName\":\"search_term_string\"}}],\"inLanguage\":\"sv-SE\"},{\"@type\":\"Organization\",\"@id\":\"https:\/\/www.heddata.se\/webbutik\/#organization\",\"name\":\"Heddata AB\",\"url\":\"https:\/\/www.heddata.se\/webbutik\/\",\"logo\":{\"@type\":\"ImageObject\",\"inLanguage\":\"sv-SE\",\"@id\":\"https:\/\/www.heddata.se\/webbutik\/#\/schema\/logo\/image\/\",\"url\":\"https:\/\/www.heddata.se\/webbutik\/wp-content\/uploads\/logga\/heddata-ab-logga.png\",\"contentUrl\":\"https:\/\/www.heddata.se\/webbutik\/wp-content\/uploads\/logga\/heddata-ab-logga.png\",\"width\":200,\"height\":64,\"caption\":\"Heddata AB\"},\"image\":{\"@id\":\"https:\/\/www.heddata.se\/webbutik\/#\/schema\/logo\/image\/\"}}]}<\/script>\n<!-- \/ Yoast SEO Premium plugin. -->","yoast_head_json":{"title":"F\u00f6rnya din ESET Nod32 Antivirus eller Internet Security licens online","description":"Har din ESET licens g\u00e5tt ut? Hos oss kan du f\u00f6rnya ESET snabbt och enkelt direkt online. F\u00f6rnya ESET Antivirus och ESET Internet Security.","robots":{"index":"index","follow":"follow","max-snippet":"max-snippet:-1","max-image-preview":"max-image-preview:large","max-video-preview":"max-video-preview:-1"},"canonical":"https:\/\/www.heddata.se\/webbutik\/eset-nod32-antivirus-fornya-online\/","og_locale":"sv_SE","og_type":"article","og_title":"ESET Nod32 Antivirus f\u00f6rnya online","og_description":"Har din ESET licens g\u00e5tt ut? Hos oss kan du f\u00f6rnya ESET snabbt och enkelt direkt online. F\u00f6rnya ESET Antivirus och ESET Internet Security.","og_url":"https:\/\/www.heddata.se\/webbutik\/eset-nod32-antivirus-fornya-online\/","og_site_name":"Datorer, Skrivare, F\u00e4rgpatroner, Mobiltelefoner","article_modified_time":"2020-09-16T08:20:51+00:00","og_image":[{"width":675,"height":352,"url":"https:\/\/www.heddata.se\/webbutik\/wp-content\/uploads\/sidor\/eset-red-icon.png","type":"image\/png"}],"twitter_card":"summary_large_image","schema":{"@context":"https:\/\/schema.org","@graph":[{"@type":"WebPage","@id":"https:\/\/www.heddata.se\/webbutik\/eset-nod32-antivirus-fornya-online\/","url":"https:\/\/www.heddata.se\/webbutik\/eset-nod32-antivirus-fornya-online\/","name":"F\u00f6rnya din ESET Nod32 Antivirus eller Internet Security licens online","isPartOf":{"@id":"https:\/\/www.heddata.se\/webbutik\/#website"},"datePublished":"2016-02-07T15:42:37+00:00","dateModified":"2020-09-16T08:20:51+00:00","description":"Har din ESET licens g\u00e5tt ut? Hos oss kan du f\u00f6rnya ESET snabbt och enkelt direkt online. F\u00f6rnya ESET Antivirus och ESET Internet Security.","breadcrumb":{"@id":"https:\/\/www.heddata.se\/webbutik\/eset-nod32-antivirus-fornya-online\/#breadcrumb"},"inLanguage":"sv-SE","potentialAction":[{"@type":"ReadAction","target":["https:\/\/www.heddata.se\/webbutik\/eset-nod32-antivirus-fornya-online\/"]}]},{"@type":"BreadcrumbList","@id":"https:\/\/www.heddata.se\/webbutik\/eset-nod32-antivirus-fornya-online\/#breadcrumb","itemListElement":[{"@type":"ListItem","position":1,"name":"Hem","item":"https:\/\/www.heddata.se\/webbutik\/"},{"@type":"ListItem","position":2,"name":"ESET Nod32 Antivirus f\u00f6rnya online"}]},{"@type":"WebSite","@id":"https:\/\/www.heddata.se\/webbutik\/#website","url":"https:\/\/www.heddata.se\/webbutik\/","name":"Datorer, Skrivare, F\u00e4rgpatroner, Mobiltelefoner","description":"Kablar","publisher":{"@id":"https:\/\/www.heddata.se\/webbutik\/#organization"},"potentialAction":[{"@type":"SearchAction","target":{"@type":"EntryPoint","urlTemplate":"https:\/\/www.heddata.se\/webbutik\/?s={search_term_string}"},"query-input":{"@type":"PropertyValueSpecification","valueRequired":true,"valueName":"search_term_string"}}],"inLanguage":"sv-SE"},{"@type":"Organization","@id":"https:\/\/www.heddata.se\/webbutik\/#organization","name":"Heddata AB","url":"https:\/\/www.heddata.se\/webbutik\/","logo":{"@type":"ImageObject","inLanguage":"sv-SE","@id":"https:\/\/www.heddata.se\/webbutik\/#\/schema\/logo\/image\/","url":"https:\/\/www.heddata.se\/webbutik\/wp-content\/uploads\/logga\/heddata-ab-logga.png","contentUrl":"https:\/\/www.heddata.se\/webbutik\/wp-content\/uploads\/logga\/heddata-ab-logga.png","width":200,"height":64,"caption":"Heddata AB"},"image":{"@id":"https:\/\/www.heddata.se\/webbutik\/#\/schema\/logo\/image\/"}}]}},"_links":{"self":[{"href":"https:\/\/www.heddata.se\/webbutik\/wp-json\/wp\/v2\/pages\/752","targetHints":{"allow":["GET"]}}],"collection":[{"href":"https:\/\/www.heddata.se\/webbutik\/wp-json\/wp\/v2\/pages"}],"about":[{"href":"https:\/\/www.heddata.se\/webbutik\/wp-json\/wp\/v2\/types\/page"}],"author":[{"embeddable":true,"href":"https:\/\/www.heddata.se\/webbutik\/wp-json\/wp\/v2\/users\/1"}],"replies":[{"embeddable":true,"href":"https:\/\/www.heddata.se\/webbutik\/wp-json\/wp\/v2\/comments?post=752"}],"version-history":[{"count":10,"href":"https:\/\/www.heddata.se\/webbutik\/wp-json\/wp\/v2\/pages\/752\/revisions"}],"predecessor-version":[{"id":2272,"href":"https:\/\/www.heddata.se\/webbutik\/wp-json\/wp\/v2\/pages\/752\/revisions\/2272"}],"wp:attachment":[{"href":"https:\/\/www.heddata.se\/webbutik\/wp-json\/wp\/v2\/media?parent=752"}],"curies":[{"name":"wp","href":"https:\/\/api.w.org\/{rel}","templated":true}]}}