{"id":4225,"date":"2019-11-05T13:32:29","date_gmt":"2019-11-05T12:32:29","guid":{"rendered":"https:\/\/www.heddata.se\/webbutik\/?page_id=4225"},"modified":"2024-03-25T10:45:02","modified_gmt":"2024-03-25T09:45:02","slug":"blackstraleskrivare","status":"publish","type":"page","link":"https:\/\/www.heddata.se\/webbutik\/skrivare-blackstrale-monolaser\/blackstraleskrivare\/","title":{"rendered":"Bl\u00e4ckstr\u00e5leskrivare"},"content":{"rendered":"\n  <div class=\"banner has-hover hide-for-small\" id=\"banner-146313236\">\n          <div class=\"banner-inner fill\">\n        <div class=\"banner-bg fill\" >\n            <img loading=\"lazy\" decoding=\"async\" width=\"1920\" height=\"567\" src=\"https:\/\/www.heddata.se\/webbutik\/wp-content\/uploads\/webbutik\/kategorier\/Bl\u00e4ckpatroner-toners\/kontor.jpg\" class=\"bg attachment-original size-original\" alt=\"kontor\" \/>                        <div class=\"overlay\"><\/div>            \n                    <\/div>\n\t\t\n        <div class=\"banner-layers container\">\n            <div class=\"fill banner-link\"><\/div>            \n   <div id=\"text-box-1019438759\" class=\"text-box banner-layer x50 md-x50 lg-x50 y5 md-y5 lg-y5 res-text\">\n                     <div data-animate=\"fadeInUp\">           <div class=\"text-box-content text dark\">\n              \n              <div class=\"text-inner text-center\">\n                  \n<h2 class=\"uppercase\"><span style=\"font-size: 80%;color: #ededed\"><strong>Bl\u00e4ckstr\u00e5leskrivare<\/strong><\/span><\/h2>\n<p class=\"uppercase\"><span style=\"color: #ffffff\">En bl\u00e4ckstr\u00e5leskrivare anv\u00e4nder sig av flytande bl\u00e4ck<\/span><\/p>\n<p>Letar du efter en skrivare som hj\u00e4lper dig att skriva ut h\u00f6gkvalitativa foton? Dessa skrivare \u00e4r n\u00e4mligen proffs p\u00e5 fotoutskrift!<\/p>\n<p>Bl\u00e4ckstr\u00e5leskrivare finns i alla m\u00f6jliga olika former med varierande funktioner. Till exempel tr\u00e5dl\u00f6s utskrift, vilket inneb\u00e4r att du inte beh\u00f6ver n\u00e5gon kabel till din dator och dessutom kan skriva ut direkt fr\u00e5n din telefon eller surfplatta. Eller multifunktion, vilket inneb\u00e4r att din skrivare kan b\u00e5de skriva ut, skanna, kopiera och har i vissa fall \u00e4ven FAX.<br \/>\nDu kan v\u00e4lja mellan en bl\u00e4ckstr\u00e5leskrivare som skriver enbart i svartvitt, eller en som klarar av att leverera f\u00e4rgsprakande foton. Dessa f\u00e4rgskrivare anv\u00e4nder allt fr\u00e5n 2 bl\u00e4ckpatroner och upp\u00e5t.<br \/>\nDenna typ av skrivare \u00e4r v\u00e4ldigt vanlig f\u00f6r hemmabruk och sm\u00e5 f\u00f6retag. Men idag finns det \u00e4ven v\u00e4ldigt stora Bl\u00e4ckstr\u00e5leskrivare d\u00e4r bl\u00e4cket r\u00e4cker l\u00e4nge och utskriftshastigheten \u00e4r snabb.<\/p>\n              <\/div>\n           <\/div>\n       <\/div>                     \n<style>\n#text-box-1019438759 .text-box-content {\n  background-color: rgba(0, 0, 0, 0.41);\n  font-size: 104%;\n}\n#text-box-1019438759 .text-inner {\n  padding: 20px 20px 20px 20px;\n}\n#text-box-1019438759 {\n  width: 90%;\n}\n<\/style>\n    <\/div>\n \n   <div id=\"text-box-2077299934\" class=\"text-box banner-layer x50 md-x50 lg-x50 y95 md-y95 lg-y95 res-text\">\n                                <div class=\"text-box-content text dark\">\n              \n              <div class=\"text-inner text-center\">\n                  \n<a href=\"https:\/\/www.heddata.se\/webbutik\/blackpatroner-toners\/blackpatroner\/brother-blackpatroner\/\" class=\"button primary is-gloss\" >\n\t\t<span>Brother bl\u00e4ck<\/span>\n\t<i class=\"icon-angle-right\" aria-hidden=\"true\"><\/i><\/a>\n\n<a href=\"https:\/\/www.heddata.se\/webbutik\/blackpatroner-toners\/blackpatroner\/canon-blackpatroner\/\" class=\"button primary is-gloss\" >\n\t\t<span>canon bl\u00e4ck<\/span>\n\t<i class=\"icon-angle-right\" aria-hidden=\"true\"><\/i><\/a>\n\n<a href=\"https:\/\/www.heddata.se\/webbutik\/blackpatroner-toners\/blackpatroner\/hp-blackpatroner\/\" class=\"button primary is-gloss\" >\n\t\t<span>hp bl\u00e4ck<\/span>\n\t<i class=\"icon-angle-right\" aria-hidden=\"true\"><\/i><\/a>\n\n              <\/div>\n           <\/div>\n                            \n<style>\n#text-box-2077299934 {\n  margin: 0px 0px 0px 0px;\n  width: 60%;\n}\n#text-box-2077299934 .text-inner {\n  padding: 0px 0px 0px 0px;\n}\n#text-box-2077299934 .text-box-content {\n  font-size: 100%;\n}\n<\/style>\n    <\/div>\n \n        <\/div>\n      <\/div>\n\n            \n<style>\n#banner-146313236 {\n  padding-top: 507px;\n  background-color: rgba(255, 255, 255, 0.3);\n}\n#banner-146313236 .overlay {\n  background-color: rgba(255, 255, 255, 0.78);\n}\n#banner-146313236 .banner-bg img {\n  object-position: 0% 100%;\n}\n<\/style>\n  <\/div>\n\n\n\n  <div class=\"banner has-hover show-for-small\" id=\"banner-1710781684\">\n          <div class=\"banner-inner fill\">\n        <div class=\"banner-bg fill\" >\n                                    <div class=\"overlay\"><\/div>            \n                    <\/div>\n\t\t\n        <div class=\"banner-layers container\">\n            <div class=\"fill banner-link\"><\/div>            \n   <div id=\"text-box-195682751\" class=\"text-box banner-layer x50 md-x50 lg-x50 y5 md-y5 lg-y5 res-text\">\n                     <div data-animate=\"fadeInUp\">           <div class=\"text-box-content text dark\">\n              \n              <div class=\"text-inner text-center\">\n                  \n<h3 class=\"uppercase\"><span style=\"font-size: 100%;color: #ededed\"><strong>Bl\u00e4ckstr\u00e5leskrivare<\/strong><\/span><\/h3>\n<p class=\"uppercase\"><span style=\"color: #ffffff\">En bl\u00e4ckstr\u00e5leskrivare anv\u00e4nder sig av flytande bl\u00e4ck<\/span><\/p>\n<p>Letar du efter en skrivare som hj\u00e4lper dig att skriva ut h\u00f6gkvalitativa foton? Dessa skrivare \u00e4r n\u00e4mligen proffs p\u00e5 fotoutskrift!<\/p>\n<p>Bl\u00e4ckstr\u00e5leskrivare finns i alla m\u00f6jliga olika former med varierande funktioner. Till exempel tr\u00e5dl\u00f6s utskrift, vilket inneb\u00e4r att du inte beh\u00f6ver n\u00e5gon kabel till din dator och dessutom kan skriva ut direkt fr\u00e5n din telefon eller surfplatta. Eller multifunktion, vilket inneb\u00e4r att din skrivare kan b\u00e5de skriva ut, skanna, kopiera och har i vissa fall \u00e4ven FAX.<br \/>\nDu kan v\u00e4lja mellan en bl\u00e4ckstr\u00e5leskrivare som skriver enbart i svartvitt, eller en som klarar av att leverera f\u00e4rgsprakande foton. Dessa f\u00e4rgskrivare anv\u00e4nder allt fr\u00e5n 2 bl\u00e4ckpatroner och upp\u00e5t.<br \/>\nDenna typ av skrivare \u00e4r v\u00e4ldigt vanlig f\u00f6r hemmabruk och sm\u00e5 f\u00f6retag. Men idag finns det \u00e4ven v\u00e4ldigt stora Bl\u00e4ckstr\u00e5leskrivare d\u00e4r bl\u00e4cket r\u00e4cker l\u00e4nge och utskriftshastigheten \u00e4r snabb.<\/p>\n              <\/div>\n           <\/div>\n       <\/div>                     \n<style>\n#text-box-195682751 .text-box-content {\n  background-color: rgba(0, 0, 0, 0.41);\n  font-size: 104%;\n}\n#text-box-195682751 .text-inner {\n  padding: 20px 20px 20px 20px;\n}\n#text-box-195682751 {\n  width: 90%;\n}\n<\/style>\n    <\/div>\n \n        <\/div>\n      <\/div>\n\n            \n<style>\n#banner-1710781684 {\n  padding-top: 492px;\n  background-color: rgba(223, 223, 223, 0.3);\n}\n#banner-1710781684 .overlay {\n  background-color: rgba(255, 255, 255, 0.78);\n}\n@media (min-width:550px) {\n  #banner-1710781684 {\n    padding-top: 507px;\n  }\n}\n<\/style>\n  <\/div>\n\n\n<div class=\"row\"  id=\"row-2039526348\">\n\n\t<div id=\"col-1520699369\" class=\"col small-12 large-12\"  >\n\t\t\t\t<div class=\"col-inner\"  >\n\t\t\t\n\t\t\t\n<div class=\"searchform-wrapper ux-search-box relative form-flat is-normal\"><form role=\"search\" method=\"get\" class=\"searchform\" action=\"https:\/\/www.heddata.se\/webbutik\/\">\n\t<div class=\"flex-row relative\">\n\t\t\t\t\t<div class=\"flex-col search-form-categories\">\n\t\t\t\t<select class=\"search_categories resize-select mb-0\" name=\"product_cat\"><option value=\"\" selected='selected'>All<\/option><option value=\"antenn\">Antenn<\/option><option value=\"batterier\">Batterier<\/option><option value=\"blackpatroner-toners\">Bl\u00e4ckpatroner &amp; Toners<\/option><option value=\"datorer-tillbehor\">Datorer &amp; tillbeh\u00f6r<\/option><option value=\"el\">EL<\/option><option value=\"fotopapper\">Fotopapper<\/option><option value=\"gaming\">Gaming<\/option><option value=\"hemelektronik\">Hemelektronik<\/option><option value=\"horlurar-headset\">H\u00f6rlurar &amp; headset<\/option><option value=\"kablar\">Kablar<\/option><option value=\"komponenter\">Komponenter<\/option><option value=\"kontorstillbehor\">Kontorstillbeh\u00f6r<\/option><option value=\"lagring\">Lagring<\/option><option value=\"larm-overvakning\">Larm &amp; \u00d6vervakning<\/option><option value=\"natverk\">N\u00e4tverk<\/option><option value=\"okategoriserad\">Okategoriserad<\/option><option value=\"ovrigt\">\u00d6vrigt<\/option><option value=\"programvara\">Programvara<\/option><option value=\"skarmar\">Sk\u00e4rmar<\/option><option value=\"skrivare\">Skrivare<\/option><option value=\"telefoner-surfplattor\">Telefoner &amp; Surfplattor<\/option><option value=\"telefontillbehor\">Telefontillbeh\u00f6r<\/option><option value=\"tillbehor-jaktradio\">Tillbeh\u00f6r Jaktradio<\/option><\/select>\t\t\t<\/div>\n\t\t\t\t\t\t<div class=\"flex-col flex-grow\">\n\t\t\t<label class=\"screen-reader-text\" for=\"woocommerce-product-search-field-0\">S\u00f6k efter:<\/label>\n\t\t\t<input type=\"search\" id=\"woocommerce-product-search-field-0\" class=\"search-field mb-0\" placeholder=\"Hitta produkt\" value=\"\" name=\"s\" \/>\n\t\t\t<input type=\"hidden\" name=\"post_type\" value=\"product\" \/>\n\t\t\t\t\t<\/div>\n\t\t<div class=\"flex-col\">\n\t\t\t<button type=\"submit\" value=\"S\u00f6k\" class=\"ux-search-submit submit-button secondary button  icon mb-0\" aria-label=\"Submit\">\n\t\t\t\t<i class=\"icon-search\" aria-hidden=\"true\"><\/i>\t\t\t<\/button>\n\t\t<\/div>\n\t<\/div>\n\t<div class=\"live-search-results text-left z-top\"><\/div>\n<\/form>\n<\/div>\n\t\t<\/div>\n\t\t\t\t\t<\/div>\n\n\t\n<\/div>\n<div class=\"container section-title-container\" ><h3 class=\"section-title section-title-bold-center\"><b aria-hidden=\"true\"><\/b><span class=\"section-title-main\" >produkter<\/span><b aria-hidden=\"true\"><\/b><\/h3><\/div>\n\t\n  \n    <div class=\"row  equalize-box large-columns-6 medium-columns-3 small-columns-2 row-normal\" >\n  <\/div>\n","protected":false},"excerpt":{"rendered":"","protected":false},"author":6,"featured_media":0,"parent":2160,"menu_order":0,"comment_status":"closed","ping_status":"closed","template":"page-blank.php","meta":{"footnotes":""},"class_list":["post-4225","page","type-page","status-publish","hentry"],"yoast_head":"<!-- This site is optimized with the Yoast SEO Premium plugin v26.7 (Yoast SEO v26.7) - https:\/\/yoast.com\/wordpress\/plugins\/seo\/ -->\n<title>Bl\u00e4ckstr\u00e5leskrivare. Maskiner som anv\u00e4nder flytande bl\u00e4ck<\/title>\n<meta name=\"description\" content=\"Bl\u00e4ckstr\u00e5leskrivare kan leverera mycket h\u00f6g kvalit\u00e9 p\u00e5 fotoutskrifter och klara och fina f\u00e4rger. De finns i alla olika former med varierande funktioer\" \/>\n<meta name=\"robots\" content=\"index, follow, max-snippet:-1, max-image-preview:large, max-video-preview:-1\" \/>\n<link rel=\"canonical\" href=\"https:\/\/www.heddata.se\/webbutik\/skrivare-blackstrale-monolaser\/blackstraleskrivare\/\" \/>\n<meta property=\"og:locale\" content=\"sv_SE\" \/>\n<meta property=\"og:type\" content=\"article\" \/>\n<meta property=\"og:title\" content=\"Bl\u00e4ckstr\u00e5leskrivare\" \/>\n<meta property=\"og:description\" content=\"Bl\u00e4ckstr\u00e5leskrivare kan leverera mycket h\u00f6g kvalit\u00e9 p\u00e5 fotoutskrifter och klara och fina f\u00e4rger. De finns i alla olika former med varierande funktioer\" \/>\n<meta property=\"og:url\" content=\"https:\/\/www.heddata.se\/webbutik\/skrivare-blackstrale-monolaser\/blackstraleskrivare\/\" \/>\n<meta property=\"og:site_name\" content=\"Datorer, Skrivare, F\u00e4rgpatroner, Mobiltelefoner\" \/>\n<meta property=\"article:modified_time\" content=\"2024-03-25T09:45:02+00:00\" \/>\n<meta name=\"twitter:card\" content=\"summary_large_image\" \/>\n<meta name=\"twitter:label1\" content=\"Ber\u00e4knad l\u00e4stid\" \/>\n\t<meta name=\"twitter:data1\" content=\"3 minuter\" \/>\n<script type=\"application\/ld+json\" class=\"yoast-schema-graph\">{\"@context\":\"https:\/\/schema.org\",\"@graph\":[{\"@type\":\"WebPage\",\"@id\":\"https:\/\/www.heddata.se\/webbutik\/skrivare-blackstrale-monolaser\/blackstraleskrivare\/\",\"url\":\"https:\/\/www.heddata.se\/webbutik\/skrivare-blackstrale-monolaser\/blackstraleskrivare\/\",\"name\":\"Bl\u00e4ckstr\u00e5leskrivare. Maskiner som anv\u00e4nder flytande bl\u00e4ck\",\"isPartOf\":{\"@id\":\"https:\/\/www.heddata.se\/webbutik\/#website\"},\"datePublished\":\"2019-11-05T12:32:29+00:00\",\"dateModified\":\"2024-03-25T09:45:02+00:00\",\"description\":\"Bl\u00e4ckstr\u00e5leskrivare kan leverera mycket h\u00f6g kvalit\u00e9 p\u00e5 fotoutskrifter och klara och fina f\u00e4rger. De finns i alla olika former med varierande funktioer\",\"breadcrumb\":{\"@id\":\"https:\/\/www.heddata.se\/webbutik\/skrivare-blackstrale-monolaser\/blackstraleskrivare\/#breadcrumb\"},\"inLanguage\":\"sv-SE\",\"potentialAction\":[{\"@type\":\"ReadAction\",\"target\":[\"https:\/\/www.heddata.se\/webbutik\/skrivare-blackstrale-monolaser\/blackstraleskrivare\/\"]}]},{\"@type\":\"BreadcrumbList\",\"@id\":\"https:\/\/www.heddata.se\/webbutik\/skrivare-blackstrale-monolaser\/blackstraleskrivare\/#breadcrumb\",\"itemListElement\":[{\"@type\":\"ListItem\",\"position\":1,\"name\":\"Hem\",\"item\":\"https:\/\/www.heddata.se\/webbutik\/\"},{\"@type\":\"ListItem\",\"position\":2,\"name\":\"Skrivare\",\"item\":\"https:\/\/www.heddata.se\/webbutik\/skrivare-blackstrale-monolaser\/\"},{\"@type\":\"ListItem\",\"position\":3,\"name\":\"Bl\u00e4ckstr\u00e5leskrivare\"}]},{\"@type\":\"WebSite\",\"@id\":\"https:\/\/www.heddata.se\/webbutik\/#website\",\"url\":\"https:\/\/www.heddata.se\/webbutik\/\",\"name\":\"Datorer, Skrivare, F\u00e4rgpatroner, Mobiltelefoner\",\"description\":\"Kablar\",\"publisher\":{\"@id\":\"https:\/\/www.heddata.se\/webbutik\/#organization\"},\"potentialAction\":[{\"@type\":\"SearchAction\",\"target\":{\"@type\":\"EntryPoint\",\"urlTemplate\":\"https:\/\/www.heddata.se\/webbutik\/?s={search_term_string}\"},\"query-input\":{\"@type\":\"PropertyValueSpecification\",\"valueRequired\":true,\"valueName\":\"search_term_string\"}}],\"inLanguage\":\"sv-SE\"},{\"@type\":\"Organization\",\"@id\":\"https:\/\/www.heddata.se\/webbutik\/#organization\",\"name\":\"Heddata AB\",\"url\":\"https:\/\/www.heddata.se\/webbutik\/\",\"logo\":{\"@type\":\"ImageObject\",\"inLanguage\":\"sv-SE\",\"@id\":\"https:\/\/www.heddata.se\/webbutik\/#\/schema\/logo\/image\/\",\"url\":\"https:\/\/www.heddata.se\/webbutik\/wp-content\/uploads\/logga\/heddata-ab-logga.png\",\"contentUrl\":\"https:\/\/www.heddata.se\/webbutik\/wp-content\/uploads\/logga\/heddata-ab-logga.png\",\"width\":200,\"height\":64,\"caption\":\"Heddata AB\"},\"image\":{\"@id\":\"https:\/\/www.heddata.se\/webbutik\/#\/schema\/logo\/image\/\"}}]}<\/script>\n<!-- \/ Yoast SEO Premium plugin. -->","yoast_head_json":{"title":"Bl\u00e4ckstr\u00e5leskrivare. Maskiner som anv\u00e4nder flytande bl\u00e4ck","description":"Bl\u00e4ckstr\u00e5leskrivare kan leverera mycket h\u00f6g kvalit\u00e9 p\u00e5 fotoutskrifter och klara och fina f\u00e4rger. De finns i alla olika former med varierande funktioer","robots":{"index":"index","follow":"follow","max-snippet":"max-snippet:-1","max-image-preview":"max-image-preview:large","max-video-preview":"max-video-preview:-1"},"canonical":"https:\/\/www.heddata.se\/webbutik\/skrivare-blackstrale-monolaser\/blackstraleskrivare\/","og_locale":"sv_SE","og_type":"article","og_title":"Bl\u00e4ckstr\u00e5leskrivare","og_description":"Bl\u00e4ckstr\u00e5leskrivare kan leverera mycket h\u00f6g kvalit\u00e9 p\u00e5 fotoutskrifter och klara och fina f\u00e4rger. De finns i alla olika former med varierande funktioer","og_url":"https:\/\/www.heddata.se\/webbutik\/skrivare-blackstrale-monolaser\/blackstraleskrivare\/","og_site_name":"Datorer, Skrivare, F\u00e4rgpatroner, Mobiltelefoner","article_modified_time":"2024-03-25T09:45:02+00:00","twitter_card":"summary_large_image","twitter_misc":{"Ber\u00e4knad l\u00e4stid":"3 minuter"},"schema":{"@context":"https:\/\/schema.org","@graph":[{"@type":"WebPage","@id":"https:\/\/www.heddata.se\/webbutik\/skrivare-blackstrale-monolaser\/blackstraleskrivare\/","url":"https:\/\/www.heddata.se\/webbutik\/skrivare-blackstrale-monolaser\/blackstraleskrivare\/","name":"Bl\u00e4ckstr\u00e5leskrivare. Maskiner som anv\u00e4nder flytande bl\u00e4ck","isPartOf":{"@id":"https:\/\/www.heddata.se\/webbutik\/#website"},"datePublished":"2019-11-05T12:32:29+00:00","dateModified":"2024-03-25T09:45:02+00:00","description":"Bl\u00e4ckstr\u00e5leskrivare kan leverera mycket h\u00f6g kvalit\u00e9 p\u00e5 fotoutskrifter och klara och fina f\u00e4rger. De finns i alla olika former med varierande funktioer","breadcrumb":{"@id":"https:\/\/www.heddata.se\/webbutik\/skrivare-blackstrale-monolaser\/blackstraleskrivare\/#breadcrumb"},"inLanguage":"sv-SE","potentialAction":[{"@type":"ReadAction","target":["https:\/\/www.heddata.se\/webbutik\/skrivare-blackstrale-monolaser\/blackstraleskrivare\/"]}]},{"@type":"BreadcrumbList","@id":"https:\/\/www.heddata.se\/webbutik\/skrivare-blackstrale-monolaser\/blackstraleskrivare\/#breadcrumb","itemListElement":[{"@type":"ListItem","position":1,"name":"Hem","item":"https:\/\/www.heddata.se\/webbutik\/"},{"@type":"ListItem","position":2,"name":"Skrivare","item":"https:\/\/www.heddata.se\/webbutik\/skrivare-blackstrale-monolaser\/"},{"@type":"ListItem","position":3,"name":"Bl\u00e4ckstr\u00e5leskrivare"}]},{"@type":"WebSite","@id":"https:\/\/www.heddata.se\/webbutik\/#website","url":"https:\/\/www.heddata.se\/webbutik\/","name":"Datorer, Skrivare, F\u00e4rgpatroner, Mobiltelefoner","description":"Kablar","publisher":{"@id":"https:\/\/www.heddata.se\/webbutik\/#organization"},"potentialAction":[{"@type":"SearchAction","target":{"@type":"EntryPoint","urlTemplate":"https:\/\/www.heddata.se\/webbutik\/?s={search_term_string}"},"query-input":{"@type":"PropertyValueSpecification","valueRequired":true,"valueName":"search_term_string"}}],"inLanguage":"sv-SE"},{"@type":"Organization","@id":"https:\/\/www.heddata.se\/webbutik\/#organization","name":"Heddata AB","url":"https:\/\/www.heddata.se\/webbutik\/","logo":{"@type":"ImageObject","inLanguage":"sv-SE","@id":"https:\/\/www.heddata.se\/webbutik\/#\/schema\/logo\/image\/","url":"https:\/\/www.heddata.se\/webbutik\/wp-content\/uploads\/logga\/heddata-ab-logga.png","contentUrl":"https:\/\/www.heddata.se\/webbutik\/wp-content\/uploads\/logga\/heddata-ab-logga.png","width":200,"height":64,"caption":"Heddata AB"},"image":{"@id":"https:\/\/www.heddata.se\/webbutik\/#\/schema\/logo\/image\/"}}]}},"_links":{"self":[{"href":"https:\/\/www.heddata.se\/webbutik\/wp-json\/wp\/v2\/pages\/4225","targetHints":{"allow":["GET"]}}],"collection":[{"href":"https:\/\/www.heddata.se\/webbutik\/wp-json\/wp\/v2\/pages"}],"about":[{"href":"https:\/\/www.heddata.se\/webbutik\/wp-json\/wp\/v2\/types\/page"}],"author":[{"embeddable":true,"href":"https:\/\/www.heddata.se\/webbutik\/wp-json\/wp\/v2\/users\/6"}],"replies":[{"embeddable":true,"href":"https:\/\/www.heddata.se\/webbutik\/wp-json\/wp\/v2\/comments?post=4225"}],"version-history":[{"count":25,"href":"https:\/\/www.heddata.se\/webbutik\/wp-json\/wp\/v2\/pages\/4225\/revisions"}],"predecessor-version":[{"id":95331,"href":"https:\/\/www.heddata.se\/webbutik\/wp-json\/wp\/v2\/pages\/4225\/revisions\/95331"}],"up":[{"embeddable":true,"href":"https:\/\/www.heddata.se\/webbutik\/wp-json\/wp\/v2\/pages\/2160"}],"wp:attachment":[{"href":"https:\/\/www.heddata.se\/webbutik\/wp-json\/wp\/v2\/media?parent=4225"}],"curies":[{"name":"wp","href":"https:\/\/api.w.org\/{rel}","templated":true}]}}