{"id":2865,"date":"2019-10-11T15:28:31","date_gmt":"2019-10-11T13:28:31","guid":{"rendered":"https:\/\/www.heddata.se\/webbutik\/?page_id=2865"},"modified":"2019-11-05T11:01:36","modified_gmt":"2019-11-05T10:01:36","slug":"kompatibla-blackpatroner-toner","status":"publish","type":"page","link":"https:\/\/www.heddata.se\/webbutik\/blackpatroner-toners\/kompatibla-blackpatroner-toner\/","title":{"rendered":"Kompatibla Bl\u00e4ckpatroner &#038; Toner"},"content":{"rendered":"\n  <div class=\"banner has-hover\" id=\"banner-1107369940\">\n          <div class=\"banner-inner fill\">\n        <div class=\"banner-bg fill\" >\n                                    <div class=\"overlay\"><\/div>            \n                    <\/div>\n\t\t\n        <div class=\"banner-layers container\">\n            <div class=\"fill banner-link\"><\/div>            \n   <div id=\"text-box-1120492444\" class=\"text-box banner-layer x5 md-x5 lg-x5 y50 md-y50 lg-y50 res-text\">\n                     <div data-animate=\"fadeInUp\">           <div class=\"text-box-content text dark\">\n              \n              <div class=\"text-inner text-left\">\n                  \n<h3 class=\"uppercase thin-font\">Kompatibla Bl\u00e4ckpatroner &amp; toners<\/h3>\n<h5 class=\"uppercase thin-font\"><span style=\"font-size: 120%;\">Vad \u00e4r det f\u00f6r skillnad p\u00e5 en Kompatibel och en Original b\u00e4ckpatron eller toner?<\/span><\/h5>\n<p><span style=\"font-size: 105%;\">Dessa kompatibla bl\u00e4ckpatroner och toner fr\u00e5n <strong>MMPS\u00a0<\/strong>(MM Printer Supplies) kan du k\u00f6pa f\u00f6r ett billigare pris p\u00e5grund av att de inte \u00e4r producerade av din skrivares tillverkare. Dessa produkter produceras i EU, och \u00e4r d\u00e4rf\u00f6r ett milj\u00f6v\u00e4nligt alternativ d\u00e5 de inte beh\u00f6ver fraktas \u00f6ver halva jordklotet f\u00f6r att komma fram till \u00e5terf\u00f6rs\u00e4ljaren.<\/span><\/p>\n<h5 class=\"uppercase thin-font\"><span style=\"font-size: 120%;\">Vad ska man d\u00e5 v\u00e4lja?<\/span><\/h5>\n<p><span style=\"font-size: 105%;\">En kompatibel enheterna passar lika bra i sin skrivare och h\u00e5ller bra kvalit\u00e9. Sj\u00e4lvklart kommer Original-produkterna alltid att vara sn\u00e4ppet vassare, d\u00e5 maskintillverkarna h\u00e5ller den exakta sammans\u00e4ttningen av bl\u00e4cket f\u00f6r sig sj\u00e4lva. Ska du d\u00e4rf\u00f6r skriva ut bilder och tryck \u00e4r en original komponent att rekommendera. <\/span><br \/>\n<span style=\"font-size: 105%;\">Med det sagt s\u00e5 fungerar kompatibla patroner eller toner v\u00e4ldigt bra f\u00f6r normalbruk, och du sparar in en del slantar.<\/span><\/p>\n              <\/div>\n           <\/div>\n       <\/div>                     \n<style>\n#text-box-1120492444 .text-box-content {\n  background-color: rgba(73, 73, 73, 0.51);\n  font-size: 100%;\n}\n#text-box-1120492444 .text-inner {\n  padding: 10px 10px 10px 10px;\n}\n#text-box-1120492444 {\n  width: 84%;\n}\n<\/style>\n    <\/div>\n \n   <div id=\"text-box-699197600\" class=\"text-box banner-layer text-box-circle x100 md-x100 lg-x100 y95 md-y95 lg-y95 res-text\">\n                     <div data-animate=\"fadeInRight\">           <div class=\"text-box-content text dark\">\n              \n              <div class=\"text-inner text-center\">\n                  \n<p class=\"uppercase\"><span style=\"font-size: 100%;\">2 \u00e5rs garanti g\u00e4ller vid k\u00f6p av MMPS Kompatibla bl\u00e4ckpatroner eller Toner<\/span><\/p>\n              <\/div>\n           <\/div>\n       <\/div>                     \n<style>\n#text-box-699197600 .text-box-content {\n  background-color: rgba(0, 0, 0, 0.69);\n  font-size: 79%;\n  transform: rotate(-15deg);\n}\n#text-box-699197600 {\n  width: 14%;\n}\n<\/style>\n    <\/div>\n \n        <\/div>\n      <\/div>\n\n            \n<style>\n#banner-1107369940 {\n  padding-top: 501px;\n}\n#banner-1107369940 .overlay {\n  background-color: rgba(255, 255, 255, 0.63);\n}\n#banner-1107369940 .banner-bg img {\n  object-position: 0% 70%;\n}\n<\/style>\n  <\/div>\n\n\n<div class=\"row\"  id=\"row-1940919471\">\n\n\t<div id=\"col-1433264402\" class=\"col small-12 large-12\"  >\n\t\t\t\t<div class=\"col-inner\"  >\n\t\t\t\n\t\t\t\n<div class=\"searchform-wrapper ux-search-box relative form-flat is-large\"><form role=\"search\" method=\"get\" class=\"searchform\" action=\"https:\/\/www.heddata.se\/webbutik\/\">\n\t<div class=\"flex-row relative\">\n\t\t\t\t\t<div class=\"flex-col search-form-categories\">\n\t\t\t\t<select class=\"search_categories resize-select mb-0\" name=\"product_cat\"><option value=\"\" selected='selected'>All<\/option><option value=\"antenn\">Antenn<\/option><option value=\"batterier\">Batterier<\/option><option value=\"blackpatroner-toners\">Bl\u00e4ckpatroner &amp; Toners<\/option><option value=\"datorer-tillbehor\">Datorer &amp; tillbeh\u00f6r<\/option><option value=\"el\">EL<\/option><option value=\"fotopapper\">Fotopapper<\/option><option value=\"gaming\">Gaming<\/option><option value=\"hemelektronik\">Hemelektronik<\/option><option value=\"horlurar-headset\">H\u00f6rlurar &amp; headset<\/option><option value=\"kablar\">Kablar<\/option><option value=\"komponenter\">Komponenter<\/option><option value=\"kontorstillbehor\">Kontorstillbeh\u00f6r<\/option><option value=\"lagring\">Lagring<\/option><option value=\"larm-overvakning\">Larm &amp; \u00d6vervakning<\/option><option value=\"natverk\">N\u00e4tverk<\/option><option value=\"okategoriserad\">Okategoriserad<\/option><option value=\"ovrigt\">\u00d6vrigt<\/option><option value=\"programvara\">Programvara<\/option><option value=\"skarmar\">Sk\u00e4rmar<\/option><option value=\"skrivare\">Skrivare<\/option><option value=\"telefoner-surfplattor\">Telefoner &amp; Surfplattor<\/option><option value=\"telefontillbehor\">Telefontillbeh\u00f6r<\/option><option value=\"tillbehor-jaktradio\">Tillbeh\u00f6r Jaktradio<\/option><\/select>\t\t\t<\/div>\n\t\t\t\t\t\t<div class=\"flex-col flex-grow\">\n\t\t\t<label class=\"screen-reader-text\" for=\"woocommerce-product-search-field-0\">S\u00f6k efter:<\/label>\n\t\t\t<input type=\"search\" id=\"woocommerce-product-search-field-0\" class=\"search-field mb-0\" placeholder=\"Hitta produkt\" value=\"\" name=\"s\" \/>\n\t\t\t<input type=\"hidden\" name=\"post_type\" value=\"product\" \/>\n\t\t\t\t\t<\/div>\n\t\t<div class=\"flex-col\">\n\t\t\t<button type=\"submit\" value=\"S\u00f6k\" class=\"ux-search-submit submit-button secondary button  icon mb-0\" aria-label=\"Submit\">\n\t\t\t\t<i class=\"icon-search\" aria-hidden=\"true\"><\/i>\t\t\t<\/button>\n\t\t<\/div>\n\t<\/div>\n\t<div class=\"live-search-results text-left z-top\"><\/div>\n<\/form>\n<\/div>\n\t\t<\/div>\n\t\t\t\t\t<\/div>\n\n\t\n<\/div>\n<div class=\"container section-title-container\" ><h3 class=\"section-title section-title-bold-center\"><b aria-hidden=\"true\"><\/b><span class=\"section-title-main\" >Urval av produkter<\/span><b aria-hidden=\"true\"><\/b><\/h3><\/div>\n","protected":false},"excerpt":{"rendered":"","protected":false},"author":6,"featured_media":0,"parent":2122,"menu_order":2,"comment_status":"closed","ping_status":"closed","template":"page-blank.php","meta":{"footnotes":""},"class_list":["post-2865","page","type-page","status-publish","hentry"],"yoast_head":"<!-- This site is optimized with the Yoast SEO Premium plugin v26.7 (Yoast SEO v26.7) - https:\/\/yoast.com\/wordpress\/plugins\/seo\/ -->\n<title>Kompatibla bl\u00e4ckpatroner och toner fr\u00e5n MMPS. Ett billigare alternativ<\/title>\n<meta name=\"description\" content=\"Kompatibla bl\u00e4ckpatroner &amp; toner. Dessa kan du k\u00f6pa f\u00f6r ett billigare pris p\u00e5grund av att de inte \u00e4r producerade av din skrivares tillverkare.\" \/>\n<meta name=\"robots\" content=\"index, follow, max-snippet:-1, max-image-preview:large, max-video-preview:-1\" \/>\n<link rel=\"canonical\" href=\"https:\/\/www.heddata.se\/webbutik\/blackpatroner-toners\/kompatibla-blackpatroner-toner\/\" \/>\n<meta property=\"og:locale\" content=\"sv_SE\" \/>\n<meta property=\"og:type\" content=\"article\" \/>\n<meta property=\"og:title\" content=\"Kompatibla Bl\u00e4ckpatroner &amp; Toner\" \/>\n<meta property=\"og:description\" content=\"Kompatibla bl\u00e4ckpatroner &amp; toner. Dessa kan du k\u00f6pa f\u00f6r ett billigare pris p\u00e5grund av att de inte \u00e4r producerade av din skrivares tillverkare.\" \/>\n<meta property=\"og:url\" content=\"https:\/\/www.heddata.se\/webbutik\/blackpatroner-toners\/kompatibla-blackpatroner-toner\/\" \/>\n<meta property=\"og:site_name\" content=\"Datorer, Skrivare, F\u00e4rgpatroner, Mobiltelefoner\" \/>\n<meta property=\"article:modified_time\" content=\"2019-11-05T10:01:36+00:00\" \/>\n<meta name=\"twitter:card\" content=\"summary_large_image\" \/>\n<meta name=\"twitter:label1\" content=\"Ber\u00e4knad l\u00e4stid\" \/>\n\t<meta name=\"twitter:data1\" content=\"1 minut\" \/>\n<script type=\"application\/ld+json\" class=\"yoast-schema-graph\">{\"@context\":\"https:\/\/schema.org\",\"@graph\":[{\"@type\":\"WebPage\",\"@id\":\"https:\/\/www.heddata.se\/webbutik\/blackpatroner-toners\/kompatibla-blackpatroner-toner\/\",\"url\":\"https:\/\/www.heddata.se\/webbutik\/blackpatroner-toners\/kompatibla-blackpatroner-toner\/\",\"name\":\"Kompatibla bl\u00e4ckpatroner och toner fr\u00e5n MMPS. Ett billigare alternativ\",\"isPartOf\":{\"@id\":\"https:\/\/www.heddata.se\/webbutik\/#website\"},\"datePublished\":\"2019-10-11T13:28:31+00:00\",\"dateModified\":\"2019-11-05T10:01:36+00:00\",\"description\":\"Kompatibla bl\u00e4ckpatroner & toner. Dessa kan du k\u00f6pa f\u00f6r ett billigare pris p\u00e5grund av att de inte \u00e4r producerade av din skrivares tillverkare.\",\"breadcrumb\":{\"@id\":\"https:\/\/www.heddata.se\/webbutik\/blackpatroner-toners\/kompatibla-blackpatroner-toner\/#breadcrumb\"},\"inLanguage\":\"sv-SE\",\"potentialAction\":[{\"@type\":\"ReadAction\",\"target\":[\"https:\/\/www.heddata.se\/webbutik\/blackpatroner-toners\/kompatibla-blackpatroner-toner\/\"]}]},{\"@type\":\"BreadcrumbList\",\"@id\":\"https:\/\/www.heddata.se\/webbutik\/blackpatroner-toners\/kompatibla-blackpatroner-toner\/#breadcrumb\",\"itemListElement\":[{\"@type\":\"ListItem\",\"position\":1,\"name\":\"Hem\",\"item\":\"https:\/\/www.heddata.se\/webbutik\/\"},{\"@type\":\"ListItem\",\"position\":2,\"name\":\"Bl\u00e4ckpatroner &#038; toners\",\"item\":\"https:\/\/www.heddata.se\/webbutik\/blackpatroner-toners\/\"},{\"@type\":\"ListItem\",\"position\":3,\"name\":\"Kompatibla Bl\u00e4ckpatroner &#038; Toner\"}]},{\"@type\":\"WebSite\",\"@id\":\"https:\/\/www.heddata.se\/webbutik\/#website\",\"url\":\"https:\/\/www.heddata.se\/webbutik\/\",\"name\":\"Datorer, Skrivare, F\u00e4rgpatroner, Mobiltelefoner\",\"description\":\"Kablar\",\"publisher\":{\"@id\":\"https:\/\/www.heddata.se\/webbutik\/#organization\"},\"potentialAction\":[{\"@type\":\"SearchAction\",\"target\":{\"@type\":\"EntryPoint\",\"urlTemplate\":\"https:\/\/www.heddata.se\/webbutik\/?s={search_term_string}\"},\"query-input\":{\"@type\":\"PropertyValueSpecification\",\"valueRequired\":true,\"valueName\":\"search_term_string\"}}],\"inLanguage\":\"sv-SE\"},{\"@type\":\"Organization\",\"@id\":\"https:\/\/www.heddata.se\/webbutik\/#organization\",\"name\":\"Heddata AB\",\"url\":\"https:\/\/www.heddata.se\/webbutik\/\",\"logo\":{\"@type\":\"ImageObject\",\"inLanguage\":\"sv-SE\",\"@id\":\"https:\/\/www.heddata.se\/webbutik\/#\/schema\/logo\/image\/\",\"url\":\"https:\/\/www.heddata.se\/webbutik\/wp-content\/uploads\/logga\/heddata-ab-logga.png\",\"contentUrl\":\"https:\/\/www.heddata.se\/webbutik\/wp-content\/uploads\/logga\/heddata-ab-logga.png\",\"width\":200,\"height\":64,\"caption\":\"Heddata AB\"},\"image\":{\"@id\":\"https:\/\/www.heddata.se\/webbutik\/#\/schema\/logo\/image\/\"}}]}<\/script>\n<!-- \/ Yoast SEO Premium plugin. -->","yoast_head_json":{"title":"Kompatibla bl\u00e4ckpatroner och toner fr\u00e5n MMPS. Ett billigare alternativ","description":"Kompatibla bl\u00e4ckpatroner & toner. Dessa kan du k\u00f6pa f\u00f6r ett billigare pris p\u00e5grund av att de inte \u00e4r producerade av din skrivares tillverkare.","robots":{"index":"index","follow":"follow","max-snippet":"max-snippet:-1","max-image-preview":"max-image-preview:large","max-video-preview":"max-video-preview:-1"},"canonical":"https:\/\/www.heddata.se\/webbutik\/blackpatroner-toners\/kompatibla-blackpatroner-toner\/","og_locale":"sv_SE","og_type":"article","og_title":"Kompatibla Bl\u00e4ckpatroner & Toner","og_description":"Kompatibla bl\u00e4ckpatroner & toner. Dessa kan du k\u00f6pa f\u00f6r ett billigare pris p\u00e5grund av att de inte \u00e4r producerade av din skrivares tillverkare.","og_url":"https:\/\/www.heddata.se\/webbutik\/blackpatroner-toners\/kompatibla-blackpatroner-toner\/","og_site_name":"Datorer, Skrivare, F\u00e4rgpatroner, Mobiltelefoner","article_modified_time":"2019-11-05T10:01:36+00:00","twitter_card":"summary_large_image","twitter_misc":{"Ber\u00e4knad l\u00e4stid":"1 minut"},"schema":{"@context":"https:\/\/schema.org","@graph":[{"@type":"WebPage","@id":"https:\/\/www.heddata.se\/webbutik\/blackpatroner-toners\/kompatibla-blackpatroner-toner\/","url":"https:\/\/www.heddata.se\/webbutik\/blackpatroner-toners\/kompatibla-blackpatroner-toner\/","name":"Kompatibla bl\u00e4ckpatroner och toner fr\u00e5n MMPS. Ett billigare alternativ","isPartOf":{"@id":"https:\/\/www.heddata.se\/webbutik\/#website"},"datePublished":"2019-10-11T13:28:31+00:00","dateModified":"2019-11-05T10:01:36+00:00","description":"Kompatibla bl\u00e4ckpatroner & toner. Dessa kan du k\u00f6pa f\u00f6r ett billigare pris p\u00e5grund av att de inte \u00e4r producerade av din skrivares tillverkare.","breadcrumb":{"@id":"https:\/\/www.heddata.se\/webbutik\/blackpatroner-toners\/kompatibla-blackpatroner-toner\/#breadcrumb"},"inLanguage":"sv-SE","potentialAction":[{"@type":"ReadAction","target":["https:\/\/www.heddata.se\/webbutik\/blackpatroner-toners\/kompatibla-blackpatroner-toner\/"]}]},{"@type":"BreadcrumbList","@id":"https:\/\/www.heddata.se\/webbutik\/blackpatroner-toners\/kompatibla-blackpatroner-toner\/#breadcrumb","itemListElement":[{"@type":"ListItem","position":1,"name":"Hem","item":"https:\/\/www.heddata.se\/webbutik\/"},{"@type":"ListItem","position":2,"name":"Bl\u00e4ckpatroner &#038; toners","item":"https:\/\/www.heddata.se\/webbutik\/blackpatroner-toners\/"},{"@type":"ListItem","position":3,"name":"Kompatibla Bl\u00e4ckpatroner &#038; Toner"}]},{"@type":"WebSite","@id":"https:\/\/www.heddata.se\/webbutik\/#website","url":"https:\/\/www.heddata.se\/webbutik\/","name":"Datorer, Skrivare, F\u00e4rgpatroner, Mobiltelefoner","description":"Kablar","publisher":{"@id":"https:\/\/www.heddata.se\/webbutik\/#organization"},"potentialAction":[{"@type":"SearchAction","target":{"@type":"EntryPoint","urlTemplate":"https:\/\/www.heddata.se\/webbutik\/?s={search_term_string}"},"query-input":{"@type":"PropertyValueSpecification","valueRequired":true,"valueName":"search_term_string"}}],"inLanguage":"sv-SE"},{"@type":"Organization","@id":"https:\/\/www.heddata.se\/webbutik\/#organization","name":"Heddata AB","url":"https:\/\/www.heddata.se\/webbutik\/","logo":{"@type":"ImageObject","inLanguage":"sv-SE","@id":"https:\/\/www.heddata.se\/webbutik\/#\/schema\/logo\/image\/","url":"https:\/\/www.heddata.se\/webbutik\/wp-content\/uploads\/logga\/heddata-ab-logga.png","contentUrl":"https:\/\/www.heddata.se\/webbutik\/wp-content\/uploads\/logga\/heddata-ab-logga.png","width":200,"height":64,"caption":"Heddata AB"},"image":{"@id":"https:\/\/www.heddata.se\/webbutik\/#\/schema\/logo\/image\/"}}]}},"_links":{"self":[{"href":"https:\/\/www.heddata.se\/webbutik\/wp-json\/wp\/v2\/pages\/2865","targetHints":{"allow":["GET"]}}],"collection":[{"href":"https:\/\/www.heddata.se\/webbutik\/wp-json\/wp\/v2\/pages"}],"about":[{"href":"https:\/\/www.heddata.se\/webbutik\/wp-json\/wp\/v2\/types\/page"}],"author":[{"embeddable":true,"href":"https:\/\/www.heddata.se\/webbutik\/wp-json\/wp\/v2\/users\/6"}],"replies":[{"embeddable":true,"href":"https:\/\/www.heddata.se\/webbutik\/wp-json\/wp\/v2\/comments?post=2865"}],"version-history":[{"count":17,"href":"https:\/\/www.heddata.se\/webbutik\/wp-json\/wp\/v2\/pages\/2865\/revisions"}],"predecessor-version":[{"id":2871,"href":"https:\/\/www.heddata.se\/webbutik\/wp-json\/wp\/v2\/pages\/2865\/revisions\/2871"}],"up":[{"embeddable":true,"href":"https:\/\/www.heddata.se\/webbutik\/wp-json\/wp\/v2\/pages\/2122"}],"wp:attachment":[{"href":"https:\/\/www.heddata.se\/webbutik\/wp-json\/wp\/v2\/media?parent=2865"}],"curies":[{"name":"wp","href":"https:\/\/api.w.org\/{rel}","templated":true}]}}